{"id":9999,"date":"2014-07-29T13:57:17","date_gmt":"2014-07-29T13:57:17","guid":{"rendered":"http:\/\/192.168.100.222\/target_carts\/wordpress\/wordpress495\/wordpress\/?product=abs-sensorin-kalvin-kuorma-autolle"},"modified":"2023-01-04T23:26:02","modified_gmt":"2023-01-04T21:26:02","slug":"abs-sensorin-kalvin-kuorma-autolle","status":"publish","type":"product","link":"https:\/\/silikotek.sapartners.site\/index.php\/tuote\/abs-sensorin-kalvin-kuorma-autolle\/","title":{"rendered":"Kstools ABS-sensorin kalvin kuorma-autolle 450.0340"},"content":{"rendered":"<ul>\n<li class=\"liste\">ABS sensorsin asennuskierteiden puhdistamiseen<\/li>\n<li class=\"liste\">Kiinnitett\u00e4v\u00e4ll\u00e4 nivelell\u00e4<\/li>\n<\/ul>\n<p><strong>Tekniset tiedot<\/strong><br \/>\nHalkaisija: 18,0mm<br \/>\nPaino: 180g<br \/>\nKokonaispituus L1: 150.0mm<br \/>\nKokonaispituus L2 in mm: 45.0mm<br \/>\nMateriaali: special steel<\/p>\n","protected":false},"excerpt":{"rendered":"<p>ABS sensorsin asennuskierteiden puhdistamiseen Kiinnitett\u00e4v\u00e4ll\u00e4 nivelell\u00e4 Tekniset tiedot Halkaisija: 18,0mm Paino: 180g Kokonaispituus L1: 150.0mm Kokonaispituus L2 in mm: 45.0mm Materiaali: special steel<\/p>\n","protected":false},"featured_media":9998,"template":"","meta":{"_et_pb_use_builder":"","_et_pb_old_content":"","_et_gb_content_width":""},"pwb-brand":[1454],"product_brand":[],"product_cat":[748],"product_tag":[],"class_list":{"0":"post-9999","1":"product","2":"type-product","3":"status-publish","4":"has-post-thumbnail","6":"pwb-brand-kstools","7":"product_cat-jarru-tyokalut","9":"first","10":"instock","11":"taxable","12":"shipping-taxable","13":"purchasable","14":"product-type-simple"},"brands":[{"id":1454,"name":"Kstools","slug":"kstools"}],"_links":{"self":[{"href":"https:\/\/silikotek.sapartners.site\/index.php\/wp-json\/wp\/v2\/product\/9999","targetHints":{"allow":["GET"]}}],"collection":[{"href":"https:\/\/silikotek.sapartners.site\/index.php\/wp-json\/wp\/v2\/product"}],"about":[{"href":"https:\/\/silikotek.sapartners.site\/index.php\/wp-json\/wp\/v2\/types\/product"}],"wp:featuredmedia":[{"embeddable":true,"href":"https:\/\/silikotek.sapartners.site\/index.php\/wp-json\/wp\/v2\/media\/9998"}],"wp:attachment":[{"href":"https:\/\/silikotek.sapartners.site\/index.php\/wp-json\/wp\/v2\/media?parent=9999"}],"wp:term":[{"taxonomy":"pwb-brand","embeddable":true,"href":"https:\/\/silikotek.sapartners.site\/index.php\/wp-json\/wp\/v2\/pwb-brand?post=9999"},{"taxonomy":"product_brand","embeddable":true,"href":"https:\/\/silikotek.sapartners.site\/index.php\/wp-json\/wp\/v2\/product_brand?post=9999"},{"taxonomy":"product_cat","embeddable":true,"href":"https:\/\/silikotek.sapartners.site\/index.php\/wp-json\/wp\/v2\/product_cat?post=9999"},{"taxonomy":"product_tag","embeddable":true,"href":"https:\/\/silikotek.sapartners.site\/index.php\/wp-json\/wp\/v2\/product_tag?post=9999"}],"curies":[{"name":"wp","href":"https:\/\/api.w.org\/{rel}","templated":true}]}}