{"id":9867,"date":"2014-06-27T14:03:26","date_gmt":"2014-06-27T14:03:26","guid":{"rendered":"http:\/\/192.168.100.222\/target_carts\/wordpress\/wordpress495\/wordpress\/?product=oljynpaineen-tarkistuslaite"},"modified":"2018-09-19T13:18:38","modified_gmt":"2018-09-19T10:18:38","slug":"oljynpaineen-tarkistuslaite","status":"publish","type":"product","link":"https:\/\/silikotek.sapartners.site\/index.php\/tuote\/oljynpaineen-tarkistuslaite\/","title":{"rendered":"Kstools \u00d6ljynpaineen tarkistuslaite 150.1920"},"content":{"rendered":"<ul>\n<li class=\"liste\">Nopea, turvallinen ja ongelmaton moottorin \u00f6ljynpaineen testaus<\/li>\n<li class=\"liste\">Sis\u00e4lt\u00e4\u00e4 10 adapteria<\/li>\n<li class=\"liste\">V\u00e4rikoodaus: Musta= metrinen \/ Hopea = imperial<\/li>\n<li class=\"liste\">Painemittari \u00d8 80 mm kumisella p\u00e4\u00e4llysteell\u00e4<\/li>\n<li class=\"liste\">Joustava putki (L=1.3 m) taivutussuojalla, paineenalennusventtiilill ja pikaliittimell\u00e4<\/li>\n<li class=\"liste\">Kest\u00e4v\u00e4ss\u00e4 muovisessa s\u00e4ilytyslaatikossa<\/li>\n<\/ul>\n<p><strong>Tekniset tiedot<\/strong><br \/>\nPaino: 1890g<br \/>\nOsia: 12<\/p>\n<p><strong>Sis\u00e4lt\u00f6:<\/strong><br \/>\n150.1920-1 Ruuvi adapteri no 1, R1\/8&#8243;<br \/>\n150.1920-10\u00a0Ruuvi adapteri no 10, M18 x 1.5<br \/>\n150.1920-2\u00a0Ruuvi adapteri no 2, 1\/8&#8243; x 27 NPT<br \/>\n150.1920-3\u00a0Ruuvi adapteri no 3, 1\/4&#8243; x 18 NPT<br \/>\n150.1920-4 Ruuvi adapteri no 4, 3\/8&#8243; x 20 UNF<br \/>\n150.1920-5\u00a0Ruuvi adapteri no 5, 1\/2&#8243; x 20 UNF<br \/>\n150.1920-6\u00a0Ruuvi adapteri no 6, M10 x 1.0<br \/>\n150.1920-7 Ruuvi adapteri no 7, M12 x 1.5<br \/>\n150.1920-8\u00a0Ruuvi adapteri no 8, M14 x 1.5<br \/>\n150.1920-9 Ruuvi adapteri no 9, M16 x 1.5<br \/>\n150.1921 Painemittari putkella, 10 bar<br \/>\n150.1922 90\u00b0 Adapteri, taivutettu<\/p>\n","protected":false},"excerpt":{"rendered":"<p>Nopea, turvallinen ja ongelmaton moottorin \u00f6ljynpaineen testaus Sis\u00e4lt\u00e4\u00e4 10 adapteria V\u00e4rikoodaus: Musta= metrinen \/ Hopea = imperial Painemittari \u00d8 80 mm kumisella p\u00e4\u00e4llysteell\u00e4 Joustava putki (L=1.3 m) taivutussuojalla, paineenalennusventtiilill ja pikaliittimell\u00e4 Kest\u00e4v\u00e4ss\u00e4 muovisessa s\u00e4ilytyslaatikossa Tekniset tiedot Paino: 1890g Osia: 12 Sis\u00e4lt\u00f6: 150.1920-1 Ruuvi adapteri no 1, R1\/8&#8243; 150.1920-10\u00a0Ruuvi adapteri no 10, M18 x 1.5 150.1920-2\u00a0Ruuvi [&hellip;]<\/p>\n","protected":false},"featured_media":9866,"template":"","meta":{"_et_pb_use_builder":"","_et_pb_old_content":"","_et_gb_content_width":""},"pwb-brand":[1454],"product_brand":[],"product_cat":[750],"product_tag":[],"class_list":{"0":"post-9867","1":"product","2":"type-product","3":"status-publish","4":"has-post-thumbnail","6":"pwb-brand-kstools","7":"product_cat-oljyn-ja-nesteiden-huolto-tyokalut","9":"first","10":"instock","11":"taxable","12":"shipping-taxable","13":"purchasable","14":"product-type-simple"},"brands":[{"id":1454,"name":"Kstools","slug":"kstools"}],"_links":{"self":[{"href":"https:\/\/silikotek.sapartners.site\/index.php\/wp-json\/wp\/v2\/product\/9867","targetHints":{"allow":["GET"]}}],"collection":[{"href":"https:\/\/silikotek.sapartners.site\/index.php\/wp-json\/wp\/v2\/product"}],"about":[{"href":"https:\/\/silikotek.sapartners.site\/index.php\/wp-json\/wp\/v2\/types\/product"}],"wp:featuredmedia":[{"embeddable":true,"href":"https:\/\/silikotek.sapartners.site\/index.php\/wp-json\/wp\/v2\/media\/9866"}],"wp:attachment":[{"href":"https:\/\/silikotek.sapartners.site\/index.php\/wp-json\/wp\/v2\/media?parent=9867"}],"wp:term":[{"taxonomy":"pwb-brand","embeddable":true,"href":"https:\/\/silikotek.sapartners.site\/index.php\/wp-json\/wp\/v2\/pwb-brand?post=9867"},{"taxonomy":"product_brand","embeddable":true,"href":"https:\/\/silikotek.sapartners.site\/index.php\/wp-json\/wp\/v2\/product_brand?post=9867"},{"taxonomy":"product_cat","embeddable":true,"href":"https:\/\/silikotek.sapartners.site\/index.php\/wp-json\/wp\/v2\/product_cat?post=9867"},{"taxonomy":"product_tag","embeddable":true,"href":"https:\/\/silikotek.sapartners.site\/index.php\/wp-json\/wp\/v2\/product_tag?post=9867"}],"curies":[{"name":"wp","href":"https:\/\/api.w.org\/{rel}","templated":true}]}}