{"id":9321,"date":"2014-05-19T15:57:01","date_gmt":"2014-05-19T12:57:01","guid":{"rendered":"http:\/\/192.168.100.222\/target_carts\/wordpress\/wordpress495\/wordpress\/?product=sievi-offshore-xl-s3-turvasaapas-koot-39-47"},"modified":"2019-01-15T12:50:30","modified_gmt":"2019-01-15T10:50:30","slug":"sievi-offshore-xl-s3-turvasaapas-koot-39-47","status":"publish","type":"product","link":"https:\/\/silikotek.sapartners.site\/index.php\/tuote\/sievi-offshore-xl-s3-turvasaapas-koot-39-47\/","title":{"rendered":"Sievi Offshore S3 Turvasaappaat (koot 39 &#8211; 47 XL-lestill\u00e4)"},"content":{"rendered":"<div class=\"mobile-hidden\">\n<div class=\"productdata\">\n<div class=\"label\">Turvaluokitus: EN ISO 20345: S3 SRC<\/div>\n<\/div>\n<div class=\"productdata\">\n<div class=\"label\">Varvassuoja: Ter\u00e4s<\/div>\n<\/div>\n<div class=\"productdata\">\n<div class=\"label\">Naulaanastumissuoja: Ter\u00e4s<\/div>\n<\/div>\n<div class=\"productdata\">\n<div class=\"label\">Pohjamateriaali: 1-kerros PU<\/div>\n<\/div>\n<div class=\"productdata\">\n<div class=\"label\">P\u00e4\u00e4llismateriaali: PU-nahka<\/div>\n<\/div>\n<div class=\"productdata\">\n<div class=\"label\">Lesti: Koot 35 &#8211; 38 M-45 Normaali, Koot 39 &#8211; 47 M-47 XL<\/div>\n<\/div>\n<\/div>\n","protected":false},"excerpt":{"rendered":"<p>Puolivartiset saappaat varvas- ja naulaanastumissuojalla. Kest\u00e4v\u00e4\u00e4 ja vett\u00e4 hylkiv\u00e4\u00e4 PU-pinnoitettua nahkaa. Varren yl\u00e4osan vetolenkit helpottavat saappaiden pukemista.Ter\u00e4ksinen varvassuoja suojaa varpaita puristumiselta ja putoavilta esineilt\u00e4. Polyuretaanipohja on pit\u00e4v\u00e4 ja joustava sek\u00e4 kest\u00e4\u00e4 \u00f6ljy\u00e4 ja useita kemikaaleja. ESD-hyv\u00e4ksytty.<\/p>\n","protected":false},"featured_media":19124,"template":"","meta":{"_et_pb_use_builder":"","_et_pb_old_content":"","_et_gb_content_width":""},"pwb-brand":[1450],"product_brand":[],"product_cat":[720,726],"product_tag":[],"class_list":{"0":"post-9321","1":"product","2":"type-product","3":"status-publish","4":"has-post-thumbnail","6":"pwb-brand-sievin-jalkine","7":"product_cat-turvakengat","8":"product_cat-saappaat-turvakengat","9":"pa_kenkakoko-1025","10":"pa_kenkakoko-1026","11":"pa_kenkakoko-1027","12":"pa_kenkakoko-1028","13":"pa_kenkakoko-1016","14":"pa_kenkakoko-1017","15":"pa_kenkakoko-1018","16":"pa_kenkakoko-1019","17":"pa_kenkakoko-1020","18":"pa_kenkakoko-1021","19":"pa_kenkakoko-1022","20":"pa_kenkakoko-1023","21":"pa_kenkakoko-1024","23":"first","24":"instock","25":"taxable","26":"shipping-taxable","27":"purchasable","28":"product-type-variable"},"brands":[{"id":1450,"name":"Sievin Jalkine","slug":"sievin-jalkine"}],"_links":{"self":[{"href":"https:\/\/silikotek.sapartners.site\/index.php\/wp-json\/wp\/v2\/product\/9321","targetHints":{"allow":["GET"]}}],"collection":[{"href":"https:\/\/silikotek.sapartners.site\/index.php\/wp-json\/wp\/v2\/product"}],"about":[{"href":"https:\/\/silikotek.sapartners.site\/index.php\/wp-json\/wp\/v2\/types\/product"}],"wp:featuredmedia":[{"embeddable":true,"href":"https:\/\/silikotek.sapartners.site\/index.php\/wp-json\/wp\/v2\/media\/19124"}],"wp:attachment":[{"href":"https:\/\/silikotek.sapartners.site\/index.php\/wp-json\/wp\/v2\/media?parent=9321"}],"wp:term":[{"taxonomy":"pwb-brand","embeddable":true,"href":"https:\/\/silikotek.sapartners.site\/index.php\/wp-json\/wp\/v2\/pwb-brand?post=9321"},{"taxonomy":"product_brand","embeddable":true,"href":"https:\/\/silikotek.sapartners.site\/index.php\/wp-json\/wp\/v2\/product_brand?post=9321"},{"taxonomy":"product_cat","embeddable":true,"href":"https:\/\/silikotek.sapartners.site\/index.php\/wp-json\/wp\/v2\/product_cat?post=9321"},{"taxonomy":"product_tag","embeddable":true,"href":"https:\/\/silikotek.sapartners.site\/index.php\/wp-json\/wp\/v2\/product_tag?post=9321"}],"curies":[{"name":"wp","href":"https:\/\/api.w.org\/{rel}","templated":true}]}}