{"id":8392,"date":"2014-04-25T10:28:16","date_gmt":"2014-04-25T10:28:16","guid":{"rendered":"http:\/\/192.168.100.222\/target_carts\/wordpress\/wordpress495\/wordpress\/?product=kaapelileikkuri-1000v-korkeajannite"},"modified":"2023-01-04T23:26:02","modified_gmt":"2023-01-04T21:26:02","slug":"kaapelileikkuri-1000v-korkeajannite-1","status":"publish","type":"product","link":"https:\/\/silikotek.sapartners.site\/index.php\/tuote\/kaapelileikkuri-1000v-korkeajannite-1\/","title":{"rendered":"Kaapelileikkuri 1000V korkeaj\u00e4nnite"},"content":{"rendered":"<p>Kaapelileikkuri r\u00e4ik\u00e4ll\u00e4. Eristetyt kahvat IEC 60900. Leikkaa kupari ja alumiinikaapeleita 1000 mm2. Leikattavan kaapelin suurin halkaisija 80 mm. Kokonaispituus 530 mm. Paino 3150 g<\/p>\n","protected":false},"excerpt":{"rendered":"<p>Kaapelileikkuri r\u00e4ik\u00e4ll\u00e4 1000V korkeaj\u00e4nnite.<\/p>\n","protected":false},"featured_media":8391,"template":"","meta":{"_et_pb_use_builder":"","_et_pb_old_content":"","_et_gb_content_width":""},"pwb-brand":[],"product_brand":[],"product_cat":[922,464],"product_tag":[],"class_list":{"0":"post-8392","1":"product","2":"type-product","3":"status-publish","4":"has-post-thumbnail","6":"product_cat-kaapeli-ja-vaijerileikkurit","7":"product_cat-1000v-korkeajannitetyokalut","9":"first","10":"instock","11":"taxable","12":"shipping-taxable","13":"purchasable","14":"product-type-simple"},"brands":[],"_links":{"self":[{"href":"https:\/\/silikotek.sapartners.site\/index.php\/wp-json\/wp\/v2\/product\/8392","targetHints":{"allow":["GET"]}}],"collection":[{"href":"https:\/\/silikotek.sapartners.site\/index.php\/wp-json\/wp\/v2\/product"}],"about":[{"href":"https:\/\/silikotek.sapartners.site\/index.php\/wp-json\/wp\/v2\/types\/product"}],"wp:featuredmedia":[{"embeddable":true,"href":"https:\/\/silikotek.sapartners.site\/index.php\/wp-json\/wp\/v2\/media\/8391"}],"wp:attachment":[{"href":"https:\/\/silikotek.sapartners.site\/index.php\/wp-json\/wp\/v2\/media?parent=8392"}],"wp:term":[{"taxonomy":"pwb-brand","embeddable":true,"href":"https:\/\/silikotek.sapartners.site\/index.php\/wp-json\/wp\/v2\/pwb-brand?post=8392"},{"taxonomy":"product_brand","embeddable":true,"href":"https:\/\/silikotek.sapartners.site\/index.php\/wp-json\/wp\/v2\/product_brand?post=8392"},{"taxonomy":"product_cat","embeddable":true,"href":"https:\/\/silikotek.sapartners.site\/index.php\/wp-json\/wp\/v2\/product_cat?post=8392"},{"taxonomy":"product_tag","embeddable":true,"href":"https:\/\/silikotek.sapartners.site\/index.php\/wp-json\/wp\/v2\/product_tag?post=8392"}],"curies":[{"name":"wp","href":"https:\/\/api.w.org\/{rel}","templated":true}]}}