{"id":8256,"date":"2014-04-15T20:26:34","date_gmt":"2014-04-15T20:26:34","guid":{"rendered":"http:\/\/192.168.100.222\/target_carts\/wordpress\/wordpress495\/wordpress\/?product=jarrumannan-puristin-150-1965"},"modified":"2018-09-20T09:44:02","modified_gmt":"2018-09-20T06:44:02","slug":"jarrumannan-puristin-150-1965","status":"publish","type":"product","link":"https:\/\/silikotek.sapartners.site\/index.php\/tuote\/jarrumannan-puristin-150-1965\/","title":{"rendered":"Kstools Jarrum\u00e4nn\u00e4n puristin 150.1965"},"content":{"rendered":"<p>[et_pb_section bb_built=&#8221;1&#8243;][et_pb_row][et_pb_column type=&#8221;4_4&#8243;][et_pb_video _builder_version=&#8221;3.15&#8243; src=&#8221;https:\/\/www.youtube.com\/watch?v=S6XS2-uTOa8&amp;feature=youtu.be&#8221; \/][et_pb_text]<\/p>\n<p>Molempiin suuntiin py\u00f6riv\u00e4 jarrum\u00e4nn\u00e4n puristin. T\u00e4ll\u00e4 puristimella voidaan puristaa useimpien autojen jarrum\u00e4nti\u00e4 erikosvalmisteisen adapterin avulla.<\/p>\n<p>[\/et_pb_text][\/et_pb_column][\/et_pb_row][\/et_pb_section]<\/p>\n","protected":false},"excerpt":{"rendered":"<p>Jarrum\u00e4nn\u00e4n puristusty\u00f6kalu 150.1965 Kstools<\/p>\n","protected":false},"featured_media":8253,"template":"","meta":{"_et_pb_use_builder":"on","_et_pb_old_content":"<p>Molempiin suuntiin py\u00f6riv\u00e4 jarrum\u00e4nn\u00e4n puristin. T\u00e4ll\u00e4 puristimella voidaan puristaa useimpien autojen jarrum\u00e4nti\u00e4 erikosvalmisteisen adapterin avulla.<\/p>","_et_gb_content_width":""},"pwb-brand":[1454],"product_brand":[],"product_cat":[748],"product_tag":[],"class_list":{"0":"post-8256","1":"product","2":"type-product","3":"status-publish","4":"has-post-thumbnail","6":"pwb-brand-kstools","7":"product_cat-jarru-tyokalut","9":"first","10":"instock","11":"taxable","12":"shipping-taxable","13":"purchasable","14":"product-type-simple"},"brands":[{"id":1454,"name":"Kstools","slug":"kstools"}],"_links":{"self":[{"href":"https:\/\/silikotek.sapartners.site\/index.php\/wp-json\/wp\/v2\/product\/8256","targetHints":{"allow":["GET"]}}],"collection":[{"href":"https:\/\/silikotek.sapartners.site\/index.php\/wp-json\/wp\/v2\/product"}],"about":[{"href":"https:\/\/silikotek.sapartners.site\/index.php\/wp-json\/wp\/v2\/types\/product"}],"wp:featuredmedia":[{"embeddable":true,"href":"https:\/\/silikotek.sapartners.site\/index.php\/wp-json\/wp\/v2\/media\/8253"}],"wp:attachment":[{"href":"https:\/\/silikotek.sapartners.site\/index.php\/wp-json\/wp\/v2\/media?parent=8256"}],"wp:term":[{"taxonomy":"pwb-brand","embeddable":true,"href":"https:\/\/silikotek.sapartners.site\/index.php\/wp-json\/wp\/v2\/pwb-brand?post=8256"},{"taxonomy":"product_brand","embeddable":true,"href":"https:\/\/silikotek.sapartners.site\/index.php\/wp-json\/wp\/v2\/product_brand?post=8256"},{"taxonomy":"product_cat","embeddable":true,"href":"https:\/\/silikotek.sapartners.site\/index.php\/wp-json\/wp\/v2\/product_cat?post=8256"},{"taxonomy":"product_tag","embeddable":true,"href":"https:\/\/silikotek.sapartners.site\/index.php\/wp-json\/wp\/v2\/product_tag?post=8256"}],"curies":[{"name":"wp","href":"https:\/\/api.w.org\/{rel}","templated":true}]}}