{"id":7494,"date":"2014-03-31T10:48:09","date_gmt":"2014-03-31T10:48:09","guid":{"rendered":"http:\/\/192.168.100.222\/target_carts\/wordpress\/wordpress495\/wordpress\/?product=radiokuulonsuojain-zekler-412r"},"modified":"2021-06-01T00:00:37","modified_gmt":"2021-05-31T21:00:37","slug":"radiokuulonsuojain-zekler-412r","status":"publish","type":"product","link":"https:\/\/silikotek.sapartners.site\/index.php\/tuote\/radiokuulonsuojain-zekler-412r\/","title":{"rendered":"Zekler 412R Radiokuulonsuojain"},"content":{"rendered":"<p>Kuulonsuojain ZEKLER 412R.<br \/>\nFM stereoradiolla varustettu kuulonsuojain mahdollistaa radion kuuntelun melun sijaan ja muita h\u00e4iritsem\u00e4tt\u00e4. Parantaa ty\u00f6ss\u00e4 viihtyvyytt\u00e4 ja kuulonsuojainten k\u00e4ytt\u00f6\u00e4. Varustettu 3,5 mm aux audioliit\u00e4nn\u00e4ll\u00e4 esim. MP3 soittimelle.<br \/>\nHyv\u00e4 vaimennus korkeilla, matalilla ja keskitaajuuksilla. S\u00e4\u00e4dett\u00e4v\u00e4n p\u00e4\u00e4lakisangan ja leveiden tiivisterenkaiden ansiosta miellytt\u00e4v\u00e4 k\u00e4ytt\u00e4\u00e4.<\/p>\n<p>Vaimennustaso: Level 2.<br \/>\nStereo FM Radio 88 &#8211; 108 MHz \u00e4\u00e4nenvoimakkuuden rajoitin (82dB(A))<br \/>\n3,5 mm AUX liitin<br \/>\nJohto 2&#215;3,5 mm stereoliittimell\u00e4 sis\u00e4ltyy tuotteeseen<br \/>\n2 kpl 1,5V AA paristoja &#8211; k\u00e4ytt\u00f6aika noin 130 tuntia<br \/>\nS\u00e4\u00e4dett\u00e4v\u00e4 p\u00e4\u00e4lakisanka<br \/>\nPehme\u00e4, vaihdettava p\u00e4\u00e4lakipehmuste<br \/>\nLeve\u00e4t, helposti vaihdettavat tiivisterenkaat<br \/>\nVastaa EN 352-1, 352-6 ja 352-8 vaatimuksia.<br \/>\n<img decoding=\"async\" src=\"data:image\/png;base64,iVBORw0KGgoAAAANSUhEUgAAAfUAAADGCAIAAABEs47xAAAXjklEQVR4nO2dybGjyhZF\/\/iNcOYaIIy4RigYliMK3KipokIWlAt3IEtqwh8gRDYnW5JG5FpBvKgC5dnZsfOQop7+NwAAwBn5394VAACAVcDfAQDOCf4OAHBO8HcAgHOCvwMAnBP8HQDgnET5+x8AADgS\/\/33XzF\/j\/kYAABsA\/4OAHBOyvv7f\/D5bD+aKJ5DEfWjqZf397\/\/\/nF89LH9aKJ4DkXUj6aOv3OYRw1OhCLqNajj7xzmUYMToYh6Der4O4d51OBEKKJegzr+zmEeNTgRiqjXoI6\/c5hHDU6EIuo1qOPvHOZRgxOhiHoN6vg7h3nU4EQool6D+tr+\/vPr0phcbr8j63q\/Nk3zfS\/X+J\/bV9N83X7Gv\/6+XZrm8utn6wE4+BGanffvaST1nnyNbkZ\/RtwP40S63t5n7tf3hJpniHLSX5OAYnzwn9tXXMPjFQPBSymKvRqvGKpGTg9vpq7U4T2H92h7llCK+tr+rjWppFPnHfh7xOEdzZ9fl6a53v\/++3e7TjNsnHDXu+AXBRT\/KSvKFFkZR3UQb9dYdZ9iQvD7d6P0hjdx8bcxOngxRaFXExTD1Ujv4a3U1Zk8u8Fm6nrxV+evpb6PvyvpnpgDTiffpZSVdu4U8aQex1xRXP6uZU8HWId2PYJ3prt\/fn5dUp7PYhSVxwXZu+eplaAe+wTtD67O6vt1wRNDdPBiilKvxitGVCO5h7dV\/327NJfLl201a6uLa9tq6nv4+8\/ty86JxJMZ\/q5035xgSp37V8jf799Njj2d7PCN5v3aNJevaQHVjT6\/9wJOdLn9dj8ZmAlg3CId6T6B4ObN5hONdltv8IKKdq\/GK0ZUI7mHt1Qf3eZ+c\/v7eupS\/r6a+h7+rpxpGt2CjZO5\/u58SJ+3rhpbfUz8K0\/e\/bNz7CLn8pmyQxKpOB0Ofx8nzPX+Hlx7XyVXMRxcmzBL3DY6eDFFqVfjFWOqkdrDG6pPe4xmt2\/WdnNnbD31PfxdsWBzD9c4mbU\/o2+26I7gy98z9xbOd4Tyd+\/0yvqiJdPfxzkjDpk+0DmKMcGLZdPRwQsr7pq\/Gz28lfp81\/\/skb9H7c98cv4ufmclf5GV5+\/aQOrt9\/i7Eq3yI3b\/fWd\/924HLfX3uOARm6EpbYwIXljR7++r7oBbPbyRuvRG3\/W+WdvlBHw19b38ffzz+JxiPI3OJ+dS8+06XjW22pWTqk3bXuP098wXP055pLw\/E7XQLlNUdOfI41\/1ya1UY9n+THzwQm+zJAQv+P6M3aubvUMi9fDW788YbnDOd4d28Hd1Cf2+vs9LJ5VSt9emy\/VbcRDxpLo\/Y2Zwce\/PVL5LE717aH510TRN3hqZl2mqqKmDUbdkxaTghd5GTwh+gvffHT289fvvxkPeGd\/938rf846sh32OhUcN\/9ISRdRrUD+uv78ymrpT6V2OGpwIRdRrUD+uv3PsddTgRCiiXoM6\/s5hHjU4EYqo16COv3OYRw1OhCLqNajj7xzmUYMToYh6Der4O4d51OBEKKJegzr+zmEeNTgRiqjXoF7Y3\/\/AKdh+NFE8hyLqx1Ev7+8AAHAE8HcAgHOyyv47fDrbjyaK51BE\/Wjq5f095vNwZLYfTRTPoYj6x6nj79VRgxOhiDrqA\/5eITU4EYqooz7g7xVSgxOhiDrqA\/5eITU4EYqooz7g7xVSgxOhiDrqA\/5eITU4EYqooz7g7xVSgxOhiDrqQwF\/f\/Zt0z30v2snwjz7tu2fnpglscQUvWff6r8L\/KqEVOZzCcwPpRPMMcgdl6gZaQSfq+FRdFZorTa6r6YqWnPNvoucV6MUH503sDSho\/p8NfX5I4vVxVieQS+rLrbd37cFe16nrL\/nGcCG9ilLqf5uDMnr02dyeO\/8eHTve09p\/utK3PxLVBSDz9UwaqEy3hTp\/p7bRu\/VTEXruqwrXY28K9VJ\/eimPwoxH5269oSme2n1dxWKeZw+PUJDUEpdbrt\/PkfN9ih1i4L+bpv7eyFTTguL29s8n33bNG3\/VCPZq+6zb9uua4084B1EElXEhaq0XSf6u+bqetFPxjeaVgeNf3t0TdO0\/WOV\/F0Iri2njp6fpkGyv2e1MdgDGYrKiXR3j7\/P51ntncNmnwdsprB64hwLqxvTIzAEpdXfdRij+edzzGzPUB+GoZy\/C5n7e47o65i9uL3ap69i7zmhrrpTZzVWt01\/nAvIGcpcR+2TjSN\/13O7cxh89PywenC7\/ZlgRjOOTe7+zExiG7P3Z9yKuYKxiloC1vb9lNQIm5Qr+HusulBgibp\/erhbV3J36Dz5e9u2dsasdqKaJNnVf\/Zt27Z6Li708hTEXhk0exc8QtER10nn\/rsa4DRbNPF7l2Z7t9x\/n5+u5I3itn\/m778rkmltXOrvtmJm8h6l+JrPaobk+UpJ359Z7u9p6mqppQ7rnR5eCy3l70bbh8E\/n0NXE9UVivh7M3mrsJdpOuXsoe\/Pjj3ed9oJLdHWdmiM3Zu2f8oDak0i9WaxJBz7M55wn0rE\/DCGcmIzf1fvwdl2lE9aD3rpilltXOTvkmK+vac\/MQQz9OnebPtHcLKXV5\/rsHgH3Dk9HINeUF1Dabt\/Pnuu5qsPQ+HvV7WlMbSfoT2UqCZt7M9YGzq2686zcXn+bj6DVOfvap4lXNrE37WhkzY0nE9ZcYrZbcz2d4fiAntPuM+nafzoYhxWLeFmLfXFDuucHp5BL6du8Gq7dz4Hri5QH4q\/H2ksReZWuLFno\/u78FwlLh62YiNFXb7\/bnX8+fff\/ffAQfL3iAqt1cY8f3cq+nOGQEYR+EZXsgzt6y\/\/LnBonEurT5R0WH0nN+bNmOXqYttPkr9Pf9eMU0+wzM2WVxF196Z7mOPifcvF3E+Lf3\/m\/TiqRtbwfuX+qSTlPlqbt9x\/nyeKPjd8ZaIUE9poh8\/yd7ei\/9vdQCoX3IOWHm+su8N4bHI9EG2g7jqTrm7HkodgHXW57f75bF\/NVTeo7N+v5m6ynGZzZvjkf2n56GJXFxTXUET949Qr8\/c8pz6Tu3+wvz\/7PvZ2QHENRdQ\/Tr06f4eP9XcUd1ZE\/ePU8ffqqMGJUEQd9QF\/r5AanAhF1FEf8PcKqcGJUEQd9QF\/r5AanAhF1FEf8PcKqcGJUEQd9SHV3\/\/AKdh+NFE8hyLqx1Ev7+8AAHAE8HcAgHOyyv47fDrbjyaK51BE\/Wjq5f095vNwZLYfTRTPoYj6x6nj79VRgxOhiDrqA\/5eITU4EYqooz7g7xVSgxOhiDrqA\/5eITU4EYqooz7g7xVSgxOhiDrqA\/5eITU4EYqooz7g7xVSgxOhiDrqQyF\/V3402\/PLuWnklZ9KZZTWfozX+Dm+nX+gT5JXWyr9drO7yqHRfEeUys9DndC9cTNSHjO9fWV\/m9QxSxTJ+EYGFL39tkMbF7OkvYE5trJ6Xm\/Hq8fFzx+Xjf390SmNePbta8j29fdFHMzfZXHHSjYPgLPS\/vnx6KZwj868+xStpI6OmZHjXWGHnOuTwgJFpdlKZy5SDPXb5m0sQJn22nNsS\/VcYu8gN0vGZVt\/N7twHLH3Ato9BikhevZt2\/edvcZNBduu00bJLt51cxdZpeZaPbqm618B1Kn0MMWF\/P3Zt2Mh+4wUQayq3tS2f86VfdfGmzDq08XTUkXuKRWNGc34yZ9i8OEZOQ2oFTFzZc1XtLo7spGxd53Qb5u3sQQL2rvcYHfo7Wj1iPjLxmXj\/F21POP022HVhGh2\/Nknp+vzHx\/dZHbO4u\/eEUpp6pOS8qShFTEfOF4jpAsbZ6RyYlXVuqqrtr9\/ZrSbwdtStaZS4YnAaq0vRi6K5u9jpV3JVs6z9AJFQ71E\/q4LS0vKjm3MJL+90XNsFfXc3o5WD8ZfOi57fL86N8pjVcNsOOpVPddWd3qcj1baRamU7u9aKv00ikz3sO7vrfZkbp8xrN6TdquOayTX9uS2Qml+7WqpjlFvSyP0NBbawX8pJtyZwf1KYwB0LbH3VlN0aC9UnOJJ\/bZnG\/NZ1t7wt0Rrquf0dqx6KP7ycdn1\/Zl38\/T6K4ua29+tIqoHh4urpcTsWLg6SB0+tqHv9A0U\/Yy2SjeNeCHB361SSnvU0r6WCh\/K8XetUp7ZXyi3nRXDM77MbkmU4qNLzC2j75FAv23YxkXktzdhjq2gbl1e6ZsPOX6JcdnW360ekhzW+r4jIX8PFQ\/n77a9hvN3ddNdOuPK2a2qhv1dLDURlb9rRYwPpfn78Oii770iTuR9\/NhJUd\/9iyT\/nk+5GqmY1Kt5LGhvwhxbQT3hanH1IuOy5\/szgl2aVm5l9+IGtri\/7H44COy\/W1Yfs\/\/u\/YM\/gvqYFvJ3uZTanyn77+Lzik7st\/\/24mDGLrs37dgs1Z6iYm\/GfMUscw8o+vtt+zaWIL+9\/jm2tnpub2epe+J\/Sv4+DPpmhbabMFvQ66L01oe5o6B\/MlhcLKXn7+OrNunvz7xP2mfUCPo+jlHViP0ZqZTWucoZsaUa+lorTKHo0RQGSFErtv+uNs1+jtlY0c6wCuyWiK3Yvo1FWdJeYY5tqJ7X26XU1U99ir8fmcwHwAORm+O4ymWM5qNbZBEoHkSxINu3F\/UMdfz9A8hxeHeZ9NF89v2iyYniMRRLsn17Uc9QP72\/g0kN\/6cUFFFHfcDfK6QGJ0IRddQH\/L1CanAiFFFHfcDfK6QGJ0IRddQH\/L1CanAiFFFHfcDfK6QGJ0IRddSHVH\/\/A6dg+9FE8RyKqB9Hvby\/AwDAEcDfAQDOySr77\/DpbD+aKJ5DEfWjqZf395jPw5HZfjRRPIci6h+njr9XRw1OhCLqqA\/4e4XU4EQooo76gL9XSA1OhCLqqA\/4e4XU4EQooo76gL9XSA1OhCLqqA\/4e4XU4EQooo76gL9XSA1OhCLqqA\/l\/D36Z\/D8vyv7vrrWzwLbeiV+vW+d2kqVc\/4OdPwP0kfND7lFjt8JDv0gdY7i\/JvtUsfOqnK3Z7XxHVTqwYWKSjdZ5R2zx1ckQlHsQH\/MUBtXVdcnUqACy9TF4N7RX67un89KHYJdv4e\/P7qu60r+zulG\/l6INWorO7Xq78bcfX066PAxoylOxPEO8LXTsconKxq\/dm9KPrrpo0q7lykOw6Ob\/iK0YqGiEtEq7+hVX5GwotyB\/pjhNq6prvR\/BEvUxdZ5R3+xemA+K0Ujltbt\/X20lMds8M++bbuuNZbDZ9+2\/UNt33tRM25s5bzaH2Lf2Aujs4glp5qhnVy44piKelgxSZFXb7s+2jVh9W+7TvR3zdUDd4p\/NB9d0zTGML0VJnUZ552RqfjWFWry1pFF0xW9nbZQ0RrL+W+uXvUUiVE0Kj+W9seMaOOK6olP0snqZuuM7kxaXNLVgyeHmPsrUX0YhjL+PvXd3EnPvm2sfh3\/KC6p7z\/Z+zMBf9c1rdVSXsG1tXz8k5FceKT9ilIcsYhcH6Fd5icbR\/6uRPDP1ty9C33wgiWWKrpPL\/Z3IfSzb9u+n1ZRYVesiKJZPNyryxUd0a2Y6\/h7rLqSARXMYWPzd\/\/oF1APnIyeCQnqIwX8fZ4Yb1\/Rn0fe1t32T9H15t7P8XfnHrX+Z0lOzhqmTzrjeBXtOPLdItZHCSinG+r+jI4SwJ8LZbjtFNAz\/3yOkOnvrzaKXadMtFL+7vsOo5Ci7i0RvWoWSVN0dqBriyLQxhXVxY4prP5wGnhg9IuoezokciZEqyss93fDaSRnfPm6w8HFBsb6u6pvJ84hOctHfa3QvcCpaMcJF7HmlJHk6cEd+zOecBp5ue3TPKvjTfiW5O\/uBbWZNlmK5e++7LWA4qOzdisDvWoUSVYUm+OOGWrjuup6Gb\/NJaur68e8kE2s8+ziTuxcydwB\/V3cGbDd5qE4asn8XcHe5AnKzbVXxjxeWlCU4ohFCuTvWnDjQwX93fuo4GrAIkU7uHfUhYvpisq3R4HWZCmqGeJ8wturVpE0RbHGoZh2iT3UC\/r7FEobUml3aBV\/lxtinIy5v\/LUh+X+\/uxbwWasp\/u50sqlqP13Y+PM6C51LBz7641HTnwwmpd6KY6o6FwS2v7pqmTR\/Xdr\/i71BdltXR4ceKZNVgzejcJsWqZo2JAwHAsUA74mhYywwsA3unYHBmKG27iiulbENJVC6u78PTD6i9UD8\/nN4fJ3eyQenf0uhNq5RtIk7GMoe4D6VnPb97ZxCZshziKWnPFo9Cozf4stxpEUhdqqccRKSvXRrhk9qMW0Fn3lw4Hsp4y\/m+NY1N+19kkz591zDtmsNnpm4yJFO0GzdgfMXg0VCbfR7kA5ZkobV1UXRrycuta6SC8qqh6Yz8qnDuXvn074WWw3IvKIvHKlRvPRxTxqo3geRdQ\/Tr1ef386v80+CjkOv\/DpMkmpj52cKJ5DEfWPU6\/X36ulhv9TCoqooz7g7xVSgxOhiDrqA\/5eITU4EYqooz7g7xVSgxOhiDrqA\/5eITU4EYqooz7g7xVSgxOhiDrqQ6q\/\/4FTsP1oongORdSPo17e3wEA4Ajg7wAA56SYv\/8HAAAHo4y\/AwDAx4G\/AwCcE\/wdAOCc4O8AAOck9v0Z2J6Y708AAFzwfuRxwd8BYAn4+3HB3wFgCcn\/\/5lS1BwzXrHkUANAZST7+99\/\/4ocNceMVyw51ABQGfg7\/g4A5wR\/x98B4Jzg7\/g7AJwT\/B1\/B4Bzgr\/j7wBwTvB3\/B0Azgn+jr8DwDlZ7O8\/t6+m+br9jH\/9fbs0zeXXzzLf\/Ll9NU3TNM31Pp65Xce\/ByJ7vfj+rQQs6e\/3V+Wapvm+K\/W\/3H4bffJu18S73\/B3ACjOcf3963KZLPLn16X5uoQj7+Dvc\/N\/fl2aprne5vXpVVvD34N9hb8DQBEO7O+32\/dol\/\/u3831V0TkXf1dWp+ud4+\/j4n\/K+XH3wGgNEf29\/uvy2SLl9vtmP4+hjUsXl+fXP5+u8o7Tvg7ABShjL\/rlPL3n9u1+b7\/+3u\/Ntd7zMqxz\/773APj08Zc\/9+3y\/hf1\/67nbzj7wBQiiPn77M\/ai55NH+fG96Yebrx5DH31Zj1T+sB\/g4AK3Bofx8z9zGLP7i\/\/\/2n7KcrfXK7Kt8Mq301vnUj1Qd\/B4AiHNvff25fl+v35fLr56D+Pqbt4zaLvM\/+envS3n8f37dh\/x0A1uLY\/j6a4OX2Oy5y2N9D756n+vvf+d18JabLx6X3Z+wlB38HgCLw71d3iBmvWHKoAaAy8Hf8HQDOCf6OvwPAOcHf8XcAOCf4O\/4OAOcEf8ffAeCc4O\/4OwCcE\/wdfweAc5Lm73+KUnPMGEX8HQCWkObvsCX4OwAsAX8\/Lvg7ACwhef+9FDXHjFcsOdQAUBnJ\/l5KuOaYR1MEgFOCv+8Q82iKAHBK8PcdYh5NEQBOCf6+Q8yjKQLAKcHfd4h5NEUAOCX4+w4xj6YIAKcEf98h5tEUAeCU4O87xDyaIgCckhL+\/uim35fuHua1Z98KZ8Mxn32rB1VOOMVSY2q1b\/unUCav7YGYfvB3ACjCYn9XDNz28tFR0\/390b2t8dm3tk0q15fFnKvsWojS2x6O6Qd\/B4AiFN2fMfzs2bdt12Xk74\/OSLD1CA53z4mpnHWYcXrbwzH94O8AUISS\/q672bNv2\/6Zuz8zY7q5xzOTY451dAglxdSS9lBMP\/g7ABShkL+\/trZnL5tcbqG\/27szPsdMjqkFy\/V3o+0RMf3g7wBQhLLvz9h58RJ\/f3T2N5Rew0yOWS5\/T3om8IO\/A0ARCr8fOe492++62CYX866LvTD4\/TI9Zrn995Q9fT\/4OwAUYbG\/B7YjsvJ3h7kbuXGJmNKbNPEx5baHY\/rB3wGgCAXydyVbt803x9\/dr7oHtjtyY+a\/\/+5oO++\/A8D+8O9Xd4h5NEUAOCX4+w4xj6YIAKcEf98h5tEUAeCU4O87xDyaIgCcEvx9h5hHUwSAU4K\/7xDzaIoAcErw9x1iHk0RAE4J\/r5DzKMpAsApSfP3P0WpOWaMIv4OAEtI83fYEvwdAJaAvx8X\/B0AlhDl7\/\/BTqw9\/ABwYqL8HQAAPg78HQDgnODvAADnBH8HADgn+DsAwDn5P7GcdO9VwVeBAAAAAElFTkSuQmCC\" alt=\"\" \/><\/p>\n","protected":false},"excerpt":{"rendered":"<p>Radiokuulonsuojain ZEKLER 412R<\/p>\n","protected":false},"featured_media":7493,"template":"","meta":{"_et_pb_use_builder":"","_et_pb_old_content":"","_et_gb_content_width":""},"pwb-brand":[1544],"product_brand":[],"product_cat":[315],"product_tag":[],"class_list":{"0":"post-7494","1":"product","2":"type-product","3":"status-publish","4":"has-post-thumbnail","6":"pwb-brand-zekler","7":"product_cat-elektroniset-kuulonsuojaimet","9":"first","10":"instock","11":"taxable","12":"shipping-taxable","13":"purchasable","14":"product-type-simple"},"brands":[{"id":1544,"name":"Zekler","slug":"zekler"}],"_links":{"self":[{"href":"https:\/\/silikotek.sapartners.site\/index.php\/wp-json\/wp\/v2\/product\/7494","targetHints":{"allow":["GET"]}}],"collection":[{"href":"https:\/\/silikotek.sapartners.site\/index.php\/wp-json\/wp\/v2\/product"}],"about":[{"href":"https:\/\/silikotek.sapartners.site\/index.php\/wp-json\/wp\/v2\/types\/product"}],"wp:featuredmedia":[{"embeddable":true,"href":"https:\/\/silikotek.sapartners.site\/index.php\/wp-json\/wp\/v2\/media\/7493"}],"wp:attachment":[{"href":"https:\/\/silikotek.sapartners.site\/index.php\/wp-json\/wp\/v2\/media?parent=7494"}],"wp:term":[{"taxonomy":"pwb-brand","embeddable":true,"href":"https:\/\/silikotek.sapartners.site\/index.php\/wp-json\/wp\/v2\/pwb-brand?post=7494"},{"taxonomy":"product_brand","embeddable":true,"href":"https:\/\/silikotek.sapartners.site\/index.php\/wp-json\/wp\/v2\/product_brand?post=7494"},{"taxonomy":"product_cat","embeddable":true,"href":"https:\/\/silikotek.sapartners.site\/index.php\/wp-json\/wp\/v2\/product_cat?post=7494"},{"taxonomy":"product_tag","embeddable":true,"href":"https:\/\/silikotek.sapartners.site\/index.php\/wp-json\/wp\/v2\/product_tag?post=7494"}],"curies":[{"name":"wp","href":"https:\/\/api.w.org\/{rel}","templated":true}]}}