{"id":6855,"date":"2014-03-31T10:48:09","date_gmt":"2014-03-31T10:48:09","guid":{"rendered":"http:\/\/192.168.100.222\/target_carts\/wordpress\/wordpress495\/wordpress\/?product=sytytystulppa-hylsysarja-3-8"},"modified":"2019-10-29T18:25:57","modified_gmt":"2019-10-29T16:25:57","slug":"sytytystulppa-hylsysarja-3-8","status":"publish","type":"product","link":"https:\/\/silikotek.sapartners.site\/index.php\/tuote\/sytytystulppa-hylsysarja-3-8\/","title":{"rendered":"Sytytystulppa hylsysarja 3\/8&#8243;"},"content":{"rendered":"<p>Sytytystulppien tarkaan kirist\u00e4miseen. Sis\u00e4lt\u00e4\u00e4 3\/8&#8243; hylsyt 16 mm, 21 mm. hylsyjen pituus 250 mm. hylsyiss\u00e4 magneetti.Sis\u00e4lt\u00e4\u00e4 momenttiadapterit 18 Nm ja 24 Nm. Sis\u00e4lt\u00e4\u00e4 3\/8&#8243; r\u00e4ik\u00e4n.<\/p>\n","protected":false},"excerpt":{"rendered":"<p>Sytytystulppien tarkkaan kirist\u00e4miseen.<\/p>\n","protected":false},"featured_media":6854,"template":"","meta":{"_et_pb_use_builder":"","_et_pb_old_content":"","_et_gb_content_width":""},"pwb-brand":[],"product_brand":[],"product_cat":[928,1613,751,753],"product_tag":[],"class_list":{"0":"post-6855","1":"product","2":"type-product","3":"status-publish","4":"has-post-thumbnail","6":"product_cat-sytytystulppahylsyt","7":"product_cat-3-8-hylsysarjat","8":"product_cat-moottori-tyokalut","9":"product_cat-autosahkotyokalut","11":"first","12":"instock","13":"sale","14":"taxable","15":"shipping-taxable","16":"purchasable","17":"product-type-simple"},"brands":[],"_links":{"self":[{"href":"https:\/\/silikotek.sapartners.site\/index.php\/wp-json\/wp\/v2\/product\/6855","targetHints":{"allow":["GET"]}}],"collection":[{"href":"https:\/\/silikotek.sapartners.site\/index.php\/wp-json\/wp\/v2\/product"}],"about":[{"href":"https:\/\/silikotek.sapartners.site\/index.php\/wp-json\/wp\/v2\/types\/product"}],"wp:featuredmedia":[{"embeddable":true,"href":"https:\/\/silikotek.sapartners.site\/index.php\/wp-json\/wp\/v2\/media\/6854"}],"wp:attachment":[{"href":"https:\/\/silikotek.sapartners.site\/index.php\/wp-json\/wp\/v2\/media?parent=6855"}],"wp:term":[{"taxonomy":"pwb-brand","embeddable":true,"href":"https:\/\/silikotek.sapartners.site\/index.php\/wp-json\/wp\/v2\/pwb-brand?post=6855"},{"taxonomy":"product_brand","embeddable":true,"href":"https:\/\/silikotek.sapartners.site\/index.php\/wp-json\/wp\/v2\/product_brand?post=6855"},{"taxonomy":"product_cat","embeddable":true,"href":"https:\/\/silikotek.sapartners.site\/index.php\/wp-json\/wp\/v2\/product_cat?post=6855"},{"taxonomy":"product_tag","embeddable":true,"href":"https:\/\/silikotek.sapartners.site\/index.php\/wp-json\/wp\/v2\/product_tag?post=6855"}],"curies":[{"name":"wp","href":"https:\/\/api.w.org\/{rel}","templated":true}]}}