{"id":6774,"date":"2014-03-31T10:48:09","date_gmt":"2014-03-31T10:48:09","guid":{"rendered":"http:\/\/192.168.100.222\/target_carts\/wordpress\/wordpress495\/wordpress\/?product=ylijannitesuoja-12-24v"},"modified":"2023-01-04T23:26:01","modified_gmt":"2023-01-04T21:26:01","slug":"ylijannitesuoja-12-24v","status":"publish","type":"product","link":"https:\/\/silikotek.sapartners.site\/index.php\/tuote\/ylijannitesuoja-12-24v\/","title":{"rendered":"Kstools Elektroninen Ylij\u00e4nnitesuoja 12\/24V 150.3045"},"content":{"rendered":"<div class=\"product--description\">\n<ul>\n<li class=\"liste\">vaimentaa j\u00e4nnitepiikkej\u00e4 koko ajan turvalliselle tasolle ja suojaa siten s\u00e4hk\u00f6verkkoa ylikuormittumiselta<\/li>\n<li class=\"liste\">ehk\u00e4isee s\u00e4hk\u00f6j\u00e4rjestelmien h\u00e4iri\u00f6it\u00e4 sis\u00e4\u00e4nrakennettua akkua ladattaessa ja hitsattaessa<\/li>\n<li class=\"liste\">enimm\u00e4iskuormitus 200 A (8\/20 \u00b5s)<\/li>\n<li class=\"liste\">sulakesuojaus<\/li>\n<li class=\"liste\">j\u00e4nnitepiikkien esiintyess\u00e4 valo- ja \u00e4\u00e4nimerkki<\/li>\n<li class=\"liste\">napaisuussuojaus<\/li>\n<li class=\"liste\">liit\u00e4nt\u00e4 akkuun tapahtuu kahden muovip\u00e4\u00e4llysteisen napapuristimen avulla<\/li>\n<li class=\"liste\">tukeva korjaamoty\u00f6h\u00f6n soveltuva rakenne<\/li>\n<\/ul>\n<\/div>\n","protected":false},"excerpt":{"rendered":"<p>Ylij\u00e4nnitesuoja 12\/24 V. Suojaa ajoneuvon elektroniikkaa autoa hitsatessa est\u00e4en virtapiikit.<\/p>\n","protected":false},"featured_media":20099,"template":"","meta":{"_et_pb_use_builder":"","_et_pb_old_content":"","_et_gb_content_width":""},"pwb-brand":[],"product_brand":[],"product_cat":[753,754],"product_tag":[],"class_list":{"0":"post-6774","1":"product","2":"type-product","3":"status-publish","4":"has-post-thumbnail","6":"product_cat-autosahkotyokalut","7":"product_cat-kori-tyokalut","9":"first","10":"instock","11":"taxable","12":"shipping-taxable","13":"purchasable","14":"product-type-simple"},"brands":[],"_links":{"self":[{"href":"https:\/\/silikotek.sapartners.site\/index.php\/wp-json\/wp\/v2\/product\/6774","targetHints":{"allow":["GET"]}}],"collection":[{"href":"https:\/\/silikotek.sapartners.site\/index.php\/wp-json\/wp\/v2\/product"}],"about":[{"href":"https:\/\/silikotek.sapartners.site\/index.php\/wp-json\/wp\/v2\/types\/product"}],"wp:featuredmedia":[{"embeddable":true,"href":"https:\/\/silikotek.sapartners.site\/index.php\/wp-json\/wp\/v2\/media\/20099"}],"wp:attachment":[{"href":"https:\/\/silikotek.sapartners.site\/index.php\/wp-json\/wp\/v2\/media?parent=6774"}],"wp:term":[{"taxonomy":"pwb-brand","embeddable":true,"href":"https:\/\/silikotek.sapartners.site\/index.php\/wp-json\/wp\/v2\/pwb-brand?post=6774"},{"taxonomy":"product_brand","embeddable":true,"href":"https:\/\/silikotek.sapartners.site\/index.php\/wp-json\/wp\/v2\/product_brand?post=6774"},{"taxonomy":"product_cat","embeddable":true,"href":"https:\/\/silikotek.sapartners.site\/index.php\/wp-json\/wp\/v2\/product_cat?post=6774"},{"taxonomy":"product_tag","embeddable":true,"href":"https:\/\/silikotek.sapartners.site\/index.php\/wp-json\/wp\/v2\/product_tag?post=6774"}],"curies":[{"name":"wp","href":"https:\/\/api.w.org\/{rel}","templated":true}]}}