{"id":6762,"date":"2014-03-31T10:48:09","date_gmt":"2014-03-31T07:48:09","guid":{"rendered":"http:\/\/192.168.100.222\/target_carts\/wordpress\/wordpress495\/wordpress\/?product=lukkopihdit-125-mm-115-1031-kstools"},"modified":"2018-07-05T15:12:38","modified_gmt":"2018-07-05T12:12:38","slug":"lukkopihdit-125-mm-115-1031-kstools","status":"publish","type":"product","link":"https:\/\/silikotek.sapartners.site\/index.php\/tuote\/lukkopihdit-125-mm-115-1031-kstools\/","title":{"rendered":"Lukkopihdit 125 mm, 115.1031 Kstools"},"content":{"rendered":"<p>&#8211; Taotut ote leuat<br \/>&#8211; Sahalaitainen muotoilu<br \/>&#8211; Koon s\u00e4\u00e4t\u00e4minen s\u00e4\u00e4t\u00f6 py\u00f6r\u00e4ll\u00e4<br \/>&#8211; Helposti lukitus toiminto<br \/>&#8211; Py\u00f6re\u00e4lle ja tasaiselle materiaalille<br \/>&#8211; Nikkel\u00f6itypinta<\/p>\n","protected":false},"excerpt":{"rendered":"<p>Lukkopihdit 125 mm, 115.1031<br \/>Lukkopihdit 175 mm, 115.1032<br \/>Lukkopihdit 250 mm, 115.1033<\/p>\n","protected":false},"featured_media":6761,"template":"","meta":{"_et_pb_use_builder":"","_et_pb_old_content":"","_et_gb_content_width":""},"pwb-brand":[1454],"product_brand":[],"product_cat":[479],"product_tag":[],"class_list":{"0":"post-6762","1":"product","2":"type-product","3":"status-publish","4":"has-post-thumbnail","6":"pwb-brand-kstools","7":"product_cat-lukkopihdit","8":"pa_pituus-125-mm","9":"pa_pituus-175-mm","10":"pa_pituus-250-mm","12":"first","13":"instock","14":"taxable","15":"shipping-taxable","16":"purchasable","17":"product-type-variable"},"brands":[{"id":1454,"name":"Kstools","slug":"kstools"}],"_links":{"self":[{"href":"https:\/\/silikotek.sapartners.site\/index.php\/wp-json\/wp\/v2\/product\/6762","targetHints":{"allow":["GET"]}}],"collection":[{"href":"https:\/\/silikotek.sapartners.site\/index.php\/wp-json\/wp\/v2\/product"}],"about":[{"href":"https:\/\/silikotek.sapartners.site\/index.php\/wp-json\/wp\/v2\/types\/product"}],"wp:featuredmedia":[{"embeddable":true,"href":"https:\/\/silikotek.sapartners.site\/index.php\/wp-json\/wp\/v2\/media\/6761"}],"wp:attachment":[{"href":"https:\/\/silikotek.sapartners.site\/index.php\/wp-json\/wp\/v2\/media?parent=6762"}],"wp:term":[{"taxonomy":"pwb-brand","embeddable":true,"href":"https:\/\/silikotek.sapartners.site\/index.php\/wp-json\/wp\/v2\/pwb-brand?post=6762"},{"taxonomy":"product_brand","embeddable":true,"href":"https:\/\/silikotek.sapartners.site\/index.php\/wp-json\/wp\/v2\/product_brand?post=6762"},{"taxonomy":"product_cat","embeddable":true,"href":"https:\/\/silikotek.sapartners.site\/index.php\/wp-json\/wp\/v2\/product_cat?post=6762"},{"taxonomy":"product_tag","embeddable":true,"href":"https:\/\/silikotek.sapartners.site\/index.php\/wp-json\/wp\/v2\/product_tag?post=6762"}],"curies":[{"name":"wp","href":"https:\/\/api.w.org\/{rel}","templated":true}]}}