{"id":5990,"date":"2014-03-31T10:48:09","date_gmt":"2014-03-31T10:48:09","guid":{"rendered":"http:\/\/192.168.100.222\/target_carts\/wordpress\/wordpress495\/wordpress\/?product=ulosvetaja-ulkopuoliseen-otteeseen-facom-u-20b"},"modified":"2014-04-14T21:15:37","modified_gmt":"2014-04-14T21:15:37","slug":"ulosvetaja-ulkopuoliseen-otteeseen-facom-u-20b","status":"publish","type":"product","link":"https:\/\/silikotek.sapartners.site\/index.php\/tuote\/ulosvetaja-ulkopuoliseen-otteeseen-facom-u-20b\/","title":{"rendered":"Ulosvet\u00e4j\u00e4 ulkopuoliseen otteeseen, Facom U.20B"},"content":{"rendered":"<p>&#8211; Turvasokka laukeaa automaattisesti kun suurin v\u00e4\u00e4nt\u00f6momentti ylitet\u00e4\u00e4n. &#8211; Mukana 2 vaihtosokan sarja. &#8211; Varustettu py\u00f6rimisenestoholkilla U.20-12. &#8211; Liitett\u00e4viss\u00e4 olevat lis\u00e4varusteet : liukuvasara U.2 ja hydraulinen kara U.3.<\/p>\n","protected":false},"excerpt":{"rendered":"<p>Pitk\u00e4jalkainen ulosvet\u00e4j\u00e4 ulkopuoliseen vetoon. 25-260 mm halkaisijalle ja per\u00e4ti 220 mm vetosyvyys.<\/p>\n","protected":false},"featured_media":5989,"template":"","meta":{"_et_pb_use_builder":"","_et_pb_old_content":"","_et_gb_content_width":""},"pwb-brand":[],"product_brand":[],"product_cat":[478],"product_tag":[],"class_list":{"0":"post-5990","1":"product","2":"type-product","3":"status-publish","4":"has-post-thumbnail","6":"product_cat-ulosvetajat","8":"first","9":"instock","10":"sale","11":"taxable","12":"shipping-taxable","13":"purchasable","14":"product-type-simple"},"brands":[],"_links":{"self":[{"href":"https:\/\/silikotek.sapartners.site\/index.php\/wp-json\/wp\/v2\/product\/5990","targetHints":{"allow":["GET"]}}],"collection":[{"href":"https:\/\/silikotek.sapartners.site\/index.php\/wp-json\/wp\/v2\/product"}],"about":[{"href":"https:\/\/silikotek.sapartners.site\/index.php\/wp-json\/wp\/v2\/types\/product"}],"wp:featuredmedia":[{"embeddable":true,"href":"https:\/\/silikotek.sapartners.site\/index.php\/wp-json\/wp\/v2\/media\/5989"}],"wp:attachment":[{"href":"https:\/\/silikotek.sapartners.site\/index.php\/wp-json\/wp\/v2\/media?parent=5990"}],"wp:term":[{"taxonomy":"pwb-brand","embeddable":true,"href":"https:\/\/silikotek.sapartners.site\/index.php\/wp-json\/wp\/v2\/pwb-brand?post=5990"},{"taxonomy":"product_brand","embeddable":true,"href":"https:\/\/silikotek.sapartners.site\/index.php\/wp-json\/wp\/v2\/product_brand?post=5990"},{"taxonomy":"product_cat","embeddable":true,"href":"https:\/\/silikotek.sapartners.site\/index.php\/wp-json\/wp\/v2\/product_cat?post=5990"},{"taxonomy":"product_tag","embeddable":true,"href":"https:\/\/silikotek.sapartners.site\/index.php\/wp-json\/wp\/v2\/product_tag?post=5990"}],"curies":[{"name":"wp","href":"https:\/\/api.w.org\/{rel}","templated":true}]}}