{"id":5952,"date":"2014-03-31T10:48:09","date_gmt":"2014-03-31T10:48:09","guid":{"rendered":"http:\/\/192.168.100.222\/target_carts\/wordpress\/wordpress495\/wordpress\/?product=ulosvetaja-facom-u-301-80"},"modified":"2015-06-15T12:56:54","modified_gmt":"2015-06-15T12:56:54","slug":"ulosvetaja-facom-u-301-80","status":"publish","type":"product","link":"https:\/\/silikotek.sapartners.site\/index.php\/tuote\/ulosvetaja-facom-u-301-80\/","title":{"rendered":"Ulosvet\u00e4j\u00e4, Facom U.301-80"},"content":{"rendered":"<p>Pieni koko ja ohuet jalat &#8211; parempi ote! &#8211; Itselukkiutuva &#8211; itsekeskittyv\u00e4 &#8211; Paikoilleen yhdell\u00e4 k\u00e4dell\u00e4 &#8211; Turvasokat<br \/><img decoding=\"async\" src=\"data:image\/png;base64,iVBORw0KGgoAAAANSUhEUgAAAn4AAAHFCAIAAADjV2McAAAXT0lEQVR4nO3dy4GiShiAUaJyYTZsiMWlgbgmDQMwi05gZtECVVAgKv5t2+ds7qg8dC5dn5TYU\/0DAAJVP\/0EAOBvkV4ACCW9ABBKegEglPQCQCjpBYBQ0vvHXY77qqr2x8sm26madpNnBfDJ7kxv21SdFwyy1+H7iT20TWGt4p33bXTrp7TZc3v6yVyO+82ewJbbgp91Oe7H70n7kWD9Yd6vkm7pge3wae5Jb9skx8\/luN\/8wMmH7uf20DbPn8lNnsUrXvQPk14Y6aqbDyLD+9ZsJLyxnesql+O+W+X+7fCB7kjvOGbbD7TjLT5zSrhResdPIfgs9fWkF2Zkg0h6Iwnp3es\/sB0+0Pr0TsfV\/hhqm6YtzaEMM7XdnW2zP7bdtPJkmB7vYrg9TEUnR2rhzu81Rg8kmy2ssviUJi96\/LNyOe6H174\/XoY9dIv1myjuaF2tbu+l8NKyU\/Tr++vp7rp7bu5ixXOQXj7KqJLZlFxzO5n5YHHd2APb4ROtT+\/0NDKJShrX6x\/T466\/s23SoXx2g\/\/y1ZJ5maEnyfrDH4ctJE83fZ7T7Sw+pZsxuRz3VTJ9VKU3+ue5sKPV6b2xl\/RsfHjp3b39XhbTu7yL289BevkseXrTSK481LOfje9tPbQdPs9G6c3PRZt27s3d\/NvI6T19HfM9Z6dpw72X2+ktb2fxKa1J77BAdqPbbvFvaaGFj+0lX3r44W6b7COrG2e9S7tY8RyMI3yU9KerPHqs2cZ0lk16eWl6q8ztzo3XGc7dygdreh42efCXpvdSnPpek970L280K7\/m7Y70wsjqs97yj236mU\/\/R2e9\/Pv3b7PPekvpLX2Icc9Zb3GlyULZ3OfvT++je0knnLO\/+vz9ifTCavNjw6qrOIsDzgPb4RNtcoXz7Qnn0ja2SW9+39bpLV3hPL3MqngjNL2j2jbJSzfhDI958grnVQOO9P5Rd36vt\/wV17RH6eVFydKX6dzx6vQWL4+6jK7fXZHeucuslp7S6GVMvtf7JukdvbLxVP1luMZDemGlZ7\/XOxoY+0lC3+tlm99m1Tb7ptmX7u8\/fNzff5nV6JHyx5ijnSZbaJtq9ZeLFtI7+6ILa\/zghPPwyvbH9ju0pTcN0gurjSf67v8tVIUx6qHt8HE2+R3OPrD4vbbMpfQCrCG9f9zFP58AEEx6ASCUfzQQAEJJLwCEkl4ACCW9ABBKegEglPQCQCjpBYBQ0gsAoaQXAEJJLwCEkl4ACCW9ABBKegEglPQCQCjpBYBQs+n9AgAeIr0AEEp6ASCU9AJAKOkFgFDSCwChpBcAQkkvAISSXgAIJb0AEEp6ASCU9AJAKOkFgFDSCwChpBcAQkkvAIT6vPSeD7uqqnaH8ybbqerTJs8KAK42S++pfqx258PujrpN9jJd\/b4NLttyW8CHONXVt2Q4ur5Xf+jt+vmwG50ulLfW73eLXfQbS7f4zKvgHtK7RHqB3PmwS0J1HZBOdd+14c61W6t2h3M2tJW3dqq7\/SaPP7qL4pD98KvgbtK7RHqB3CiSu8N5NFI8NGykWy1vbbTE\/eNtPnoWnuXzr4LVItKbvEucvl8b\/w9eXPie9J4Pu\/rUzansDudhKuW6iZsLOPqAkbx6XXrPD49p+Ya+VyhtLd\/q+VCP56fv2kU5vUuvgm0FnfV2UyWrTlLnF74zvVUyP1OlN9Yt4OgDJrIBYjrsDQ9P75sfUeYG0H5reWynG7p3F6d6t1v4XLf0KthQUHqvjxcWKh4ocwuPrgwoHjbFN4nZjZtzRP2epReYug5E+Qi1+KWI2TEtfTy9Y7y1m+es9+7ifDqd+1eTzWW7yipAWHq\/zoddaRqkXLeZhe+ecC4uJr3Ao\/LLrIpnuKWxa25M69eaPev9fuDWWe\/ju5ibe3SZ1SvFprfwVmo+veVZEOkFfs7ts8\/yYDg3pi2tkz6S72nbXRQfevTKWVaJSu\/3hyIrJ5xnF5Ze4EcV0zv5GLUwzq2fDS5v7dYVznftIr+x9lWwnaD0do9Oj5iFa6kKh5f0Aj8qnYrt\/5xclVSahV4Y00ZLdJstbG35e7137iLdxtpXwYY2TG927dPojeHwP3H8f3TxQvzJ\/37pBX5Y\/zXEdHp3uHNcvuUx7Wp8DVRxa7O\/zeqRXST7WPMq2NZm6X0bW+ZSegHY3Eemd5O3bK6xB+AlPi+9APDWpBcAQkkvAISSXgAIJb0AEEp6ASCU9AJAKOkFgFDSCwChpBcAQkkvAISSXgAIJb0AEEp6ASCU9AJAKOkFgFAPphcAeAXpBYBQ0gsAoaQXAEJJLwCEkl4ACCW9ABBKegEglPQCQCjpBYBQ0gsAoaQXAEJJLwCEkl4ACCW9ABBKegEglPROXY77qqr2x8sm26madpNnBcCHuCO915JcPR+UtlmqW763F\/arbcYbvxz3m+1uy20BQdrme+DJxqjuTm+nedp96R2OuLZ57PhLenszvcn2L8d93OEuvfCXXY7769iUDjzDm\/S22WBSjL\/t0fSmh+c9Hkxv6eT0ZaQX\/rDsh7a\/kY5Xjw1+MHg8vdOz4Hwupm2aNp+gGeaQ98fL96HcdndN+rS4t+52OivUbz37Aamy+7KT5+tb12kcu3tu7mLFc5Be+GXyk4LrrfE0XCO9POOJ9A5HaPoesD87Taek06madMmqsIGZvY3Pei\/HfZXM\/1Tpjf4JJJnttt\/d229\/Mb3Lu7j9HKQXfpuZ9Kax9XPNk7ZIb\/n9YHb8lmZtRhM4i9c6TT\/rLU8Kjbc7flL948NCN856l3ax4jn4EYVfZvxz3U\/SSS+b2Si9VaZp\/22R3nSTk5quSW+6jfzJVGuqL73wF6WXWTX7vbNetrfFZ73lzz02Peu98WyK2UsnnLOnmM4TSy8w1r1r3x\/b0mhw4xpRuGmLK5zLefnp9I5q29\/4ft4mnIGbhh9gVzizpU2+15t9Enu59NczTa+9Ckxvsv90hjmZJS99Up1uTXrhT8u+wOt7vWxoq99mNXy5aL\/vL7Nqmv1k6bZJv1z0ygnn9Ks+7Xdo8\/cI3zekF8hdx45RYP02Kzbzut\/h\/Hs\/Ddkyl9ILwIj0Tl388wkAvI70AkAo\/2ggAISSXgAIJb0AEEp6ASCU9AJAKOkFgFDSCwChpBcAQkkvAISSXgAIJb0AEEp6ASCU9AJAKOkFgFDSCwChZtP7BQA8RHoBIJT0AkAo6QWAUNILAKGkFwBCSS8AhJJeAAglvQAQSnoBIJT0AkAo6QWAUNILAKGkFwBCSS8AhJJeAAgVlt7zYVdV1e5wfmCtqj7dv0MAeEvbpPdayFzey\/Nh933HqS7091SPqzws1q8J8AZO9fcYd++pBHQ2Puudz+TN9I5aLb3AGzofdtex6XzYmZHjMe+T3rqu08NYeoH3k41HBice9KPpPdXdqe6prupTVmXpBd5Pfu5QPJOAm34uvcO0zVeX3nR16QXej\/SyhZ9K7ymbXR5u9key9ALvZzzhLL084kfSW9fjqxOGEnfLSS\/whtLLrOqd9PKQn0hvVdWnubPer+nnvtILvJHuy5S7w8ngxGN+5Kz3cP7Kazuafz7Vu8NBeoG3ZmziUT+X3qy3o5Pg82E3fF3d4Q28n+kvAoK1fjK9ybeLRunNjmrpBd7IdcJZd3ncxumd93hApReATxKZXv98AgD4RwMBIJb0AkAo6QWAUNILAKGkFwBCSS8AhJJeAAglvQAQSnoBIJT0AkAo6QWAUNILAKGkFwBCSS8AhJJeAAglvQAQ6sH0AgCvIL0AEEp6ASCU9AJAKOkFgFDSCwChpBcAQkkvAISSXgAIJb0AEEp6ASCU9AJAKOkFgFDSCwChpBcAQkkvAISSXgAIdUd622Z\/vLzumQC8hfFYdznum7aw3OW4r76lD7dN4c7rwuMxtF92+hAfTXoBMuvS2zZ9Li\/HfffHtumSOzzeVXe03ctxP+Q5u8HHk16AzKr0Znf2N9JVkyCXtjtEemEvfKjn0zvMmGTHYTeH0h6b4Y2hmRXg7a1L7+UyXSJf8tKPfoXtljaabZNP9mR607d1\/Xu45M7LcX8NbX6n+ALvau1nvckK\/eCXxna83s308mc8l97iW7z8zm6t0aLe3AFvan16r3N5\/aP5mtLLnKfTW2Wadi6914Uda8Cbe+SstzvFeOSst\/\/UznTgn\/FsepvpoTKX3uvN6UX3AG\/k7vT2qyyOfrfOel3J+odsOeFcvHPmE2LxBd7U+Nrj8e3rnfnlyt+3nrjCWXr\/kucvs0q+mHaZXkbVTcRkCxYPZID3kHxld\/4bt8k4lixS+l7vsMbke73JHdPl+Vx3pTf7WDf5Bnl3z376PaKmyT\/rLf2WF4D3kl7HMvpVVXmUpx\/Szvw2q3+l05d0N7r7l7z8dzibQwGA1EvS2zbmlgGg7BXpvVwupV9xBQD4RwMBIJj0AkAo6QWAUNILAKGkFwBCSS8AhJJeAAglvQAQSnoBIJT0AkAo6QWAUNILAKGkFwBCSS8AhJJeAAg1m94vAOAh0gsAoaQXAEJJLwCEkl4ACCW9ABBKegEglPQCQCjpBYBQ0gsAoaQXAEJJLwCEkl4ACCW9ABBKegEglPQCQCjpBYBQG6b3fNhVV7vDOfqFAEQ41fkAdz7s6lNhuWFETB8+1YU7rwvPD5wza3WPGXF\/nc3Sm\/3vdywAH2pdepNB8HzYdX881V08h8e76o63m21rslaydyc7v9BW6R2Oja+vr+xYA\/ggq9Kb3dnfSFedDJKz6V1a61TXp\/lm87a2Su\/cnMtXMlUyxPlU7w6HOpmZHi+THl9p1R1jwM9al97zebpEvuT5UK9K78Ja36sYFn+hrdL7Xc\/ie79CQ091OkVSWmY42s6HXTWs5xADftTaz3qTFfpTijS24\/Xm0zuzVvdH4+IvtF16v776k9esqtn7tcK0y8x7uuG\/u\/qQ\/HnxEAd4sfXpvV5oNTNrtza9M2sNq0vvL7Rteq\/Oh101Pjoy4\/RWmSzPp7o+ZX8G+EGPnPXushOK8nrJdvtBsT7NrZUsLb2\/0EvS+9UfDOvSW8+816tPXW3TAAP8nLvTOzMejrez7rPe76UmJyzl7x3xtjZK7+TgKx5qayac823W3YKnup92Bvg5o69zTG5f70w72t3a\/grnxRV5X1ud9Z4Pu\/x7vYuXKk8+vBgO3eTCwPRirPOh3vmgF\/h52Zdrs+ErXyi5HCq5wnT2G7qPfa93cUXe1lbp\/co\/sy3+9paF7wgNy+x2dVrwIckusQLew8Jgl0d5+uv95n8v1VJBl36blfT+RhumFwC4TXoBIJT0AkAo6QWAUNILAKGkFwBCSS8AhJJeAAglvQAQSnoBIJT0AkAo6QWAUNILAKGkFwBCSS8AhJJeAAglvQAQSnoBINSD6QUAXkF6ASCU9AJAKOkFgFDSCwChpBcAQkkvAISSXgAIJb0AEEp6ASCU9AJAKOkFgFDSCwChpBcAQkkvAISSXgAIJb0AEEp6ASYux31V7Y+X5K62qb417Y89LT6E9AKkuuq2TZretumS2zajJsO9pBegJEtveuNy3GsvT5FegJJRbZNp5suxkV6eIb0AJXl609jmIYa7SS9ASZre\/HNf6eVJ0gtQ4qyXl5FegJL5z3rzc2C4m\/QClLjCmZeRXoAS3+vlZaQXoGQ8rey3WbEZ6QWAUNILAKGkFwBCSS8AhJJeAAglvQAQSnoBIJT0AkAo6QWAUNILAKGkFwBCSS8AhJJeAAglvQAQSnoBIJT0AkAo6QWAUNILAKFm0\/sFADxEegEglPQCQCjpBYBQ0gsAoaQXAEJJLwCEkl4ACCW9ABBKegEglPQCQCjpBYBQ0gsAoaQXAEJJLwCEkl4ACCW9ABBqm\/SeD7tqoj7d\/Wy22g7Ay5zqpcGpe3R3OIc\/M36Ljc96z4fdJqXcajsA2zrVXXJP9aSv58Puetf5sHPewBzpBVjvVA+5HUI73DGMXIYxZr04vcMMcn+Anurd4dTdPXdgOmaBd5SPTedDnaU37fL4Fgxemt5kOmaYfDnVfYcnbxlntgPwHvLYjkcq6WWdV6Y3P+66h0bTNeXCSi\/wjsrDWvH2\/LkFf570Aqy2fNabXWZV76SXGdILsNr4Q7VJXLsLXHaHk2GMOdILsN7iFc4poxjzXpneucuspBf4tRa\/15suZbaZWS9N7+yXi6QX+LWmv80qGbGug57usmTj9AL8PU4WuI\/0AjzF74zkXtILAKGkFwBCSS8AhJJeAAglvQAQSnoBIJT0AkAo6QWAUNILAKGkFwBCSS8AhJJeAAglvQAQSnoBIJT0AkAo6QWAUA+mFwB4BekFgFDSCwChpBcAQkkvAISSXgAIJb0AEEp6ASCU9AJAKOkFgFDSCwChpBcAQkkvAISSXgAIJb0AEEp6ASDU30nv5bivqmp\/vGyynappN3lWAPw5d6X3Wp1qk4Q9u9+2uS9\/l+N+s1xuua3Z7d37AoHtXI778TjXNtdhyA8mz7ojvW2Thy+qvhvt93ekt21C39QAE11185\/G4b1w4OjHp1qf3tFJ2OW4jzn6ttqv9AL3yH4a0xthox8fa316F3LTz8MMkWyb\/fHYJDPE42XSgzet66Q9c\/vt7k9mo5NnMH1KyfJN2z28P16GDVx3fHOBhb+L2+uOfoD7v4ymTV7J\/njZvu\/AXYo\/rNdbjfTyjHs+622b0occ5Ya2Tfo5SWmZ4VC+HPdJMqfvJmf3O74z2fT0KWWpzgI93Fi3wHJ6b6y7kN7Rw9ILPyr\/YU1j64eTJ917hfP1jG7+zeB+WpiZN4zDf\/fNMflz8Yie7He66CSy493tR8kf37g+55sL3DrrXVxXeuGXSH9Y85MCP5w86cEvF12O+2LneuP0Vpksz23TtNmfV+13vONk0rq8O+kF7uGsl5d5\/Hu9pVBNHv0298HINbpN+y8P8Jr9jsNWpckr7U56gXvMf9brckietDq9hfndQnrXTDjn22y6Bdumn3Zes9\/0gelF0IXdSS9wD1c48zJ3XeGcf7928VLlyScjQxwvl+RoHj6+vRyb\/Uwy5\/Y7N+Vd3N2bpDf56yq8FumFt+F7vbzMo7\/NKjvNnPlyUXZsDsvs901a0qGRs6kp7rdbfNhw\/jnyeHdvkt7k1TRt99F2fgbvy0XwDsajmN9mxWb+1O9w3uwH5nLcN+3MxWMAsOhPpbfyzycA8OP+TnoB4C1ILwCEkl4ACCW9ABBKegEglPQCQCjpBYBQ0gsAoaQXAEJJLwCEkl4ACCW9ABBKegEglPQCQCjpBYBQ0gsAoWbT+wUAPER6ASCU9AJAKOkFgFDSCwChpBcAQkkvAISSXgAIJb0AEEp6ASCU9AJAKOkFgFDSCwChpBcAQkkvAISSXgAItVV6z4ddVVW7w3nlfr+Xr+rTti8HAN7dhun9zuipXt3ffh2A3+NUV99KA1j\/YLZEcZXF7fDRpBfgDqe6S+WpLsz0lYbA4io3tsNHk16A9dIh7nzYjce70rBWXOXGdvhsr0zvqR4mUq6f7VbV7nA61N9LSC\/wy+TD1rkbzWYen1\/l1nb4bC9Lb\/Y2LrlxPuy6uRXpBX6ZPJLTQexU73a7\/CPc4iq3tsNne1F6h08xsge\/hiUmdwO8vfwjtdI57uk0zPvtDueZVW5uh4\/2ivTW9S6\/Yk96gc9wz9nq0gmus96\/7QXprar65KwX+EQzo1nZ98PFVe7aDh\/nFWe918v3hvhKL\/Ahlq9MzhraDXGucGbsZenN4pseWMNX2KQX+HWWv4+bf3H3+kff62XkhenNvl3Uf7moqmtnvcAvNv0tVOlglgx2p4VV5u7kT9g8vbeZcAY+i8GM+2yY3qV\/PuFU98fl9yyLfz4B+BDnw85Yxl22Su+y8\/k8\/E5xhygAf1lMegGAK+kFgFDSCwChpBcAQkkvAISSXgAIJb0AEEp6ASCU9AJAKOkFgFDSCwChpBcAQkkvAISSXgAIJb0AEOrB9AIAryC9ABDqP65JGGWc+tpIAAAAAElFTkSuQmCC\" alt=\"\" \/><\/p>\n","protected":false},"excerpt":{"rendered":"<p>Itselukitseva ulosvet\u00e4j\u00e4 kahdella ohuella jalalla, 10-80 mm<\/p>\n","protected":false},"featured_media":5950,"template":"","meta":{"_et_pb_use_builder":"","_et_pb_old_content":"","_et_gb_content_width":""},"pwb-brand":[],"product_brand":[],"product_cat":[478],"product_tag":[],"class_list":{"0":"post-5952","1":"product","2":"type-product","3":"status-publish","4":"has-post-thumbnail","6":"product_cat-ulosvetajat","8":"first","9":"instock","10":"sale","11":"taxable","12":"shipping-taxable","13":"purchasable","14":"product-type-simple"},"brands":[],"_links":{"self":[{"href":"https:\/\/silikotek.sapartners.site\/index.php\/wp-json\/wp\/v2\/product\/5952","targetHints":{"allow":["GET"]}}],"collection":[{"href":"https:\/\/silikotek.sapartners.site\/index.php\/wp-json\/wp\/v2\/product"}],"about":[{"href":"https:\/\/silikotek.sapartners.site\/index.php\/wp-json\/wp\/v2\/types\/product"}],"wp:featuredmedia":[{"embeddable":true,"href":"https:\/\/silikotek.sapartners.site\/index.php\/wp-json\/wp\/v2\/media\/5950"}],"wp:attachment":[{"href":"https:\/\/silikotek.sapartners.site\/index.php\/wp-json\/wp\/v2\/media?parent=5952"}],"wp:term":[{"taxonomy":"pwb-brand","embeddable":true,"href":"https:\/\/silikotek.sapartners.site\/index.php\/wp-json\/wp\/v2\/pwb-brand?post=5952"},{"taxonomy":"product_brand","embeddable":true,"href":"https:\/\/silikotek.sapartners.site\/index.php\/wp-json\/wp\/v2\/product_brand?post=5952"},{"taxonomy":"product_cat","embeddable":true,"href":"https:\/\/silikotek.sapartners.site\/index.php\/wp-json\/wp\/v2\/product_cat?post=5952"},{"taxonomy":"product_tag","embeddable":true,"href":"https:\/\/silikotek.sapartners.site\/index.php\/wp-json\/wp\/v2\/product_tag?post=5952"}],"curies":[{"name":"wp","href":"https:\/\/api.w.org\/{rel}","templated":true}]}}