{"id":5035,"date":"2014-03-31T10:48:09","date_gmt":"2014-03-31T10:48:09","guid":{"rendered":"http:\/\/192.168.100.222\/target_carts\/wordpress\/wordpress495\/wordpress\/?product=suodatin-avain-sarja-150-9210-kstools"},"modified":"2020-06-23T10:20:54","modified_gmt":"2020-06-23T07:20:54","slug":"suodatin-avain-sarja-150-9210-kstools","status":"publish","type":"product","link":"https:\/\/silikotek.sapartners.site\/index.php\/tuote\/suodatin-avain-sarja-150-9210-kstools\/","title":{"rendered":"Kstools 9-osainen Suodatinavainsarja 150.9210"},"content":{"rendered":"<p>Sis\u00e4lt\u00f6:<br \/>\n1 x 64,5 x 14 kulmainen 1<br \/>\n1 x 64,5 x 14 kulmainen tyyppi 2<br \/>\n1 x 74,2 x 14 kulmainen<br \/>\n1 x 86,6 x 16 kulmainen<br \/>\n1 x 88,8 x 15 kulmainen<br \/>\n3 x \u00f6ljynsuodatinhylsyavain AV27\/32\/36<br \/>\n1 x yleis\u00f6ljynsuodatinavain 63-83 mm<\/p>\n<p>Soveltuu esim.:<br \/>\nAudi &#8211; BMW &#8211; Ford &#8211; Mazda &#8211; Toyota &#8211; Lexus &#8211; VW &#8211; Porsche &#8211; Kia &#8211; Mercedes &#8211; Opel &#8211; Volvo &#8211; Seat &#8211; Skoda &#8211; Mini &#8211; Hyundai jne.<\/p>\n<p><iframe loading=\"lazy\" title=\"Anwendungsvideo \u00d6ldienstschl\u00fcssel-Satz f\u00fcr \u00d6lfilter- und Filtergeh\u00e4usedeckel KS Tools 150.9210\" width=\"1080\" height=\"608\" src=\"https:\/\/www.youtube.com\/embed\/PioEV27Uo9I?feature=oembed\" frameborder=\"0\" allow=\"accelerometer; autoplay; encrypted-media; gyroscope; picture-in-picture\" allowfullscreen><\/iframe><\/p>\n","protected":false},"excerpt":{"rendered":"<p>Valikoima \u00f6ljynsuodattimen ja suodatinkotelon kansien irroitus- ja asennusty\u00f6kaluja, joita tarvitaan suodatinpanosta vaihdettaessa.<br \/>\n&#8211; Kaikkien avainten 3\/8&#8243; v\u00e4\u00e4nti\u00e4 helpottaa kirist\u00e4mist\u00e4 oikeaan momenttiin<br \/>\n&#8211; Tarkasti sopivat avaimet eiv\u00e4t vahingoita muovikansia<br \/>\n&#8211; Eritt\u00e4in laaja merkkien ja tyyppien kattavuus<br \/>\n&#8211; Sis\u00e4lt\u00e4\u00e4 yleissuodatinavaimet kaikkia vakiosuodattimia varten<\/p>\n<p>Eritt\u00e4in laaja soveltuuvuus: Audi &#8211; BMW &#8211; Ford &#8211; Mazda &#8211; Toyota &#8211; Lexus &#8211; VW &#8211; Porsche &#8211; Kia &#8211; Mercedes &#8211; Opel &#8211; Volvo &#8211; Seat &#8211; Skoda &#8211; Mini &#8211; Hyundai jne.<\/p>\n<p>&nbsp;<\/p>\n","protected":false},"featured_media":22992,"template":"","meta":{"_et_pb_use_builder":"off","_et_pb_old_content":"Valikoima \u00f6ljynsuodattimen ja suodatinkotelon kansien irroitus- ja asennusty\u00f6kaluja, joita tarvitaan suodatinpanosta vaihdettaessa.\r\n- Kaikkien avainten 3\/8\" v\u00e4\u00e4nti\u00e4 helpottaa kirist\u00e4mist\u00e4 oikeaan momenttiin\r\n- Tarkasti sopivat avaimet eiv\u00e4t vahingoita muovikansia\r\n- Eritt\u00e4in laaja merkkien ja tyyppien kattavuus\r\n- Sis\u00e4lt\u00e4\u00e4 yleissuodatinavaimet kaikkia vakiosuodattimia varten\r\n\r\nSis\u00e4lt\u00f6:\r\n1 x 64,5 x 14 kulmainen 1\r\n1 x 64,5 x 14 kulmainen tyyppi 2\r\n1 x 74,2 x 14 kulmainen\r\n1 x 86,6 x 16 kulmainen\r\n1 x 88,8 x 15 kulmainen\r\n3 x \u00f6ljynsuodatinhylsyavain AV27\/32\/36\r\n1 x yleis\u00f6ljynsuodatinavain 63-83 mm\r\n\r\nSoveltuu esim.:\r\nAudi - BMW - Ford - Mazda - Toyota - Lexus - VW - Porsche - Kia - Mercedes - Opel - Volvo - Seat - Skoda - Mini - Hyundai jne.","_et_gb_content_width":""},"pwb-brand":[1454],"product_brand":[],"product_cat":[750],"product_tag":[],"class_list":{"0":"post-5035","1":"product","2":"type-product","3":"status-publish","4":"has-post-thumbnail","6":"pwb-brand-kstools","7":"product_cat-oljyn-ja-nesteiden-huolto-tyokalut","9":"first","10":"instock","11":"taxable","12":"shipping-taxable","13":"purchasable","14":"product-type-simple"},"brands":[{"id":1454,"name":"Kstools","slug":"kstools"}],"_links":{"self":[{"href":"https:\/\/silikotek.sapartners.site\/index.php\/wp-json\/wp\/v2\/product\/5035","targetHints":{"allow":["GET"]}}],"collection":[{"href":"https:\/\/silikotek.sapartners.site\/index.php\/wp-json\/wp\/v2\/product"}],"about":[{"href":"https:\/\/silikotek.sapartners.site\/index.php\/wp-json\/wp\/v2\/types\/product"}],"wp:featuredmedia":[{"embeddable":true,"href":"https:\/\/silikotek.sapartners.site\/index.php\/wp-json\/wp\/v2\/media\/22992"}],"wp:attachment":[{"href":"https:\/\/silikotek.sapartners.site\/index.php\/wp-json\/wp\/v2\/media?parent=5035"}],"wp:term":[{"taxonomy":"pwb-brand","embeddable":true,"href":"https:\/\/silikotek.sapartners.site\/index.php\/wp-json\/wp\/v2\/pwb-brand?post=5035"},{"taxonomy":"product_brand","embeddable":true,"href":"https:\/\/silikotek.sapartners.site\/index.php\/wp-json\/wp\/v2\/product_brand?post=5035"},{"taxonomy":"product_cat","embeddable":true,"href":"https:\/\/silikotek.sapartners.site\/index.php\/wp-json\/wp\/v2\/product_cat?post=5035"},{"taxonomy":"product_tag","embeddable":true,"href":"https:\/\/silikotek.sapartners.site\/index.php\/wp-json\/wp\/v2\/product_tag?post=5035"}],"curies":[{"name":"wp","href":"https:\/\/api.w.org\/{rel}","templated":true}]}}