{"id":4900,"date":"2014-03-31T10:48:09","date_gmt":"2014-03-31T10:48:09","guid":{"rendered":"http:\/\/192.168.100.222\/target_carts\/wordpress\/wordpress495\/wordpress\/?product=pyorosaha-metalli-hd18-ms-402b"},"modified":"2014-05-11T15:02:59","modified_gmt":"2014-05-11T15:02:59","slug":"pyorosaha-metalli-hd18-ms-402b","status":"publish","type":"product","link":"https:\/\/silikotek.sapartners.site\/index.php\/tuote\/pyorosaha-metalli-hd18-ms-402b\/","title":{"rendered":"PY\u00d6R\u00d6SAHA METALLI HD18 MS-402B"},"content":{"rendered":"<p>Kompakti ja ergonominen M18 metalli saha tarjoaa lis\u00e4\u00e4 kontrollia perinteisiin metallisahaus toimintoihin. Milwaukeen patentoima DPM elektroniikka tarjoaa vallankumouksellista kest\u00e4vyytt\u00e4 &#8211; suojaa sek\u00e4 akkua ett\u00e4 ty\u00f6kalua ylikuormitukselta ja ylikuumenemiselta. Milwaukeen 4-napainen moottori tarjoaa nopeaa leikkaamista ja 3400 r\/min.Sis\u00e4\u00e4nrakennettu LED-valo valaisee ty\u00f6skentelyalueen. Avaimeton syyvyysrajoittimen s\u00e4\u00e4t\u00f6 on helppo s\u00e4\u00e4t\u00e4\u00e4 3-50 mm v\u00e4lille 136 mm ter\u00e4lle. 4,0 Ah Red Li-Ion akku antaa pitk\u00e4n k\u00e4ytt\u00f6ajan ja optimaalisen kest\u00e4vyyden. Akun virtamittari. 30-hampainen sahanter\u00e4. Mukana 80 min laturi, 2 x 4,0 Ah Red Li-Ion akkua, ja kantolaukku<\/p>\n","protected":false},"excerpt":{"rendered":"<p>PY\u00d6R\u00d6SAHA METALLI HD18 MS-402B<\/p>\n","protected":false},"featured_media":4899,"template":"","meta":{"_et_pb_use_builder":"","_et_pb_old_content":"","_et_gb_content_width":""},"pwb-brand":[],"product_brand":[],"product_cat":[737],"product_tag":[],"class_list":{"0":"post-4900","1":"product","2":"type-product","3":"status-publish","4":"has-post-thumbnail","6":"product_cat-akkupyorosahat","8":"first","9":"instock","10":"sale","11":"taxable","12":"shipping-taxable","13":"purchasable","14":"product-type-simple"},"brands":[],"_links":{"self":[{"href":"https:\/\/silikotek.sapartners.site\/index.php\/wp-json\/wp\/v2\/product\/4900","targetHints":{"allow":["GET"]}}],"collection":[{"href":"https:\/\/silikotek.sapartners.site\/index.php\/wp-json\/wp\/v2\/product"}],"about":[{"href":"https:\/\/silikotek.sapartners.site\/index.php\/wp-json\/wp\/v2\/types\/product"}],"wp:featuredmedia":[{"embeddable":true,"href":"https:\/\/silikotek.sapartners.site\/index.php\/wp-json\/wp\/v2\/media\/4899"}],"wp:attachment":[{"href":"https:\/\/silikotek.sapartners.site\/index.php\/wp-json\/wp\/v2\/media?parent=4900"}],"wp:term":[{"taxonomy":"pwb-brand","embeddable":true,"href":"https:\/\/silikotek.sapartners.site\/index.php\/wp-json\/wp\/v2\/pwb-brand?post=4900"},{"taxonomy":"product_brand","embeddable":true,"href":"https:\/\/silikotek.sapartners.site\/index.php\/wp-json\/wp\/v2\/product_brand?post=4900"},{"taxonomy":"product_cat","embeddable":true,"href":"https:\/\/silikotek.sapartners.site\/index.php\/wp-json\/wp\/v2\/product_cat?post=4900"},{"taxonomy":"product_tag","embeddable":true,"href":"https:\/\/silikotek.sapartners.site\/index.php\/wp-json\/wp\/v2\/product_tag?post=4900"}],"curies":[{"name":"wp","href":"https:\/\/api.w.org\/{rel}","templated":true}]}}