{"id":4438,"date":"2014-03-31T10:48:09","date_gmt":"2014-03-31T10:48:09","guid":{"rendered":"http:\/\/192.168.100.222\/target_carts\/wordpress\/wordpress495\/wordpress\/?product=runkonaulain-max-sn883-100ch-34-65-100-34-asteinen"},"modified":"2022-03-29T14:57:44","modified_gmt":"2022-03-29T11:57:44","slug":"runkonaulain-max-sn883-100ch-34-65-100-34-asteinen","status":"publish","type":"product","link":"https:\/\/silikotek.sapartners.site\/index.php\/tuote\/runkonaulain-max-sn883-100ch-34-65-100-34-asteinen\/","title":{"rendered":"Runkonaulain Max SN883-100CH\/34 65-100, 34 asteinen"},"content":{"rendered":"<p>SN883-100CH\/34 runkonaulain 65-100, 34 asteinen.<\/p>\n<p>Mitat: 344 mm x 121 mm x 435 mm<br \/>\nPaino: 3,4 kg<br \/>\nIskuvoima: 122 J<br \/>\nOminaisuudet: Per\u00e4st\u00e4 ladattava, s\u00e4\u00e4dett\u00e4v\u00e4 naulaussyvyys<br \/>\nToimitusvarustus: Varmistimen suoja, vy\u00f6koukku<\/p>\n","protected":false},"excerpt":{"rendered":"<p>SN883-100CH\/34 runkonaulain 65-100, 34 asteinen. Mitat: 344 mm x 121 mm x 435 mm Paino: 3,4 kg Iskuvoima: 122 J Ominaisuudet: Per\u00e4st\u00e4 ladattava, s\u00e4\u00e4dett\u00e4v\u00e4 naulaussyvyys Toimitusvarustus: Varmistimen suoja, vy\u00f6koukku<\/p>\n","protected":false},"featured_media":4437,"template":"","meta":{"_et_pb_use_builder":"","_et_pb_old_content":"","_et_gb_content_width":""},"pwb-brand":[],"product_brand":[],"product_cat":[467,495],"product_tag":[],"class_list":{"0":"post-4438","1":"product","2":"type-product","3":"status-publish","4":"has-post-thumbnail","6":"product_cat-max-naulaimet","7":"product_cat-runkonaulaimet","9":"first","10":"instock","11":"taxable","12":"shipping-taxable","13":"purchasable","14":"product-type-simple"},"brands":[],"_links":{"self":[{"href":"https:\/\/silikotek.sapartners.site\/index.php\/wp-json\/wp\/v2\/product\/4438","targetHints":{"allow":["GET"]}}],"collection":[{"href":"https:\/\/silikotek.sapartners.site\/index.php\/wp-json\/wp\/v2\/product"}],"about":[{"href":"https:\/\/silikotek.sapartners.site\/index.php\/wp-json\/wp\/v2\/types\/product"}],"wp:featuredmedia":[{"embeddable":true,"href":"https:\/\/silikotek.sapartners.site\/index.php\/wp-json\/wp\/v2\/media\/4437"}],"wp:attachment":[{"href":"https:\/\/silikotek.sapartners.site\/index.php\/wp-json\/wp\/v2\/media?parent=4438"}],"wp:term":[{"taxonomy":"pwb-brand","embeddable":true,"href":"https:\/\/silikotek.sapartners.site\/index.php\/wp-json\/wp\/v2\/pwb-brand?post=4438"},{"taxonomy":"product_brand","embeddable":true,"href":"https:\/\/silikotek.sapartners.site\/index.php\/wp-json\/wp\/v2\/product_brand?post=4438"},{"taxonomy":"product_cat","embeddable":true,"href":"https:\/\/silikotek.sapartners.site\/index.php\/wp-json\/wp\/v2\/product_cat?post=4438"},{"taxonomy":"product_tag","embeddable":true,"href":"https:\/\/silikotek.sapartners.site\/index.php\/wp-json\/wp\/v2\/product_tag?post=4438"}],"curies":[{"name":"wp","href":"https:\/\/api.w.org\/{rel}","templated":true}]}}