{"id":4218,"date":"2014-03-31T10:48:09","date_gmt":"2014-03-31T07:48:09","guid":{"rendered":"http:\/\/192.168.100.222\/target_carts\/wordpress\/wordpress495\/wordpress\/?product=suojalasi-zekler-15"},"modified":"2018-12-04T12:52:39","modified_gmt":"2018-12-04T10:52:39","slug":"suojalasi-zekler-15","status":"publish","type":"product","link":"https:\/\/silikotek.sapartners.site\/index.php\/tuote\/suojalasi-zekler-15\/","title":{"rendered":"Zekler 15 Suojalasi Kirkas, Keltainen tai Ruskea"},"content":{"rendered":"<p>Suojalasi ZEKLER 15.<\/p>\n<p>* Polykarbonaattilinssit.<br \/>\n* UV-Suoja<br \/>\n* Kehykset\u00f6n malli.<br \/>\n* Linssien kulma on s\u00e4\u00e4dett\u00e4viss\u00e4.<br \/>\n* Kirkas, keltainen tai ruskea linssi.<br \/>\n* Ruskea = UV400<\/p>\n<p>HC\/AF = K\u00e4sitelty naarmuuntumista ja huurtumista vastaan.<\/p>\n<p>Vastaa EN 166, luokan 1F vaatimuksia. Kirkas ja keltainen linssi my\u00f6s EN 170 ja ruskea linssi my\u00f6s EN 172 vaatimuksia.<\/p>\n","protected":false},"excerpt":{"rendered":"<p>Suojalasi ZEKLER 15<\/p>\n","protected":false},"featured_media":4215,"template":"","meta":{"_et_pb_use_builder":"","_et_pb_old_content":"","_et_gb_content_width":""},"pwb-brand":[1544],"product_brand":[],"product_cat":[1542],"product_tag":[],"class_list":{"0":"post-4218","1":"product","2":"type-product","3":"status-publish","4":"has-post-thumbnail","6":"pwb-brand-zekler","7":"product_cat-suojalasit","8":"pa_varit-keltainen","9":"pa_varit-kirkas","10":"pa_varit-ruskea","12":"first","13":"instock","14":"taxable","15":"shipping-taxable","16":"purchasable","17":"product-type-variable"},"brands":[{"id":1544,"name":"Zekler","slug":"zekler"}],"_links":{"self":[{"href":"https:\/\/silikotek.sapartners.site\/index.php\/wp-json\/wp\/v2\/product\/4218","targetHints":{"allow":["GET"]}}],"collection":[{"href":"https:\/\/silikotek.sapartners.site\/index.php\/wp-json\/wp\/v2\/product"}],"about":[{"href":"https:\/\/silikotek.sapartners.site\/index.php\/wp-json\/wp\/v2\/types\/product"}],"wp:featuredmedia":[{"embeddable":true,"href":"https:\/\/silikotek.sapartners.site\/index.php\/wp-json\/wp\/v2\/media\/4215"}],"wp:attachment":[{"href":"https:\/\/silikotek.sapartners.site\/index.php\/wp-json\/wp\/v2\/media?parent=4218"}],"wp:term":[{"taxonomy":"pwb-brand","embeddable":true,"href":"https:\/\/silikotek.sapartners.site\/index.php\/wp-json\/wp\/v2\/pwb-brand?post=4218"},{"taxonomy":"product_brand","embeddable":true,"href":"https:\/\/silikotek.sapartners.site\/index.php\/wp-json\/wp\/v2\/product_brand?post=4218"},{"taxonomy":"product_cat","embeddable":true,"href":"https:\/\/silikotek.sapartners.site\/index.php\/wp-json\/wp\/v2\/product_cat?post=4218"},{"taxonomy":"product_tag","embeddable":true,"href":"https:\/\/silikotek.sapartners.site\/index.php\/wp-json\/wp\/v2\/product_tag?post=4218"}],"curies":[{"name":"wp","href":"https:\/\/api.w.org\/{rel}","templated":true}]}}