{"id":4075,"date":"2014-03-31T10:48:09","date_gmt":"2014-03-31T10:48:09","guid":{"rendered":"http:\/\/192.168.100.222\/target_carts\/wordpress\/wordpress495\/wordpress\/?product=paineilmahuoltoyksikko-515-3350"},"modified":"2018-09-26T08:47:53","modified_gmt":"2018-09-26T05:47:53","slug":"paineilmahuoltoyksikko-515-3350","status":"publish","type":"product","link":"https:\/\/silikotek.sapartners.site\/index.php\/tuote\/paineilmahuoltoyksikko-515-3350\/","title":{"rendered":"Paineilmahuoltoyksikk\u00f6 515.3350"},"content":{"rendered":"<p>515.3350<br \/>\nPaineilmahuoltoyksikk\u00f6<br \/>\n&#8211; T\u00e4ydellinen yksikk\u00f6 asennettavaksi ennen paineilmaty\u00f6kaluja<br \/>\n&#8211; S\u00e4\u00e4t\u00e4\u00e4 l\u00e4ht\u00f6paineen tulopaineesta riippumatta ja poistaa likahiukkaset<br \/>\nsek\u00e4 kondenssiveden<br \/>\n&#8211; S\u00e4\u00e4dett\u00e4v\u00e4 voitelulaite ja integroitu sein\u00e4kiinnityskulma<br \/>\n&#8211; Likahiukkassuodatin<br \/>\n&#8211; Toimitus ei sis\u00e4ll\u00e4 liittimi\u00e4<br \/>\n&#8211; Paineenalennusventtiili ja painemittari 0 \u2013 12 bar \/ 0 \u2013 160 psi<br \/>\n&#8211; Kondenssiveden erotin tyhjennysventtiileineen<br \/>\n&#8211; Paineilmaty\u00f6kalujen \u00f6ljy\u00e4mislaite<br \/>\n&#8211; Nopeasti vaihdettava suodatin- ja \u00f6ljypes\u00e4<br \/>\n&#8211; Suurin k\u00e4ytt\u00f6paine: 9,5 bar<br \/>\n&#8211; Liit\u00e4nn\u00e4t: kumpikin puoli 3\/8\u201d<\/p>\n","protected":false},"excerpt":{"rendered":"<p>Paineilmahuoltoyksikk\u00f6<\/p>\n","protected":false},"featured_media":4074,"template":"","meta":{"_et_pb_use_builder":"","_et_pb_old_content":"","_et_gb_content_width":""},"pwb-brand":[1454],"product_brand":[],"product_cat":[466],"product_tag":[],"class_list":{"0":"post-4075","1":"product","2":"type-product","3":"status-publish","4":"has-post-thumbnail","6":"pwb-brand-kstools","7":"product_cat-paineilmatyokalut","9":"first","10":"instock","11":"taxable","12":"shipping-taxable","13":"purchasable","14":"product-type-simple"},"brands":[{"id":1454,"name":"Kstools","slug":"kstools"}],"_links":{"self":[{"href":"https:\/\/silikotek.sapartners.site\/index.php\/wp-json\/wp\/v2\/product\/4075","targetHints":{"allow":["GET"]}}],"collection":[{"href":"https:\/\/silikotek.sapartners.site\/index.php\/wp-json\/wp\/v2\/product"}],"about":[{"href":"https:\/\/silikotek.sapartners.site\/index.php\/wp-json\/wp\/v2\/types\/product"}],"wp:featuredmedia":[{"embeddable":true,"href":"https:\/\/silikotek.sapartners.site\/index.php\/wp-json\/wp\/v2\/media\/4074"}],"wp:attachment":[{"href":"https:\/\/silikotek.sapartners.site\/index.php\/wp-json\/wp\/v2\/media?parent=4075"}],"wp:term":[{"taxonomy":"pwb-brand","embeddable":true,"href":"https:\/\/silikotek.sapartners.site\/index.php\/wp-json\/wp\/v2\/pwb-brand?post=4075"},{"taxonomy":"product_brand","embeddable":true,"href":"https:\/\/silikotek.sapartners.site\/index.php\/wp-json\/wp\/v2\/product_brand?post=4075"},{"taxonomy":"product_cat","embeddable":true,"href":"https:\/\/silikotek.sapartners.site\/index.php\/wp-json\/wp\/v2\/product_cat?post=4075"},{"taxonomy":"product_tag","embeddable":true,"href":"https:\/\/silikotek.sapartners.site\/index.php\/wp-json\/wp\/v2\/product_tag?post=4075"}],"curies":[{"name":"wp","href":"https:\/\/api.w.org\/{rel}","templated":true}]}}