{"id":3491,"date":"2014-03-31T10:48:09","date_gmt":"2014-03-31T10:48:09","guid":{"rendered":"http:\/\/192.168.100.222\/target_carts\/wordpress\/wordpress495\/wordpress\/?product=tyontomitta-300-mm-300-0515"},"modified":"2019-02-05T09:17:44","modified_gmt":"2019-02-05T07:17:44","slug":"tyontomitta-300-mm-300-0515","status":"publish","type":"product","link":"https:\/\/silikotek.sapartners.site\/index.php\/tuote\/tyontomitta-300-mm-300-0515\/","title":{"rendered":"Kstools Ty\u00f6nt\u00f6mitta 300 mm 300.0515"},"content":{"rendered":"<p>[et_pb_section bb_built=&#8221;1&#8243;][et_pb_row][et_pb_column type=&#8221;4_4&#8243;][et_pb_video _builder_version=&#8221;3.19.11&#8243; src=&#8221;http:\/\/view.vzaar.com\/16095895\/video&#8221; \/][et_pb_text _builder_version=&#8221;3.19.11&#8243;]<\/p>\n<table class=\"product--properties-table\">\n<tbody>\n<tr class=\"product--properties-item\">\n<td class=\"product--properties-label\">Pakkaus:<\/td>\n<td><span class=\"product--properties-value\">Muovirasia<\/span><\/td>\n<\/tr>\n<tr class=\"product--properties-item\">\n<td class=\"product--properties-label\">N\u00e4ytt\u00f6:<\/td>\n<td><span class=\"product--properties-value\">Asteikko (mekaaninen)<\/span><\/td>\n<\/tr>\n<tr class=\"product--properties-item\">\n<td class=\"product--properties-label\">Materiaali1:<\/td>\n<td><span class=\"product--properties-value\">Ruostumaton ter\u00e4s<\/span><\/td>\n<\/tr>\n<tr class=\"product--properties-item\">\n<td class=\"product--properties-label\">Standardi:<\/td>\n<td><span class=\"product--properties-value\">DIN 862<\/span><\/td>\n<\/tr>\n<tr class=\"product--properties-item\">\n<td class=\"product--properties-label\">Syvyysmitta:<\/td>\n<td><span class=\"product--properties-value\">Litte\u00e4<\/span><\/td>\n<\/tr>\n<tr class=\"product--properties-item\">\n<td class=\"product--properties-label\">Pakkauksen sis\u00e4lt\u00f6:<\/td>\n<td><span class=\"product--properties-value\">1<\/span><\/td>\n<\/tr>\n<tr class=\"product--properties-item\">\n<td class=\"product--properties-label\">Mittaustarkkuus (mm):<\/td>\n<td><span class=\"product--properties-value\">+\/- 0,05<\/span><\/td>\n<\/tr>\n<tr class=\"product--properties-item\">\n<td class=\"product--properties-label\">Kokonaispituus L (mm):<\/td>\n<td><span class=\"product--properties-value\">415.0<\/span><\/td>\n<\/tr>\n<tr class=\"product--properties-item\">\n<td class=\"product--properties-label\">P\u00e4\u00e4n korkeus (A):<\/td>\n<td><span class=\"product--properties-value\">55.0<\/span><\/td>\n<\/tr>\n<tr class=\"product--properties-item\">\n<td class=\"product--properties-label\">Mittausalue (mm):<\/td>\n<td><span class=\"product--properties-value\">0 &#8211; 300<\/span><\/td>\n<\/tr>\n<\/tbody>\n<\/table>\n<p>[\/et_pb_text][\/et_pb_column][\/et_pb_row][\/et_pb_section]<\/p>\n","protected":false},"excerpt":{"rendered":"<div class=\"product--description\">\n<p>DIN 862:n mukainen 300 mm ty\u00f6nt\u00f6mitta lukitusruuvilla ulko-, sis\u00e4-, vaihe- ja syvyysmittauksiin. Musta asteikko, mitat mm-jaolla. T\u00e4ysin kovetettu ja tarkasti ty\u00f6stetty, ruostumatonta ter\u00e4st\u00e4. Tukevassa muovikotelossa.<\/p>\n<\/div>\n","protected":false},"featured_media":19638,"template":"","meta":{"_et_pb_use_builder":"on","_et_pb_old_content":"<p>300.0515 Ty\u00f6nt\u00f6mitta 0-300 mm, asetusruuvilla, tarkkuus +- 0.05 mm. sis\u00e4lt\u00e4\u00e4 kotelon. kokonaispituus 450 mm, paino 250 g. Standarin mukainen DIN 862<\/p>","_et_gb_content_width":""},"pwb-brand":[1454],"product_brand":[],"product_cat":[805],"product_tag":[],"class_list":{"0":"post-3491","1":"product","2":"type-product","3":"status-publish","4":"has-post-thumbnail","6":"pwb-brand-kstools","7":"product_cat-tyontomitat","9":"first","10":"instock","11":"taxable","12":"shipping-taxable","13":"purchasable","14":"product-type-simple"},"brands":[{"id":1454,"name":"Kstools","slug":"kstools"}],"_links":{"self":[{"href":"https:\/\/silikotek.sapartners.site\/index.php\/wp-json\/wp\/v2\/product\/3491","targetHints":{"allow":["GET"]}}],"collection":[{"href":"https:\/\/silikotek.sapartners.site\/index.php\/wp-json\/wp\/v2\/product"}],"about":[{"href":"https:\/\/silikotek.sapartners.site\/index.php\/wp-json\/wp\/v2\/types\/product"}],"wp:featuredmedia":[{"embeddable":true,"href":"https:\/\/silikotek.sapartners.site\/index.php\/wp-json\/wp\/v2\/media\/19638"}],"wp:attachment":[{"href":"https:\/\/silikotek.sapartners.site\/index.php\/wp-json\/wp\/v2\/media?parent=3491"}],"wp:term":[{"taxonomy":"pwb-brand","embeddable":true,"href":"https:\/\/silikotek.sapartners.site\/index.php\/wp-json\/wp\/v2\/pwb-brand?post=3491"},{"taxonomy":"product_brand","embeddable":true,"href":"https:\/\/silikotek.sapartners.site\/index.php\/wp-json\/wp\/v2\/product_brand?post=3491"},{"taxonomy":"product_cat","embeddable":true,"href":"https:\/\/silikotek.sapartners.site\/index.php\/wp-json\/wp\/v2\/product_cat?post=3491"},{"taxonomy":"product_tag","embeddable":true,"href":"https:\/\/silikotek.sapartners.site\/index.php\/wp-json\/wp\/v2\/product_tag?post=3491"}],"curies":[{"name":"wp","href":"https:\/\/api.w.org\/{rel}","templated":true}]}}