{"id":3449,"date":"2014-03-31T10:48:09","date_gmt":"2014-03-31T10:48:09","guid":{"rendered":"http:\/\/192.168.100.222\/target_carts\/wordpress\/wordpress495\/wordpress\/?product=tyokalusalkku-127-os"},"modified":"2024-09-30T09:53:13","modified_gmt":"2024-09-30T06:53:13","slug":"tyokalusalkku-127-os","status":"publish","type":"product","link":"https:\/\/silikotek.sapartners.site\/index.php\/tuote\/tyokalusalkku-127-os\/","title":{"rendered":"Kstools 127-osainen Ty\u00f6kalusarja 911.0727 salkussa"},"content":{"rendered":"<p>Ty\u00f6kalusarja<br \/>\n911.0727 SUPERLOCK yleisty\u00f6kalusarja, 127 osaa<br \/>\n13 x hylsy 1\/4\u201d: 4 &#8211; 4,5 &#8211; 5 &#8211; 5,5 &#8211; 6 &#8211; 7 &#8211; 8 -9 &#8211;<br \/>\n10 &#8211; 11 &#8211; 12 &#8211; 13 &#8211; 14 mm<br \/>\n13 x hylsy 1\/2\u201d: 10 &#8211; 13 &#8211; 14 &#8211; 16 &#8211; 17 &#8211; 18 &#8211; 19 &#8211;<br \/>\n20 &#8211; 22 &#8211; 24 &#8211; 27 &#8211; 30 &#8211; 32 mm<br \/>\n2 x sytytystulppahylsy 1\/2\u201c: 16 + 21 mm<br \/>\n1 x k\u00e4rkisarja 1\/4\u201c, 32 osaa., art.nro 911.2060<br \/>\n3x ura 5,5 &#8211; 6,5 &#8211; 8,0 mm<br \/>\n3x PHILLIPS\u00ae PH 1 &#8211; PH 2 &#8211; PH 3<br \/>\n6x POZIDRIV\u00ae PH 1 &#8211; PH 2 &#8211; PH 3<br \/>\n3x kuusio 4,0 &#8211; 5,0 &#8211; 6,0 mm<br \/>\n15x TORX\u00ae, 2 x T10 &#8211; 3 x T15 &#8211; 2 x T20<br \/>\nP\u00e4\u00e4tyreik\u00e4 3 x T25 &#8211; 3 x T30 &#8211; 2 x T40<br \/>\n1 x magneettinen pikavaihtok\u00e4rjenpidin<br \/>\n1 x hylsyadapteri 1\/4\u201c 4-kulmio ja 1\/4\u201c 6-kulmio<br \/>\n2 x jatkovarsi 1\/4\u201c, 50 &#8211; 100 mm<br \/>\n1 x kardaaninivel 1\/4\u201d<br \/>\n1 x T-liukukahva 1\/4\u201c, 110 mm<br \/>\n1 x r\u00e4ikk\u00e4 1\/4\u201d, pituus = 145 mm,<br \/>\n1 x k\u00e4rkiadapterihylsy 1\/4\u201d, 1\/4\u201d k\u00e4rjille<br \/>\n2 x jatkovarsi 1\/2\u201c, 125 &#8211; 250 mm<br \/>\n1 x kardaaninivel 1\/2\u201d<br \/>\n1 x jatkokappaleen liukukappale 1\/2\u201d,<br \/>\nja adapteri 3\/8\u201c x 1\/2\u201c<br \/>\n1 x r\u00e4ikk\u00e4 1\/2\u201d, pituus 250 mm<br \/>\n1 x kulmatappiavainsarja 3 in 1, 8 osaa<br \/>\nkuusiokolo kuulap\u00e4ineen:<br \/>\nAV 2,0 &#8211; 2,5 &#8211; 3,0 &#8211; 4,0 &#8211; 5,0 &#8211; 6,0 &#8211; 8,0 &#8211; 10,0<br \/>\n1 x kulmatappiavainsarja 3 in 1, 8 osaa<br \/>\nTORX\u00ae, p\u00e4\u00e4tyreik\u00e4<br \/>\nT10 &#8211; T15 &#8211; T20 &#8211; T25 &#8211; T30 &#8211; T40 &#8211; T45 &#8211; T50<br \/>\n4 x ruuvitaltta:<br \/>\n2 x ura 5,5 x 100 mm &#8211; 6,5 x 125 mm<br \/>\n2 x PHILLIPS\u00ae PH 1 x 75 mm &#8211; PH 2 x 100 mm<br \/>\n1 x r\u00e4ikk\u00e4ruuvitaltta 1\/4\u201d, pituus 150 mm<br \/>\nsis. k\u00e4rkitilan ja 6 k\u00e4rke\u00e4<br \/>\n8 x kiintolenkkiavain:<br \/>\nAV 8 &#8211; 9 &#8211; 10 &#8211; 11 &#8211; 13 &#8211; 14 &#8211; 17 &#8211; 19 mm<br \/>\n1 x diagonaalisivuleikkuri, 160 mm<br \/>\n1 x yhdistelm\u00e4pihdit, 180 mm<br \/>\n1 x linjapihdit, 200 mm<br \/>\n1 x vesipumppupihdit 10\u201d, musta<br \/>\n1 x peltisep\u00e4n vasara 300 g<br \/>\n1 x VDE j\u00e4nnitetesteri 140 mm 220-250V<br \/>\n1 x lyhyt ly\u00f6ntipuikko 4,0 x 150 mm pitk\u00e4,<br \/>\nvarsi 9,5 mm<br \/>\n1 x muovipidin<br \/>\n1 x ristiuraruuvitaltta 5 mm<br \/>\n1 x litte\u00e4 ruuvitaltta 12 mm<br \/>\n1 x tuurna 3 mm<br \/>\n1 x pistepuikko 9,5 x 120 mm pituus<br \/>\n1 x hohtimet, 200 mm<br \/>\n1 x rullakiintoavain 10\u201c, 250 mm<br \/>\n1 x yleiskorjaamosakset 145 mm<br \/>\n1 x puolipy\u00f6re\u00e4 viila DIN7261, muoto E, teritys 2<br \/>\n1 x pienk\u00e4sisarja yleissahanterineen<br \/>\n3 x yleissahanter\u00e4<br \/>\n1 x yleisveitsi, kaksikomponenttikahva<br \/>\n1 x kaapelikenk\u00e4pihdit, kaksikomponenttikahva<br \/>\n1 x ty\u00f6nt\u00f6mitta 0 &#8211; 150 mm<br \/>\n1 x alumiinivesivaaka, 3 kuplaa,<br \/>\n400 mm pituus<br \/>\n1 x mittanauha 5 m x 19 mm<br \/>\n1 x lajitelma kaapelikenki\u00e4, kaapelikorvakkeita jne.,<br \/>\n40 osaa<\/p>\n<p>&nbsp;<\/p>\n","protected":false},"excerpt":{"rendered":"<p>Jokaisen unelma, 40-os ty\u00f6kalusalkku<\/p>\n","protected":false},"featured_media":22632,"template":"","meta":{"_et_pb_use_builder":"","_et_pb_old_content":"","_et_gb_content_width":""},"pwb-brand":[1454],"product_brand":[],"product_cat":[836,1618],"product_tag":[1617],"class_list":{"0":"post-3449","1":"product","2":"type-product","3":"status-publish","4":"has-post-thumbnail","6":"pwb-brand-kstools","7":"product_cat-tyokalulaukut","8":"product_cat-tyokalusarjat","9":"product_tag-hylsysarja-tyokaluilla","11":"first","12":"instock","13":"taxable","14":"shipping-taxable","15":"purchasable","16":"product-type-simple"},"brands":[{"id":1454,"name":"Kstools","slug":"kstools"}],"_links":{"self":[{"href":"https:\/\/silikotek.sapartners.site\/index.php\/wp-json\/wp\/v2\/product\/3449","targetHints":{"allow":["GET"]}}],"collection":[{"href":"https:\/\/silikotek.sapartners.site\/index.php\/wp-json\/wp\/v2\/product"}],"about":[{"href":"https:\/\/silikotek.sapartners.site\/index.php\/wp-json\/wp\/v2\/types\/product"}],"wp:featuredmedia":[{"embeddable":true,"href":"https:\/\/silikotek.sapartners.site\/index.php\/wp-json\/wp\/v2\/media\/22632"}],"wp:attachment":[{"href":"https:\/\/silikotek.sapartners.site\/index.php\/wp-json\/wp\/v2\/media?parent=3449"}],"wp:term":[{"taxonomy":"pwb-brand","embeddable":true,"href":"https:\/\/silikotek.sapartners.site\/index.php\/wp-json\/wp\/v2\/pwb-brand?post=3449"},{"taxonomy":"product_brand","embeddable":true,"href":"https:\/\/silikotek.sapartners.site\/index.php\/wp-json\/wp\/v2\/product_brand?post=3449"},{"taxonomy":"product_cat","embeddable":true,"href":"https:\/\/silikotek.sapartners.site\/index.php\/wp-json\/wp\/v2\/product_cat?post=3449"},{"taxonomy":"product_tag","embeddable":true,"href":"https:\/\/silikotek.sapartners.site\/index.php\/wp-json\/wp\/v2\/product_tag?post=3449"}],"curies":[{"name":"wp","href":"https:\/\/api.w.org\/{rel}","templated":true}]}}