{"id":3417,"date":"2014-03-31T10:48:09","date_gmt":"2014-03-31T10:48:09","guid":{"rendered":"http:\/\/192.168.100.222\/target_carts\/wordpress\/wordpress495\/wordpress\/?product=teleskoopivaunu"},"modified":"2024-09-30T09:53:02","modified_gmt":"2024-09-30T06:53:02","slug":"teleskoopivaunu","status":"publish","type":"product","link":"https:\/\/silikotek.sapartners.site\/index.php\/tuote\/teleskoopivaunu\/","title":{"rendered":"Kstools Teleskoopivaunu 500.8100"},"content":{"rendered":"<div class=\"detail-middle--description\">\n<div class=\"product--description\">\n<ul>\n<li class=\"liste\">sopii erinomaisesti korin kunnossapitoon, maalatulle pinnalle, lasien poistoon liimamateriaalia poistettaessa tai lis\u00e4tt\u00e4ess\u00e4 jne.<\/li>\n<li class=\"liste\">putket liukumisen est\u00e4v\u00e4\u00e4 verhoilua, takaa ihanteellisen pidon ja suojaa naarmuilta<\/li>\n<li class=\"liste\">yleisk\u00e4ytt\u00f6inen: leveys ja korkeus ovat portaattomasti s\u00e4\u00e4dett\u00e4viss\u00e4 ja lukittavissa<\/li>\n<li class=\"liste\">l\u00e4hes kaikkiin lasikokoihin<\/li>\n<li class=\"liste\">sopii my\u00f6s ty\u00f6tasoksi tai osien s\u00e4ilytykseen<\/li>\n<li class=\"liste\">yhteentaitettava, s\u00e4\u00e4st\u00e4\u00e4 tilaa<\/li>\n<li class=\"liste\">4 vakaata rullapy\u00f6r\u00e4\u00e4, kahdessa lukitusjarru<\/li>\n<li class=\"liste\">helppok\u00e4ytt\u00f6inen<\/li>\n<li class=\"liste\">kest\u00e4\u00e4 kuormitusta 100 kg asti<\/li>\n<li class=\"liste\">vankka nelikulmaputkirakenne<\/li>\n<\/ul>\n<\/div>\n<\/div>\n<div class=\"detail-middle--properties\">\n<h2 class=\"h4\">Ominaisuudet<\/h2>\n<div class=\"product--properties panel\">\n<table class=\"product--properties-table\">\n<tbody>\n<tr class=\"product--properties-item\">\n<td class=\"product--properties-label\">V\u00e4ri:<\/td>\n<td><span class=\"product--properties-value\">Punainen<\/span><\/td>\n<\/tr>\n<tr class=\"product--properties-item\">\n<td class=\"product--properties-label\">Materiaali1:<\/td>\n<td><span class=\"product--properties-value\">Ter\u00e4sputki<\/span><\/td>\n<\/tr>\n<tr class=\"product--properties-item\">\n<td class=\"product--properties-label\">Rullapy\u00f6rien m\u00e4\u00e4r\u00e4:<\/td>\n<td><span class=\"product--properties-value\">4<\/span><\/td>\n<\/tr>\n<tr class=\"product--properties-item\">\n<td class=\"product--properties-label\">Py\u00f6r\u00e4n pys\u00e4ytin:<\/td>\n<td><span class=\"product--properties-value\">Kyll\u00e4<\/span><\/td>\n<\/tr>\n<tr class=\"product--properties-item\">\n<td class=\"product--properties-label\">Rengastustyyppi:<\/td>\n<td><span class=\"product--properties-value\">Muovi<\/span><\/td>\n<\/tr>\n<tr class=\"product--properties-item\">\n<td class=\"product--properties-label\">Pakkauksen sis\u00e4lt\u00f6:<\/td>\n<td><span class=\"product--properties-value\">1<\/span><\/td>\n<\/tr>\n<tr class=\"product--properties-item\">\n<td class=\"product--properties-label\">Kantokyky, kg:<\/td>\n<td><span class=\"product--properties-value\">100<\/span><\/td>\n<\/tr>\n<tr class=\"product--properties-item\">\n<td class=\"product--properties-label\">Paino g:<\/td>\n<td><span class=\"product--properties-value\">23500<\/span><\/td>\n<\/tr>\n<tr class=\"product--properties-item\">\n<td class=\"product--properties-label\">Toimintoattribuutti 1:<\/td>\n<td><span class=\"product--properties-value\">Teleskooppi<\/span><\/td>\n<\/tr>\n<tr class=\"product--properties-item\">\n<td class=\"product--properties-label\">Korkeus max, mm:<\/td>\n<td><span class=\"product--properties-value\">1320<\/span><\/td>\n<\/tr>\n<tr class=\"product--properties-item\">\n<td class=\"product--properties-label\">Korkeus min, mm:<\/td>\n<td><span class=\"product--properties-value\">845<\/span><\/td>\n<\/tr>\n<tr class=\"product--properties-item\">\n<td class=\"product--properties-label\">Pituus, mm:<\/td>\n<td><span class=\"product--properties-value\">1320<\/span><\/td>\n<\/tr>\n<tr class=\"product--properties-item\">\n<td class=\"product--properties-label\">Enimm\u00e4isleveys, mm:<\/td>\n<td><span class=\"product--properties-value\">1380<\/span><\/td>\n<\/tr>\n<tr class=\"product--properties-item\">\n<td class=\"product--properties-label\">min. leveys mm:<\/td>\n<td><span class=\"product--properties-value\">257<\/span><\/td>\n<\/tr>\n<\/tbody>\n<\/table>\n<\/div>\n<\/div>\n","protected":false},"excerpt":{"rendered":"<div>Yleisk\u00e4ytt\u00f6inen teleskooppi monitoimivaunu sopii korin kunnossapitoon sek\u00e4 maalatulle pinnalle tai tuulilasille. Korkeus ja leveys ovat s\u00e4\u00e4dett\u00e4viss\u00e4. Yhteentaitettava, joten s\u00e4\u00e4st\u00e4\u00e4 tilaa.<\/div>\n<div>Liukumisen est\u00e4v\u00e4 kumipinnoite est\u00e4\u00e4 naarmujen syntymiselt\u00e4. Kest\u00e4\u00e4 kuormitusta 100 kg asti<\/div>\n","protected":false},"featured_media":20351,"template":"","meta":{"_et_pb_use_builder":"","_et_pb_old_content":"","_et_gb_content_width":""},"pwb-brand":[1454],"product_brand":[],"product_cat":[749,754],"product_tag":[],"class_list":{"0":"post-3417","1":"product","2":"type-product","3":"status-publish","4":"has-post-thumbnail","6":"pwb-brand-kstools","7":"product_cat-tuulilasi-tyokalut","8":"product_cat-kori-tyokalut","10":"first","11":"instock","12":"taxable","13":"shipping-taxable","14":"purchasable","15":"product-type-simple"},"brands":[{"id":1454,"name":"Kstools","slug":"kstools"}],"_links":{"self":[{"href":"https:\/\/silikotek.sapartners.site\/index.php\/wp-json\/wp\/v2\/product\/3417","targetHints":{"allow":["GET"]}}],"collection":[{"href":"https:\/\/silikotek.sapartners.site\/index.php\/wp-json\/wp\/v2\/product"}],"about":[{"href":"https:\/\/silikotek.sapartners.site\/index.php\/wp-json\/wp\/v2\/types\/product"}],"wp:featuredmedia":[{"embeddable":true,"href":"https:\/\/silikotek.sapartners.site\/index.php\/wp-json\/wp\/v2\/media\/20351"}],"wp:attachment":[{"href":"https:\/\/silikotek.sapartners.site\/index.php\/wp-json\/wp\/v2\/media?parent=3417"}],"wp:term":[{"taxonomy":"pwb-brand","embeddable":true,"href":"https:\/\/silikotek.sapartners.site\/index.php\/wp-json\/wp\/v2\/pwb-brand?post=3417"},{"taxonomy":"product_brand","embeddable":true,"href":"https:\/\/silikotek.sapartners.site\/index.php\/wp-json\/wp\/v2\/product_brand?post=3417"},{"taxonomy":"product_cat","embeddable":true,"href":"https:\/\/silikotek.sapartners.site\/index.php\/wp-json\/wp\/v2\/product_cat?post=3417"},{"taxonomy":"product_tag","embeddable":true,"href":"https:\/\/silikotek.sapartners.site\/index.php\/wp-json\/wp\/v2\/product_tag?post=3417"}],"curies":[{"name":"wp","href":"https:\/\/api.w.org\/{rel}","templated":true}]}}