{"id":3340,"date":"2014-03-31T10:48:09","date_gmt":"2014-03-31T10:48:09","guid":{"rendered":"http:\/\/192.168.100.222\/target_carts\/wordpress\/wordpress495\/wordpress\/?product=letkunkiristin-tyokalu-sarja"},"modified":"2024-09-30T09:52:53","modified_gmt":"2024-09-30T06:52:53","slug":"letkunkiristin-tyokalu-sarja","status":"publish","type":"product","link":"https:\/\/silikotek.sapartners.site\/index.php\/tuote\/letkunkiristin-tyokalu-sarja\/","title":{"rendered":"Kstools 7-osainen Letkunkiristinpihtisarja 115.1055"},"content":{"rendered":"<p><iframe loading=\"lazy\" width=\"560\" height=\"315\" src=\"http:\/\/view.vzaar.com\/16322136\/video\" frameborder=\"0\" allowfullscreen><\/iframe><\/p>\n","protected":false},"excerpt":{"rendered":"<p>115.1055 Auotojen letkunkiristin ty\u00f6kalusarja, 7-osaa.<\/p>\n<div class=\"product--description\">\n<ul>\n<li class=\"liste\">eristetyill\u00e4 kahvoilla<\/li>\n<li class=\"liste\">Cobra-letkukiristinten avaamiseen ja sulkemiseen<\/li>\n<li class=\"liste\">liikkuvat puristusleuat<\/li>\n<li class=\"liste\">sis\u00e4lt\u00e4\u00e4 lukituksen ja pid\u00e4tintoiminnon<\/li>\n<li class=\"liste\">itseavautuva mekanismi<\/li>\n<li class=\"liste\">letkunkiristinten asentamiseen ja irrottamiseen<\/li>\n<li class=\"liste\">sis\u00e4lt\u00e4\u00e4 bowdenkaapelin<\/li>\n<li class=\"liste\">kromimolybdeeni\u00e4<\/li>\n<\/ul>\n<\/div>\n","protected":false},"featured_media":20915,"template":"","meta":{"_et_pb_use_builder":"","_et_pb_old_content":"","_et_gb_content_width":""},"pwb-brand":[1454],"product_brand":[],"product_cat":[750],"product_tag":[],"class_list":{"0":"post-3340","1":"product","2":"type-product","3":"status-publish","4":"has-post-thumbnail","6":"pwb-brand-kstools","7":"product_cat-oljyn-ja-nesteiden-huolto-tyokalut","9":"first","10":"instock","11":"taxable","12":"shipping-taxable","13":"purchasable","14":"product-type-simple"},"brands":[{"id":1454,"name":"Kstools","slug":"kstools"}],"_links":{"self":[{"href":"https:\/\/silikotek.sapartners.site\/index.php\/wp-json\/wp\/v2\/product\/3340","targetHints":{"allow":["GET"]}}],"collection":[{"href":"https:\/\/silikotek.sapartners.site\/index.php\/wp-json\/wp\/v2\/product"}],"about":[{"href":"https:\/\/silikotek.sapartners.site\/index.php\/wp-json\/wp\/v2\/types\/product"}],"wp:featuredmedia":[{"embeddable":true,"href":"https:\/\/silikotek.sapartners.site\/index.php\/wp-json\/wp\/v2\/media\/20915"}],"wp:attachment":[{"href":"https:\/\/silikotek.sapartners.site\/index.php\/wp-json\/wp\/v2\/media?parent=3340"}],"wp:term":[{"taxonomy":"pwb-brand","embeddable":true,"href":"https:\/\/silikotek.sapartners.site\/index.php\/wp-json\/wp\/v2\/pwb-brand?post=3340"},{"taxonomy":"product_brand","embeddable":true,"href":"https:\/\/silikotek.sapartners.site\/index.php\/wp-json\/wp\/v2\/product_brand?post=3340"},{"taxonomy":"product_cat","embeddable":true,"href":"https:\/\/silikotek.sapartners.site\/index.php\/wp-json\/wp\/v2\/product_cat?post=3340"},{"taxonomy":"product_tag","embeddable":true,"href":"https:\/\/silikotek.sapartners.site\/index.php\/wp-json\/wp\/v2\/product_tag?post=3340"}],"curies":[{"name":"wp","href":"https:\/\/api.w.org\/{rel}","templated":true}]}}