{"id":3226,"date":"2014-03-31T10:48:09","date_gmt":"2014-03-31T10:48:09","guid":{"rendered":"http:\/\/192.168.100.222\/target_carts\/wordpress\/wordpress495\/wordpress\/?product=metallivannesaha-sbg-4908-flex"},"modified":"2019-06-30T00:00:30","modified_gmt":"2019-06-29T21:00:30","slug":"metallivannesaha-sbg-4908-flex","status":"publish","type":"product","link":"https:\/\/silikotek.sapartners.site\/index.php\/tuote\/metallivannesaha-sbg-4908-flex\/","title":{"rendered":"Flex Metallivannesaha SBG 4910"},"content":{"rendered":"<p>T\u00e4st\u00e4 \u00e4\u00e4rimm\u00e4isen k\u00e4tev\u00e4 vannesaha mit\u00e4 erilaisempiin sahauksiin. Vannesaha k\u00e4sik\u00e4ytt\u00f6isen\u00e4 tai p\u00f6yd\u00e4n kanssa<\/p>\n<ul class=\"contentlist productDetail__featureList js-toggle-list\">\n<li class=\"productDetail__featureListItem \">2 ter\u00e4n nopeutta: Umpi-ja putkimateriaalien katkaisuun<\/li>\n<li class=\"productDetail__featureListItem \">Suositellut ter\u00e4n nopeudet: Nopeus I, umpiter\u00e4s, ruostumaton ter\u00e4s, alumiini; Nopeus II, ter\u00e4s-, ruostumaton ter\u00e4s- ja alumiiniputket<\/li>\n<li class=\"productDetail__featureListItem \">Sahaaminen vapaalla k\u00e4dell\u00e4: 90\u00b0 suorakatkaisu py\u00f6re\u00e4t ja suorakulmaiset profiilit korkeintaan 80 mm, suorakulmaiset kappaleet poikkileikkaus korkeintaan 100 x 80 mm<\/li>\n<li class=\"productDetail__featureListItem fadeInDown\">Leikkauskulman portaaton s\u00e4\u00e4t\u00f6 0:sta 45:een asteeseen<\/li>\n<li class=\"productDetail__featureListItem fadeInDown\">Varustettu p\u00f6yd\u00e4ll\u00e4, josta irroittaminen k\u00e4y helposti vapaalla k\u00e4dell\u00e4 k\u00e4ytt\u00f6\u00e4 varten<\/li>\n<li class=\"productDetail__featureListItem fadeInDown\">Sahanter\u00e4n ohjaus: Kuulalaakeroitu 3-pisteohjaus takaa tarkan ter\u00e4ohjauksen<\/li>\n<li class=\"productDetail__featureListItem fadeInDown\">Kahvaohjaus: Nopea ty\u00f6n ohjaus ja helppo sahan kuljetus<\/li>\n<li class=\"productDetail__featureListItem fadeInDown\">Turvakytkin: Kone ei k\u00e4ynnisty uudestaan virtakatkosten j\u00e4lkeen<\/li>\n<li class=\"productDetail__featureListItem fadeInDown\">K\u00e4ytt\u00f6 ilman leikkuunestett\u00e4<\/li>\n<li class=\"productDetail__featureListItem fadeInDown\">Erityisesti ymp\u00e4rist\u00f6\u00f6n miss\u00e4 on tulipalovaara, SBG sahaa metallia ilman kipin\u00f6it\u00e4<\/li>\n<\/ul>\n<p>&nbsp;<\/p>\n","protected":false},"excerpt":{"rendered":"<h2><span style=\"font-size: 10pt;\"><strong>Metallivannesaha kallistettavalla ja irroitettavalla sahausyksik\u00f6ll\u00e4<\/strong><\/span><\/h2>\n","protected":false},"featured_media":3224,"template":"","meta":{"_et_pb_use_builder":"","_et_pb_old_content":"","_et_gb_content_width":""},"pwb-brand":[1458],"product_brand":[],"product_cat":[379,444],"product_tag":[],"class_list":{"0":"post-3226","1":"product","2":"type-product","3":"status-publish","4":"has-post-thumbnail","6":"pwb-brand-flex","7":"product_cat-vannesahat","8":"product_cat-flex","10":"first","11":"instock","12":"taxable","13":"shipping-taxable","14":"purchasable","15":"product-type-simple"},"brands":[{"id":1458,"name":"Flex","slug":"flex"}],"_links":{"self":[{"href":"https:\/\/silikotek.sapartners.site\/index.php\/wp-json\/wp\/v2\/product\/3226","targetHints":{"allow":["GET"]}}],"collection":[{"href":"https:\/\/silikotek.sapartners.site\/index.php\/wp-json\/wp\/v2\/product"}],"about":[{"href":"https:\/\/silikotek.sapartners.site\/index.php\/wp-json\/wp\/v2\/types\/product"}],"wp:featuredmedia":[{"embeddable":true,"href":"https:\/\/silikotek.sapartners.site\/index.php\/wp-json\/wp\/v2\/media\/3224"}],"wp:attachment":[{"href":"https:\/\/silikotek.sapartners.site\/index.php\/wp-json\/wp\/v2\/media?parent=3226"}],"wp:term":[{"taxonomy":"pwb-brand","embeddable":true,"href":"https:\/\/silikotek.sapartners.site\/index.php\/wp-json\/wp\/v2\/pwb-brand?post=3226"},{"taxonomy":"product_brand","embeddable":true,"href":"https:\/\/silikotek.sapartners.site\/index.php\/wp-json\/wp\/v2\/product_brand?post=3226"},{"taxonomy":"product_cat","embeddable":true,"href":"https:\/\/silikotek.sapartners.site\/index.php\/wp-json\/wp\/v2\/product_cat?post=3226"},{"taxonomy":"product_tag","embeddable":true,"href":"https:\/\/silikotek.sapartners.site\/index.php\/wp-json\/wp\/v2\/product_tag?post=3226"}],"curies":[{"name":"wp","href":"https:\/\/api.w.org\/{rel}","templated":true}]}}