{"id":3100,"date":"2014-03-31T10:48:09","date_gmt":"2014-03-31T10:48:09","guid":{"rendered":"http:\/\/192.168.100.222\/target_carts\/wordpress\/wordpress495\/wordpress\/?product=evolution-poytasirkkeli-rage4"},"modified":"2014-11-11T14:24:22","modified_gmt":"2014-11-11T14:24:22","slug":"evolution-poytasirkkeli-rage4","status":"publish","type":"product","link":"https:\/\/silikotek.sapartners.site\/index.php\/tuote\/evolution-poytasirkkeli-rage4\/","title":{"rendered":"Evolution p\u00f6yt\u00e4sirkkeli RAGE4"},"content":{"rendered":"<p>P\u00f6yt\u00e4sirkkeli RAGE4, 185 mm, 1250W, sahaa ter\u00e4st\u00e4, alumiinia, muovia, puuta samalla ter\u00e4ll\u00e4. L\u00e4hes kipin\u00e4t\u00f6n, leikuuneste on tarpeeton. <\/p>\n","protected":false},"excerpt":{"rendered":"<p>P\u00f6yt\u00e4sirkkeli RAGE4, 185 mm, 1250W, sahaa ter\u00e4st\u00e4, alumiinia, muovia, puuta samalla ter\u00e4ll\u00e4. L\u00e4hes kipin\u00e4t\u00f6n, leikuuneste on tarpeeton.<\/p>\n","protected":false},"featured_media":3099,"template":"","meta":{"_et_pb_use_builder":"","_et_pb_old_content":"","_et_gb_content_width":""},"pwb-brand":[],"product_brand":[],"product_cat":[437],"product_tag":[],"class_list":{"0":"post-3100","1":"product","2":"type-product","3":"status-publish","4":"has-post-thumbnail","6":"product_cat-evolution","8":"first","9":"instock","10":"sale","11":"taxable","12":"shipping-taxable","13":"purchasable","14":"product-type-simple"},"brands":[],"_links":{"self":[{"href":"https:\/\/silikotek.sapartners.site\/index.php\/wp-json\/wp\/v2\/product\/3100","targetHints":{"allow":["GET"]}}],"collection":[{"href":"https:\/\/silikotek.sapartners.site\/index.php\/wp-json\/wp\/v2\/product"}],"about":[{"href":"https:\/\/silikotek.sapartners.site\/index.php\/wp-json\/wp\/v2\/types\/product"}],"wp:featuredmedia":[{"embeddable":true,"href":"https:\/\/silikotek.sapartners.site\/index.php\/wp-json\/wp\/v2\/media\/3099"}],"wp:attachment":[{"href":"https:\/\/silikotek.sapartners.site\/index.php\/wp-json\/wp\/v2\/media?parent=3100"}],"wp:term":[{"taxonomy":"pwb-brand","embeddable":true,"href":"https:\/\/silikotek.sapartners.site\/index.php\/wp-json\/wp\/v2\/pwb-brand?post=3100"},{"taxonomy":"product_brand","embeddable":true,"href":"https:\/\/silikotek.sapartners.site\/index.php\/wp-json\/wp\/v2\/product_brand?post=3100"},{"taxonomy":"product_cat","embeddable":true,"href":"https:\/\/silikotek.sapartners.site\/index.php\/wp-json\/wp\/v2\/product_cat?post=3100"},{"taxonomy":"product_tag","embeddable":true,"href":"https:\/\/silikotek.sapartners.site\/index.php\/wp-json\/wp\/v2\/product_tag?post=3100"}],"curies":[{"name":"wp","href":"https:\/\/api.w.org\/{rel}","templated":true}]}}