{"id":2907,"date":"2014-03-31T10:48:09","date_gmt":"2014-03-31T10:48:09","guid":{"rendered":"http:\/\/192.168.100.222\/target_carts\/wordpress\/wordpress495\/wordpress\/?product=kulmahiomakone-agv-21-230-gex-dms"},"modified":"2014-12-08T08:49:49","modified_gmt":"2014-12-08T08:49:49","slug":"kulmahiomakone-agv-21-230-gex-dms","status":"publish","type":"product","link":"https:\/\/silikotek.sapartners.site\/index.php\/tuote\/kulmahiomakone-agv-21-230-gex-dms\/","title":{"rendered":"Kulmahiomakone AGV 21-230 GEX\/DMS"},"content":{"rendered":"<p>Tehokas kulmahiomakone Autobalancer -t\u00e4rin\u00e4nvaimennuksella.<\/p>\n<p>\u2022 AVS:ll\u00e4 varustettu moottoripes\u00e4 ja lis\u00e4kahva antavat <br \/>k\u00e4ytt\u00f6mukavuutta ja v\u00e4hent\u00e4v\u00e4t niveliin aiheutuvaa painetta<br \/>\u2022 PROTECTOR-moottori \u2013 epoxy-p\u00e4\u00e4llyste ja Heavy-Duty k\u00e4\u00e4mit<br \/>lis\u00e4\u00e4v\u00e4t ty\u00f6kalun k\u00e4ytt\u00f6ik\u00e4\u00e4<br \/>\u2022 Pehme\u00e4 k\u00e4ynnistys ja linjan sulkutoiminne<\/p>\n<p>Lis\u00e4n\u00e4 kuolleen miehen katkaisija<\/p>\n<p>Tekniset tiedot: <br \/>Ottoteho: 2100 W<br \/>Hiomalaikan halkaisija: 230 mm<br \/>Tyhj\u00e4k\u00e4yntikierrosluku: 6600 r\/min<br \/>Karan kierre: M 14<br \/>Katkaisusyvyys, maks.: 68,0 mm<br \/>Paino: 5,4 kg<\/p>\n<p>Vakiovarusteet: Laatikko, rikkomasuojus pikalukituksella, AVS-<br \/>tukikahva, 4 m kaapeli, v\u00e4\u00e4nt\u00f6avain. <\/p>\n<p>Hinta 299 \u20ac sis. alv<\/p>\n<p>Tuotenumero: 4933 4025 25<br \/>EAN: 4002395 23415 8<\/p>\n","protected":false},"excerpt":{"rendered":"<p>Tehokas kulmahiomakone Autobalancer -t\u00e4rin\u00e4nvaimennuksella. \u2022 AVS:ll\u00e4 varustettu moottoripes\u00e4 ja lis\u00e4kahva antavat k\u00e4ytt\u00f6mukavuutta ja v\u00e4hent\u00e4v\u00e4t niveliin aiheutuvaa painetta\u2022 PROTECTOR-moottori \u2013 epoxy-p\u00e4\u00e4llyste ja Heavy-Duty k\u00e4\u00e4mitlis\u00e4\u00e4v\u00e4t ty\u00f6kalun k\u00e4ytt\u00f6ik\u00e4\u00e4\u2022 Pehme\u00e4 k\u00e4ynnistys ja linjan sulkutoiminne Lis\u00e4n\u00e4 kuolleen miehen katkaisija Tekniset tiedot: Ottoteho: 2100 WHiomalaikan halkaisija: 230 mmTyhj\u00e4k\u00e4yntikierrosluku: 6600 r\/minKaran kierre: M 14Katkaisusyvyys, maks.: 68,0 mmPaino: 5,4 kg Vakiovarusteet: Laatikko, rikkomasuojus [&hellip;]<\/p>\n","protected":false},"featured_media":2906,"template":"","meta":{"_et_pb_use_builder":"","_et_pb_old_content":"","_et_gb_content_width":""},"pwb-brand":[],"product_brand":[],"product_cat":[360],"product_tag":[],"class_list":{"0":"post-2907","1":"product","2":"type-product","3":"status-publish","4":"has-post-thumbnail","6":"product_cat-kulmahiomakoneet-230-mm","8":"first","9":"instock","10":"sale","11":"taxable","12":"shipping-taxable","13":"purchasable","14":"product-type-simple"},"brands":[],"_links":{"self":[{"href":"https:\/\/silikotek.sapartners.site\/index.php\/wp-json\/wp\/v2\/product\/2907","targetHints":{"allow":["GET"]}}],"collection":[{"href":"https:\/\/silikotek.sapartners.site\/index.php\/wp-json\/wp\/v2\/product"}],"about":[{"href":"https:\/\/silikotek.sapartners.site\/index.php\/wp-json\/wp\/v2\/types\/product"}],"wp:featuredmedia":[{"embeddable":true,"href":"https:\/\/silikotek.sapartners.site\/index.php\/wp-json\/wp\/v2\/media\/2906"}],"wp:attachment":[{"href":"https:\/\/silikotek.sapartners.site\/index.php\/wp-json\/wp\/v2\/media?parent=2907"}],"wp:term":[{"taxonomy":"pwb-brand","embeddable":true,"href":"https:\/\/silikotek.sapartners.site\/index.php\/wp-json\/wp\/v2\/pwb-brand?post=2907"},{"taxonomy":"product_brand","embeddable":true,"href":"https:\/\/silikotek.sapartners.site\/index.php\/wp-json\/wp\/v2\/product_brand?post=2907"},{"taxonomy":"product_cat","embeddable":true,"href":"https:\/\/silikotek.sapartners.site\/index.php\/wp-json\/wp\/v2\/product_cat?post=2907"},{"taxonomy":"product_tag","embeddable":true,"href":"https:\/\/silikotek.sapartners.site\/index.php\/wp-json\/wp\/v2\/product_tag?post=2907"}],"curies":[{"name":"wp","href":"https:\/\/api.w.org\/{rel}","templated":true}]}}