{"id":28552,"date":"2024-01-04T15:54:13","date_gmt":"2024-01-04T13:54:13","guid":{"rendered":"https:\/\/silikotek.sapartners.site\/index.php\/tuote\/street\/"},"modified":"2024-01-04T15:54:49","modified_gmt":"2024-01-04T13:54:49","slug":"street","status":"publish","type":"product","link":"https:\/\/silikotek.sapartners.site\/index.php\/tuote\/street\/","title":{"rendered":"STREET"},"content":{"rendered":"<p>Ovandelen \u00e4r av svart narvskinn som beh\u00e5ller sin form v\u00e4l och \u00e4r vattenavst\u00f6tande. 3D-dry\u00ae-fodret h\u00e5ller dina f\u00f6tter torra och fr\u00e4scha l\u00e4nge. Den elastiska FlexStep\u00ae-sulan \u00e4r tillverkad av polyuretan och d\u00e4mpar st\u00f6tar som riktas mot f\u00f6tter och rygg. Sievi Comfort-sulan \u00e4r l\u00f6stagbar, antistatisk och uppfyller ESD-normerna, andas och kan tv\u00e4ttas i maskin vid 40 \u02daC. ESD-godk\u00e4nd.<\/p>\n","protected":false},"excerpt":{"rendered":"<p>P\u00e4\u00e4llinen on mustaa pintanahkaa, joka s\u00e4ilytt\u00e4\u00e4 hyvin muotonsa ja hylkii vett\u00e4. 3D-dry\u00ae-vuori pit\u00e4\u00e4 jalkasi kuivina ja raikkaina pitk\u00e4\u00e4n. Joustava Flexstep\u00ae -pohja on valmistettu polyuretaanista, joka vaimentaa selk\u00e4\u00e4n ja jalkoihin kohdistuvia iskuja. Pohjallinen on irrotettava, antistaattinen ja ESD-normit t\u00e4ytt\u00e4v\u00e4, hengitt\u00e4v\u00e4 ja konepest\u00e4v\u00e4 (40\u02daC) Sievi Comfort -pohjallinen.<\/p>\n","protected":false},"featured_media":28551,"template":"","meta":{"_et_pb_use_builder":"","_et_pb_old_content":"","_et_gb_content_width":""},"pwb-brand":[],"product_brand":[],"product_cat":[1434],"product_tag":[],"class_list":{"0":"post-28552","1":"product","2":"type-product","3":"status-publish","4":"has-post-thumbnail","6":"product_cat-uncategorized","7":"pa_kenkakoko-1016","8":"pa_kenkakoko-1017","9":"pa_kenkakoko-1018","10":"pa_kenkakoko-1019","11":"pa_kenkakoko-1020","12":"pa_kenkakoko-1021","13":"pa_kenkakoko-1022","14":"pa_kenkakoko-1023","15":"pa_kenkakoko-1024","16":"pa_kenkakoko-1029","18":"first","19":"instock","20":"taxable","21":"shipping-taxable","22":"purchasable","23":"product-type-variable"},"brands":[],"_links":{"self":[{"href":"https:\/\/silikotek.sapartners.site\/index.php\/wp-json\/wp\/v2\/product\/28552","targetHints":{"allow":["GET"]}}],"collection":[{"href":"https:\/\/silikotek.sapartners.site\/index.php\/wp-json\/wp\/v2\/product"}],"about":[{"href":"https:\/\/silikotek.sapartners.site\/index.php\/wp-json\/wp\/v2\/types\/product"}],"wp:featuredmedia":[{"embeddable":true,"href":"https:\/\/silikotek.sapartners.site\/index.php\/wp-json\/wp\/v2\/media\/28551"}],"wp:attachment":[{"href":"https:\/\/silikotek.sapartners.site\/index.php\/wp-json\/wp\/v2\/media?parent=28552"}],"wp:term":[{"taxonomy":"pwb-brand","embeddable":true,"href":"https:\/\/silikotek.sapartners.site\/index.php\/wp-json\/wp\/v2\/pwb-brand?post=28552"},{"taxonomy":"product_brand","embeddable":true,"href":"https:\/\/silikotek.sapartners.site\/index.php\/wp-json\/wp\/v2\/product_brand?post=28552"},{"taxonomy":"product_cat","embeddable":true,"href":"https:\/\/silikotek.sapartners.site\/index.php\/wp-json\/wp\/v2\/product_cat?post=28552"},{"taxonomy":"product_tag","embeddable":true,"href":"https:\/\/silikotek.sapartners.site\/index.php\/wp-json\/wp\/v2\/product_tag?post=28552"}],"curies":[{"name":"wp","href":"https:\/\/api.w.org\/{rel}","templated":true}]}}