{"id":28162,"date":"2022-05-04T12:05:50","date_gmt":"2022-05-04T09:05:50","guid":{"rendered":"https:\/\/www.silikotek.fi\/?post_type=product&#038;p=28162"},"modified":"2022-05-04T12:07:00","modified_gmt":"2022-05-04T09:07:00","slug":"28162","status":"publish","type":"product","link":"https:\/\/silikotek.sapartners.site\/index.php\/tuote\/28162\/","title":{"rendered":""},"content":{"rendered":"<h2>Tekniset tiedot<\/h2>\n<div id=\"p_lt_ctl01_pageplaceholder_p_lt_ctl01_MilwaukeeProductFeatures_pnlFeatues\" class=\"product__description js-description-mask is-active\">\n<div class=\"product__description-content js-product-content\">\n<p>Monipuolisin iskev\u00e4 akkumutterinv\u00e4\u00e4nnin MILWAUKEE\u00ae-valikoimassa tuottaa alansa johtavan 881 Nm v\u00e4\u00e4nt\u00f6momentin ja 745 Nm kiristysmomentin<\/p>\n<p>Todella kompakti 152 mm muotoilu mahdollistaa p\u00e4\u00e4syn ahtaisiin ty\u00f6skentelytiloihin<\/p>\n<p>DRIVE CONTROL tarjoaa 4 eri nopeus- ja v\u00e4\u00e4nt\u00f6momenttiasetusta<\/p>\n<p>Mutterinpoiston hallinta mahdollistaa t\u00e4yden v\u00e4\u00e4nt\u00f6momentin ja pienent\u00e4\u00e4 kierroslukuja kun mutteri on l\u00f6ys\u00e4tty, jotta kiinnikkeen putoaminen voidaan est\u00e4\u00e4, taaten<\/p>\n<p>n\u00e4in ty\u00f6kalun monik\u00e4ytt\u00f6isyyden 745, 610, 475 ja 47 Nm kristystiukkuudet<\/p>\n<p>Manuaalisen kirist\u00e4misty\u00f6n sijaan ty\u00f6kalussa on automaattinen virrankatkaisutila, mik\u00e4 tuottaa enint\u00e4\u00e4n 47 Nm liiallisen kiristymisen est\u00e4miseksi<\/p>\n<p>KolmoisLED valaisee ty\u00f6stett\u00e4v\u00e4n kohteen tehokkaasti<\/p>\n<p>\u00bd\u2033 kiinnitys kitkarenkaalla<\/p>\n<p>K\u00e4\u00e4nnett\u00e4v\u00e4 vy\u00f6pidin<\/p>\n<p>FUEL&#x2122; yhdist\u00e4\u00e4 kolme MILWAUKEE\u00ae-teknologiaa: hiiliharjattoman POWERSTATE&#x2122;-moottorin, REDLITHIUM&#x2122;-akun ja REDLINK PLUS&#x2122; -elektroniikan, mitk\u00e4 tuottavat enemm\u00e4n voimaa, k\u00e4ytt\u00f6aikaa ja -ik\u00e4\u00e4<\/p>\n<p>Toimii kaikilla MILWAUKEE\u00ae M18&#x2122; -akuilla<\/p>\n<\/div>\n<\/div>\n","protected":false},"excerpt":{"rendered":"<p>N\u00e4pp\u00e4r\u00e4n kokoinen tehokas 811 Nm Milwaukee mutterinv\u00e4\u00e4nnin. Vain 152 mm pitk\u00e4. Mutterinv\u00e4\u00e4ntimess\u00e4 on 4 eri momenttialuetta<\/p>\n","protected":false},"featured_media":28163,"template":"","meta":{"_et_pb_use_builder":"","_et_pb_old_content":"","_et_gb_content_width":""},"pwb-brand":[1452],"product_brand":[],"product_cat":[735],"product_tag":[],"class_list":{"0":"post-28162","1":"product","2":"type-product","3":"status-publish","4":"has-post-thumbnail","6":"pwb-brand-milwaukee","7":"product_cat-akkumutterinvaantimet","9":"first","10":"instock","11":"taxable","12":"shipping-taxable","13":"purchasable","14":"product-type-simple"},"brands":[{"id":1452,"name":"Milwaukee","slug":"milwaukee"}],"_links":{"self":[{"href":"https:\/\/silikotek.sapartners.site\/index.php\/wp-json\/wp\/v2\/product\/28162","targetHints":{"allow":["GET"]}}],"collection":[{"href":"https:\/\/silikotek.sapartners.site\/index.php\/wp-json\/wp\/v2\/product"}],"about":[{"href":"https:\/\/silikotek.sapartners.site\/index.php\/wp-json\/wp\/v2\/types\/product"}],"wp:featuredmedia":[{"embeddable":true,"href":"https:\/\/silikotek.sapartners.site\/index.php\/wp-json\/wp\/v2\/media\/28163"}],"wp:attachment":[{"href":"https:\/\/silikotek.sapartners.site\/index.php\/wp-json\/wp\/v2\/media?parent=28162"}],"wp:term":[{"taxonomy":"pwb-brand","embeddable":true,"href":"https:\/\/silikotek.sapartners.site\/index.php\/wp-json\/wp\/v2\/pwb-brand?post=28162"},{"taxonomy":"product_brand","embeddable":true,"href":"https:\/\/silikotek.sapartners.site\/index.php\/wp-json\/wp\/v2\/product_brand?post=28162"},{"taxonomy":"product_cat","embeddable":true,"href":"https:\/\/silikotek.sapartners.site\/index.php\/wp-json\/wp\/v2\/product_cat?post=28162"},{"taxonomy":"product_tag","embeddable":true,"href":"https:\/\/silikotek.sapartners.site\/index.php\/wp-json\/wp\/v2\/product_tag?post=28162"}],"curies":[{"name":"wp","href":"https:\/\/api.w.org\/{rel}","templated":true}]}}