{"id":27786,"date":"2022-03-22T15:33:59","date_gmt":"2022-03-22T13:33:59","guid":{"rendered":"https:\/\/www.silikotek.fi\/?post_type=product&#038;p=27786"},"modified":"2022-03-22T15:36:59","modified_gmt":"2022-03-22T13:36:59","slug":"milwaukee-m18-foph-hta-pensasleikkuri","status":"publish","type":"product","link":"https:\/\/silikotek.sapartners.site\/index.php\/tuote\/milwaukee-m18-foph-hta-pensasleikkuri\/","title":{"rendered":"Milwaukee M18 FOPH-HTA pensasleikkuri"},"content":{"rendered":"<table class=\"NormalTable\" style=\"width: 360px;\">\n<tbody>\n<tr>\n<td style=\"width: 350px;\"><span class=\"fontstyle0\">M18 FUEL&#x2122; monitoimitrimmerin pensasleikkurip\u00e4\u00e4. Katkaisee jopa 25 mm paksuisia oksia<br \/>\nja puunhaaroja 51 cm ter\u00e4ll\u00e4. Nivelp\u00e4\u00e4 voidaan k\u00e4\u00e4nt\u00e4\u00e4 12 asentoon 0\u00b0 &#8211; 270\u00b0 v\u00e4lill\u00e4<br \/>\nparhaan ty\u00f6skentelykulman ja helpon trimmauksen saavuttamiseksi. Ter\u00e4suojus suojaa<br \/>\nter\u00e4\u00e4 kovilta materiaaleilta, kuten aidalta. Ter\u00e4suojus ymp\u00e4r\u00f6i ter\u00e4n kokonaan. Soveltuu<br \/>\nk\u00e4ytett\u00e4v\u00e4ksi 91 cm jatko-osien kanssa.<\/span><\/td>\n<\/tr>\n<\/tbody>\n<\/table>\n<p>&nbsp;<\/p>\n","protected":false},"excerpt":{"rendered":"<p>Milwaukee M18 FOPH-0 monitoimitrimmeriin sopiva lis\u00e4osa<\/p>\n","protected":false},"featured_media":27787,"template":"","meta":{"_et_pb_use_builder":"","_et_pb_old_content":"","_et_gb_content_width":""},"pwb-brand":[1452],"product_brand":[],"product_cat":[1895,743],"product_tag":[],"class_list":{"0":"post-27786","1":"product","2":"type-product","3":"status-publish","4":"has-post-thumbnail","6":"pwb-brand-milwaukee","7":"product_cat-akkukayttoiset-puutarhatyokalut","8":"product_cat-muut-akkukayttoiset-laitteet","10":"first","11":"instock","12":"taxable","13":"shipping-taxable","14":"purchasable","15":"product-type-simple"},"brands":[{"id":1452,"name":"Milwaukee","slug":"milwaukee"}],"_links":{"self":[{"href":"https:\/\/silikotek.sapartners.site\/index.php\/wp-json\/wp\/v2\/product\/27786","targetHints":{"allow":["GET"]}}],"collection":[{"href":"https:\/\/silikotek.sapartners.site\/index.php\/wp-json\/wp\/v2\/product"}],"about":[{"href":"https:\/\/silikotek.sapartners.site\/index.php\/wp-json\/wp\/v2\/types\/product"}],"wp:featuredmedia":[{"embeddable":true,"href":"https:\/\/silikotek.sapartners.site\/index.php\/wp-json\/wp\/v2\/media\/27787"}],"wp:attachment":[{"href":"https:\/\/silikotek.sapartners.site\/index.php\/wp-json\/wp\/v2\/media?parent=27786"}],"wp:term":[{"taxonomy":"pwb-brand","embeddable":true,"href":"https:\/\/silikotek.sapartners.site\/index.php\/wp-json\/wp\/v2\/pwb-brand?post=27786"},{"taxonomy":"product_brand","embeddable":true,"href":"https:\/\/silikotek.sapartners.site\/index.php\/wp-json\/wp\/v2\/product_brand?post=27786"},{"taxonomy":"product_cat","embeddable":true,"href":"https:\/\/silikotek.sapartners.site\/index.php\/wp-json\/wp\/v2\/product_cat?post=27786"},{"taxonomy":"product_tag","embeddable":true,"href":"https:\/\/silikotek.sapartners.site\/index.php\/wp-json\/wp\/v2\/product_tag?post=27786"}],"curies":[{"name":"wp","href":"https:\/\/api.w.org\/{rel}","templated":true}]}}