{"id":27516,"date":"2022-02-28T10:51:41","date_gmt":"2022-02-28T08:51:41","guid":{"rendered":"https:\/\/www.silikotek.fi\/?post_type=product&#038;p=27516"},"modified":"2022-02-28T10:51:41","modified_gmt":"2022-02-28T08:51:41","slug":"suojalasi-zekler-95","status":"publish","type":"product","link":"https:\/\/silikotek.sapartners.site\/index.php\/tuote\/suojalasi-zekler-95\/","title":{"rendered":"Suojalasi Zekler 95"},"content":{"rendered":"<p><span class=\"media-container__box-title hide_mobile\">Tuotekuvaus<\/span><\/p>\n<ul>\n<li>Polykarbonaattilinssi<\/li>\n<li>Ilmastoitu runko<\/li>\n<li>Pehme\u00e4 ja miellytt\u00e4v\u00e4ntuntuinen tiivistereuna muotoutuu kasvojen mukaan<\/li>\n<li>S\u00e4\u00e4dett\u00e4v\u00e4 resorinauha<\/li>\n<li>Lis\u00e4testaus: Suoja nestepisaroita vastaan (3) suuria p\u00f6lyhiukkasia vastaan (4) sek\u00e4 huurtumattomuustesti (N)<\/li>\n<li>UV-suoja<\/li>\n<li>HC\/AF = Naarmuuntumisen ja huurtumisen esto<\/li>\n<\/ul>\n<p>Vastaa EN166, luokka 1BT34N sek\u00e4 EN 170 vaatimuksia<\/p>\n","protected":false},"excerpt":{"rendered":"<p>Tuotekuvaus Polykarbonaattilinssi Ilmastoitu runko Pehme\u00e4 ja miellytt\u00e4v\u00e4ntuntuinen tiivistereuna muotoutuu kasvojen mukaan S\u00e4\u00e4dett\u00e4v\u00e4 resorinauha Lis\u00e4testaus: Suoja nestepisaroita vastaan (3) suuria p\u00f6lyhiukkasia vastaan (4) sek\u00e4 huurtumattomuustesti (N) UV-suoja HC\/AF = Naarmuuntumisen ja huurtumisen esto Vastaa EN166, luokka 1BT34N sek\u00e4 EN 170 vaatimuksia<\/p>\n","protected":false},"featured_media":27517,"template":"","meta":{"_et_pb_use_builder":"","_et_pb_old_content":"","_et_gb_content_width":""},"pwb-brand":[1544],"product_brand":[],"product_cat":[1542],"product_tag":[],"class_list":{"0":"post-27516","1":"product","2":"type-product","3":"status-publish","4":"has-post-thumbnail","6":"pwb-brand-zekler","7":"product_cat-suojalasit","9":"first","10":"instock","11":"taxable","12":"shipping-taxable","13":"purchasable","14":"product-type-simple"},"brands":[{"id":1544,"name":"Zekler","slug":"zekler"}],"_links":{"self":[{"href":"https:\/\/silikotek.sapartners.site\/index.php\/wp-json\/wp\/v2\/product\/27516","targetHints":{"allow":["GET"]}}],"collection":[{"href":"https:\/\/silikotek.sapartners.site\/index.php\/wp-json\/wp\/v2\/product"}],"about":[{"href":"https:\/\/silikotek.sapartners.site\/index.php\/wp-json\/wp\/v2\/types\/product"}],"wp:featuredmedia":[{"embeddable":true,"href":"https:\/\/silikotek.sapartners.site\/index.php\/wp-json\/wp\/v2\/media\/27517"}],"wp:attachment":[{"href":"https:\/\/silikotek.sapartners.site\/index.php\/wp-json\/wp\/v2\/media?parent=27516"}],"wp:term":[{"taxonomy":"pwb-brand","embeddable":true,"href":"https:\/\/silikotek.sapartners.site\/index.php\/wp-json\/wp\/v2\/pwb-brand?post=27516"},{"taxonomy":"product_brand","embeddable":true,"href":"https:\/\/silikotek.sapartners.site\/index.php\/wp-json\/wp\/v2\/product_brand?post=27516"},{"taxonomy":"product_cat","embeddable":true,"href":"https:\/\/silikotek.sapartners.site\/index.php\/wp-json\/wp\/v2\/product_cat?post=27516"},{"taxonomy":"product_tag","embeddable":true,"href":"https:\/\/silikotek.sapartners.site\/index.php\/wp-json\/wp\/v2\/product_tag?post=27516"}],"curies":[{"name":"wp","href":"https:\/\/api.w.org\/{rel}","templated":true}]}}