{"id":27333,"date":"2022-02-21T14:58:48","date_gmt":"2022-02-21T12:58:48","guid":{"rendered":"https:\/\/www.silikotek.fi\/?post_type=product&#038;p=27333"},"modified":"2022-02-21T15:19:28","modified_gmt":"2022-02-21T13:19:28","slug":"milwaukee-m4-d-202b-akkukulmaruuvinvaannin","status":"publish","type":"product","link":"https:\/\/silikotek.sapartners.site\/index.php\/tuote\/milwaukee-m4-d-202b-akkukulmaruuvinvaannin\/","title":{"rendered":"Milwaukee M4 D-202B akkukulmaruuvinv\u00e4\u00e4nnin"},"content":{"rendered":"<table class=\"NormalTable\" style=\"width: 404px;\">\n<tbody>\n<tr>\n<td style=\"width: 394px;\"><span class=\"fontstyle0\">M4 kulmaruuvinv\u00e4\u00e4nnin. Kahteen asentoon k\u00e4\u00e4ntyv\u00e4 kahva takaa parhaan tasapainon.<br \/>\n1\u20444&#8243; istukka Hex-kiinnityksell\u00e4 nopeaan ja tarkkaan ter\u00e4nvaihtoon. 19-portainen<br \/>\nmomentins\u00e4\u00e4t\u00f6 ja ylim\u00e4\u00e4r\u00e4inen porausaste. Kuormittamaton kierrosluku 0-200 \/ 0-600<br \/>\nr\/min. Maks. momentti 5,0 Nm. Elektroninen nopeudens\u00e4\u00e4t\u00f6. Akussa virtamittari. Paino<br \/>\nakun kanssa 0,4 kg. Mukana toimitetaan 2 x 2,0 Ah REDLITHIUM&#x2122;-akut, 40 min. laturi ja<br \/>\nlaukku<\/span><\/td>\n<\/tr>\n<\/tbody>\n<\/table>\n<p>&nbsp;<\/p>\n","protected":false},"excerpt":{"rendered":"<p>Milwaukee akkusauvaruuvinv\u00e4\u00e4nnin<\/p>\n","protected":false},"featured_media":27334,"template":"","meta":{"_et_pb_use_builder":"","_et_pb_old_content":"","_et_gb_content_width":""},"pwb-brand":[1452],"product_brand":[],"product_cat":[897],"product_tag":[],"class_list":{"0":"post-27333","1":"product","2":"type-product","3":"status-publish","4":"has-post-thumbnail","6":"pwb-brand-milwaukee","7":"product_cat-akkuruuvinvaantimet","9":"first","10":"instock","11":"taxable","12":"shipping-taxable","13":"purchasable","14":"product-type-simple"},"brands":[{"id":1452,"name":"Milwaukee","slug":"milwaukee"}],"_links":{"self":[{"href":"https:\/\/silikotek.sapartners.site\/index.php\/wp-json\/wp\/v2\/product\/27333","targetHints":{"allow":["GET"]}}],"collection":[{"href":"https:\/\/silikotek.sapartners.site\/index.php\/wp-json\/wp\/v2\/product"}],"about":[{"href":"https:\/\/silikotek.sapartners.site\/index.php\/wp-json\/wp\/v2\/types\/product"}],"wp:featuredmedia":[{"embeddable":true,"href":"https:\/\/silikotek.sapartners.site\/index.php\/wp-json\/wp\/v2\/media\/27334"}],"wp:attachment":[{"href":"https:\/\/silikotek.sapartners.site\/index.php\/wp-json\/wp\/v2\/media?parent=27333"}],"wp:term":[{"taxonomy":"pwb-brand","embeddable":true,"href":"https:\/\/silikotek.sapartners.site\/index.php\/wp-json\/wp\/v2\/pwb-brand?post=27333"},{"taxonomy":"product_brand","embeddable":true,"href":"https:\/\/silikotek.sapartners.site\/index.php\/wp-json\/wp\/v2\/product_brand?post=27333"},{"taxonomy":"product_cat","embeddable":true,"href":"https:\/\/silikotek.sapartners.site\/index.php\/wp-json\/wp\/v2\/product_cat?post=27333"},{"taxonomy":"product_tag","embeddable":true,"href":"https:\/\/silikotek.sapartners.site\/index.php\/wp-json\/wp\/v2\/product_tag?post=27333"}],"curies":[{"name":"wp","href":"https:\/\/api.w.org\/{rel}","templated":true}]}}