{"id":27281,"date":"2022-02-16T10:56:19","date_gmt":"2022-02-16T08:56:19","guid":{"rendered":"https:\/\/www.silikotek.fi\/?post_type=product&#038;p=27281"},"modified":"2024-09-30T09:52:58","modified_gmt":"2024-09-30T06:52:58","slug":"kstools-150-4490-ladattava-korjaamovalaisin-550-lumenia","status":"publish","type":"product","link":"https:\/\/silikotek.sapartners.site\/index.php\/tuote\/kstools-150-4490-ladattava-korjaamovalaisin-550-lumenia\/","title":{"rendered":"Kstools 150.4490 ladattava korjaamovalaisin 550 lumenia"},"content":{"rendered":"<ul>\n<li class=\"liste\">ladattavana sopii jokap\u00e4iv\u00e4iseen ty\u00f6h\u00f6n<\/li>\n<li class=\"liste\">10 watin COB LED + 1 x 5 watin LED taskulampputoiminto. Punainen varoitusvalo + vilkkutoiminto<\/li>\n<li class=\"liste\">portaattomasti himmennett\u00e4v\u00e4<\/li>\n<li class=\"liste\">USB-varavirtal\u00e4hdetoiminto (ulkoisten laitteiden lataus)<\/li>\n<li class=\"liste\">l\u00e4mp\u00f6 poistuu takaosan j\u00e4\u00e4hdytysripojen kautta<\/li>\n<li class=\"liste\">Ohjaus-LED purkauksenhallintaa varten<\/li>\n<li class=\"liste\">360 astetta taipuva, magneettinen jalusta<\/li>\n<li class=\"liste\">sis. automaattisesti sammuvan laturin<\/li>\n<li class=\"liste\">valinnaisesti suora lataus lampusta<\/li>\n<li class=\"liste\">sis\u00e4lt\u00e4\u00e4 USB-C-latauskaapelin<\/li>\n<li class=\"liste\">vy\u00f6kiinnike ja koukku<\/li>\n<li class=\"liste\">suojattu roiskeilta IP64:n mukaisesti<\/li>\n<li class=\"liste\">iskunkest\u00e4v\u00e4<\/li>\n<li class=\"liste\">3 tunnin lataus<\/li>\n<li class=\"liste\">valaisee jopa 3,5 tuntia yhdell\u00e4 latauksella<\/li>\n<li class=\"liste\">Kotelo iskunkest\u00e4v\u00e4st\u00e4 polykarbonaatista<\/li>\n<li class=\"liste\">Kotelonrunko pinnoitettu laadukkaalla kumilla\n<div class=\"container\">\n<div class=\"detail-middle--properties\">\n<div class=\"product--properties panel\">\n<table class=\"product--properties-table\">\n<tbody>\n<tr class=\"product--properties-item\">\n<td class=\"product--properties-label\">P\u00e4\u00e4valaisin:<\/td>\n<td><span class=\"product--properties-value\">LED<\/span><\/td>\n<\/tr>\n<tr class=\"product--properties-item\">\n<td class=\"product--properties-label\">Paino g:<\/td>\n<td><span class=\"product--properties-value\">260<\/span><\/td>\n<\/tr>\n<tr class=\"product--properties-item\">\n<td class=\"product--properties-label\">Valonteho min.:<\/td>\n<td><span class=\"product--properties-value\">250<\/span><\/td>\n<\/tr>\n<tr class=\"product--properties-item\">\n<td class=\"product--properties-label\">Valonteho max.:<\/td>\n<td><span class=\"product--properties-value\">550<\/span><\/td>\n<\/tr>\n<tr class=\"product--properties-item\">\n<td class=\"product--properties-label\">Iskunkest\u00e4vyysluokka:<\/td>\n<td><span class=\"product--properties-value\">IK08<\/span><\/td>\n<\/tr>\n<tr class=\"product--properties-item\">\n<td class=\"product--properties-label\">Valonl\u00e4hde:<\/td>\n<td><span class=\"product--properties-value\">10\u00a0watin COB LED +1 x 5 watin LED-otsalamppu<\/span><\/td>\n<\/tr>\n<tr class=\"product--properties-item\">\n<td class=\"product--properties-label\">Lumenia:<\/td>\n<td><span class=\"product--properties-value\">550 \/ 250 lumenia<\/span><\/td>\n<\/tr>\n<tr class=\"product--properties-item\">\n<td class=\"product--properties-label\">Latausaika:<\/td>\n<td><span class=\"product--properties-value\">3 tuntia<\/span><\/td>\n<\/tr>\n<tr class=\"product--properties-item\">\n<td class=\"product--properties-label\">Kokonaispituus (mm):<\/td>\n<td><span class=\"product--properties-value\">198<\/span><\/td>\n<\/tr>\n<tr class=\"product--properties-item\">\n<td class=\"product--properties-label\">Valaisukesto max:<\/td>\n<td><span class=\"product--properties-value\">3.5<\/span><\/td>\n<\/tr>\n<tr class=\"product--properties-item\">\n<td class=\"product--properties-label\">Korkeus, mm:<\/td>\n<td><span class=\"product--properties-value\">34<\/span><\/td>\n<\/tr>\n<tr class=\"product--properties-item\">\n<td class=\"product--properties-label\">Akun j\u00e4nnite [V]:<\/td>\n<td><span class=\"product--properties-value\">3.7<\/span><\/td>\n<\/tr>\n<tr class=\"product--properties-item\">\n<td class=\"product--properties-label\">Latureiden m\u00e4\u00e4r\u00e4:<\/td>\n<td><span class=\"product--properties-value\">1<\/span><\/td>\n<\/tr>\n<tr class=\"product--properties-item\">\n<td class=\"product--properties-label\">Akkukapasiteetti [Ah]:<\/td>\n<td><span class=\"product--properties-value\">2,0<\/span><\/td>\n<\/tr>\n<tr class=\"product--properties-item\">\n<td class=\"product--properties-label\">Akkutekniikka:<\/td>\n<td><span class=\"product--properties-value\">Litiumioni<\/span><\/td>\n<\/tr>\n<tr class=\"product--properties-item\">\n<td class=\"product--properties-label\">Toimintoattribuutti 2:<\/td>\n<td><span class=\"product--properties-value\">Roiskevedelt\u00e4 suojattu<\/span><\/td>\n<\/tr>\n<tr class=\"product--properties-item\">\n<td class=\"product--properties-label\">Toimintoattribuutti 1:<\/td>\n<td><span class=\"product--properties-value\">Iskunkest\u00e4v\u00e4<\/span><\/td>\n<\/tr>\n<tr class=\"product--properties-item\">\n<td class=\"product--properties-label\">Teho (W):<\/td>\n<td><span class=\"product--properties-value\">25 wattia<\/span><\/td>\n<\/tr>\n<tr class=\"product--properties-item\">\n<td class=\"product--properties-label\">Leveys mm:<\/td>\n<td><span class=\"product--properties-value\">64<\/span><\/td>\n<\/tr>\n<tr class=\"product--properties-item\">\n<td class=\"product--properties-label\">Pakkauksen sis\u00e4lt\u00f6:<\/td>\n<td><span class=\"product--properties-value\">1<\/span><\/td>\n<\/tr>\n<tr class=\"product--properties-item\">\n<td class=\"product--properties-label\">Akun j\u00e4nnite ja kapasiteetti:<\/td>\n<td><span class=\"product--properties-value\">3,7 V \/ 2000 mAh<\/span><\/td>\n<\/tr>\n<tr class=\"product--properties-item\">\n<td class=\"product--properties-label\">K\u00e4ytt\u00f6l\u00e4mp\u00f6tila:<\/td>\n<td><span class=\"product--properties-value\">-10\u00b0C &#8211; +40\u00b0C<\/span><\/td>\n<\/tr>\n<tr class=\"product--properties-item\">\n<td class=\"product--properties-label\">Roiskevesisuojaus:<\/td>\n<td><span class=\"product--properties-value\">IP64<\/span><\/td>\n<\/tr>\n<tr class=\"product--properties-item\">\n<td class=\"product--properties-label\">Videolinkki k\u00e4ytt\u00f6:<\/td>\n<td><span class=\"product--properties-value\"><a href=\"https:\/\/youtu.be\/713fwzgtEfo\" target=\"_blank\" rel=\"nofollow noopener\">Video<\/a><\/span><\/td>\n<\/tr>\n<\/tbody>\n<\/table>\n<\/div>\n<\/div>\n<\/div>\n<div class=\"toggle-overlay\">\n<div class=\"toggle-hint\"><\/div>\n<\/div>\n<\/li>\n<\/ul>\n","protected":false},"excerpt":{"rendered":"<p>Eritt\u00e4in monipuolinen ja korkealaatuinen lamppu. Lamppu on taittuva, siin\u00e4 on vahva magneetti, my\u00f6s lis\u00e4n\u00e4 punainen h\u00e4t\u00e4valo.<br \/>\nLampu palaa yhdell\u00e4 latauksella jopa 3,5 h<\/p>\n","protected":false},"featured_media":27282,"template":"","meta":{"_et_pb_use_builder":"","_et_pb_old_content":"","_et_gb_content_width":""},"pwb-brand":[1454],"product_brand":[],"product_cat":[475,474],"product_tag":[],"class_list":{"0":"post-27281","1":"product","2":"type-product","3":"status-publish","4":"has-post-thumbnail","6":"pwb-brand-kstools","7":"product_cat-ladattavat-valaisimet","8":"product_cat-kasivalaisimet","10":"first","11":"instock","12":"taxable","13":"shipping-taxable","14":"purchasable","15":"product-type-simple"},"brands":[{"id":1454,"name":"Kstools","slug":"kstools"}],"_links":{"self":[{"href":"https:\/\/silikotek.sapartners.site\/index.php\/wp-json\/wp\/v2\/product\/27281","targetHints":{"allow":["GET"]}}],"collection":[{"href":"https:\/\/silikotek.sapartners.site\/index.php\/wp-json\/wp\/v2\/product"}],"about":[{"href":"https:\/\/silikotek.sapartners.site\/index.php\/wp-json\/wp\/v2\/types\/product"}],"wp:featuredmedia":[{"embeddable":true,"href":"https:\/\/silikotek.sapartners.site\/index.php\/wp-json\/wp\/v2\/media\/27282"}],"wp:attachment":[{"href":"https:\/\/silikotek.sapartners.site\/index.php\/wp-json\/wp\/v2\/media?parent=27281"}],"wp:term":[{"taxonomy":"pwb-brand","embeddable":true,"href":"https:\/\/silikotek.sapartners.site\/index.php\/wp-json\/wp\/v2\/pwb-brand?post=27281"},{"taxonomy":"product_brand","embeddable":true,"href":"https:\/\/silikotek.sapartners.site\/index.php\/wp-json\/wp\/v2\/product_brand?post=27281"},{"taxonomy":"product_cat","embeddable":true,"href":"https:\/\/silikotek.sapartners.site\/index.php\/wp-json\/wp\/v2\/product_cat?post=27281"},{"taxonomy":"product_tag","embeddable":true,"href":"https:\/\/silikotek.sapartners.site\/index.php\/wp-json\/wp\/v2\/product_tag?post=27281"}],"curies":[{"name":"wp","href":"https:\/\/api.w.org\/{rel}","templated":true}]}}