{"id":27092,"date":"2022-01-28T09:04:57","date_gmt":"2022-01-28T07:04:57","guid":{"rendered":"https:\/\/www.silikotek.fi\/?post_type=product&#038;p=27092"},"modified":"2022-04-29T08:17:31","modified_gmt":"2022-04-29T05:17:31","slug":"kstools-100-4055-digitaalinen-rengaspainemittari","status":"publish","type":"product","link":"https:\/\/silikotek.sapartners.site\/index.php\/tuote\/kstools-100-4055-digitaalinen-rengaspainemittari\/","title":{"rendered":"Kstools 100.4055 digitaalinen rengaspainemittari"},"content":{"rendered":"<ul>\n<li class=\"liste\">tarkka ja toistettavissa oleva LCD-mittaus<\/li>\n<li class=\"liste\">rengaspaineen mittauksiin<\/li>\n<li class=\"liste\">painemittausalue vaihdettavissa seuraaviin yksik\u00f6ihin: bar, kpa, PSI ja kg\/cm\u00b2<\/li>\n<li class=\"liste\">v\u00e4h\u00e4inen energiankulutus automaattisammutuksen ansiosta<\/li>\n<li class=\"liste\">Itsekalibroituva<\/li>\n<li class=\"liste\">Venttiilin valaistuksella<\/li>\n<li class=\"liste\">sis\u00e4lt\u00e4\u00e4 paristot<\/li>\n<li>\n<div class=\"container\">\n<div class=\"detail-middle--properties\">\n<div class=\"product--properties panel\">\n<table class=\"product--properties-table\">\n<tbody>\n<tr class=\"product--properties-item\">\n<td class=\"product--properties-label\">N\u00e4ytt\u00f6:<\/td>\n<td><span class=\"product--properties-value\">LCD-n\u00e4ytt\u00f6<\/span><\/td>\n<\/tr>\n<tr class=\"product--properties-item\">\n<td class=\"product--properties-label\">Lis\u00e4varusteet:<\/td>\n<td><span class=\"product--properties-value\">Sis. patterit<\/span><\/td>\n<\/tr>\n<tr class=\"product--properties-item\">\n<td class=\"product--properties-label\">Pakkauksen sis\u00e4lt\u00f6:<\/td>\n<td><span class=\"product--properties-value\">1<\/span><\/td>\n<\/tr>\n<tr class=\"product--properties-item\">\n<td class=\"product--properties-label\">Leveys B:<\/td>\n<td><span class=\"product--properties-value\">55.0<\/span><\/td>\n<\/tr>\n<tr class=\"product--properties-item\">\n<td class=\"product--properties-label\">Pituus, mm:<\/td>\n<td><span class=\"product--properties-value\">135<\/span><\/td>\n<\/tr>\n<tr class=\"product--properties-item\">\n<td class=\"product--properties-label\">Mittausalue, bar:<\/td>\n<td><span class=\"product--properties-value\">0,2-10<\/span><\/td>\n<\/tr>\n<tr class=\"product--properties-item\">\n<td class=\"product--properties-label\">Toimintoattribuutti 1:<\/td>\n<td><span class=\"product--properties-value\">Tarkka ja toistettavissa oleva LCD-mittaus<\/span><\/td>\n<\/tr>\n<tr class=\"product--properties-item\">\n<td class=\"product--properties-label\">Unboxing-linkki:<\/td>\n<td><span class=\"product--properties-value\"><a href=\"http:\/\/view.vzaar.com\/17623398\/video\" target=\"_blank\" rel=\"nofollow noopener\">Video<\/a><\/span><\/td>\n<\/tr>\n<tr class=\"product--properties-item\">\n<td class=\"product--properties-label\">Paino g:<\/td>\n<td><span class=\"product--properties-value\">60<\/span><\/td>\n<\/tr>\n<\/tbody>\n<\/table>\n<\/div>\n<\/div>\n<\/div>\n<div class=\"toggle-overlay\">\n<div class=\"toggle-hint\"><\/div>\n<\/div>\n<\/li>\n<\/ul>\n","protected":false},"excerpt":{"rendered":"<p>K\u00e4tev\u00e4 tarkka digitaalinenrengaspainemittari<\/p>\n","protected":false},"featured_media":27094,"template":"","meta":{"_et_pb_use_builder":"","_et_pb_old_content":"","_et_gb_content_width":""},"pwb-brand":[1454],"product_brand":[],"product_cat":[752],"product_tag":[],"class_list":{"0":"post-27092","1":"product","2":"type-product","3":"status-publish","4":"has-post-thumbnail","6":"pwb-brand-kstools","7":"product_cat-rengas-tyokalut","9":"first","10":"instock","11":"sale","12":"taxable","13":"shipping-taxable","14":"purchasable","15":"product-type-simple"},"brands":[{"id":1454,"name":"Kstools","slug":"kstools"}],"_links":{"self":[{"href":"https:\/\/silikotek.sapartners.site\/index.php\/wp-json\/wp\/v2\/product\/27092","targetHints":{"allow":["GET"]}}],"collection":[{"href":"https:\/\/silikotek.sapartners.site\/index.php\/wp-json\/wp\/v2\/product"}],"about":[{"href":"https:\/\/silikotek.sapartners.site\/index.php\/wp-json\/wp\/v2\/types\/product"}],"wp:featuredmedia":[{"embeddable":true,"href":"https:\/\/silikotek.sapartners.site\/index.php\/wp-json\/wp\/v2\/media\/27094"}],"wp:attachment":[{"href":"https:\/\/silikotek.sapartners.site\/index.php\/wp-json\/wp\/v2\/media?parent=27092"}],"wp:term":[{"taxonomy":"pwb-brand","embeddable":true,"href":"https:\/\/silikotek.sapartners.site\/index.php\/wp-json\/wp\/v2\/pwb-brand?post=27092"},{"taxonomy":"product_brand","embeddable":true,"href":"https:\/\/silikotek.sapartners.site\/index.php\/wp-json\/wp\/v2\/product_brand?post=27092"},{"taxonomy":"product_cat","embeddable":true,"href":"https:\/\/silikotek.sapartners.site\/index.php\/wp-json\/wp\/v2\/product_cat?post=27092"},{"taxonomy":"product_tag","embeddable":true,"href":"https:\/\/silikotek.sapartners.site\/index.php\/wp-json\/wp\/v2\/product_tag?post=27092"}],"curies":[{"name":"wp","href":"https:\/\/api.w.org\/{rel}","templated":true}]}}