{"id":26321,"date":"2021-11-19T15:05:38","date_gmt":"2021-11-19T13:05:38","guid":{"rendered":"https:\/\/www.silikotek.fi\/?post_type=product&#038;p=26321"},"modified":"2021-11-19T15:05:39","modified_gmt":"2021-11-19T13:05:39","slug":"puhdistuslaikka-csd-laikka-150x13x8mm-karalla","status":"publish","type":"product","link":"https:\/\/silikotek.sapartners.site\/index.php\/tuote\/puhdistuslaikka-csd-laikka-150x13x8mm-karalla\/","title":{"rendered":"Puhdistuslaikka CSD-laikka 150x13x8mm karalla"},"content":{"rendered":"<table>\n<tbody>\n<tr>\n<td>Mirka tuotekoodi:<\/td>\n<td>8092400111<\/td>\n<\/tr>\n<tr>\n<td>EAN-koodi:<\/td>\n<td>6416868926934<\/td>\n<\/tr>\n<\/tbody>\n<\/table>\n<p>Puhdistuslaikka ruosteiden, metallin, hitsaussaumojen, maalinpinnan puhdistukseen ilman, ett\u00e4 materiaalia poistuu. J\u00e4tt\u00e4\u00e4 hyv\u00e4n pinnan seuraavaa vaihetta varten. CSD-laikan avoin pintarakenne est\u00e4\u00e4 sit\u00e4 tukkeutumasta ja n\u00e4in ollen toimii moneen eri kohteseen. 8mm kara tulee tuotteen mukana. Suurin sallittu kierrosluku 8000 rpm\/ min.<\/p>\n","protected":false},"excerpt":{"rendered":"<p>Mirkan puhdistyspy\u00f6r\u00f6t karalla, kaksi kokoa 100 ja 150 mm. Pakkauskoko 10 kpl<\/p>\n","protected":false},"featured_media":26322,"template":"","meta":{"_et_pb_use_builder":"","_et_pb_old_content":"","_et_gb_content_width":""},"pwb-brand":[1794],"product_brand":[],"product_cat":[746],"product_tag":[],"class_list":{"0":"post-26321","1":"product","2":"type-product","3":"status-publish","4":"has-post-thumbnail","6":"pwb-brand-mirka","7":"product_cat-katkaisu-ja-hionta","8":"pa_halkaisija-o-100x13x6","9":"pa_halkaisija-o-150x13x8","11":"first","12":"instock","13":"taxable","14":"shipping-taxable","15":"purchasable","16":"product-type-variable"},"brands":[{"id":1794,"name":"Mirka","slug":"mirka"}],"_links":{"self":[{"href":"https:\/\/silikotek.sapartners.site\/index.php\/wp-json\/wp\/v2\/product\/26321","targetHints":{"allow":["GET"]}}],"collection":[{"href":"https:\/\/silikotek.sapartners.site\/index.php\/wp-json\/wp\/v2\/product"}],"about":[{"href":"https:\/\/silikotek.sapartners.site\/index.php\/wp-json\/wp\/v2\/types\/product"}],"wp:featuredmedia":[{"embeddable":true,"href":"https:\/\/silikotek.sapartners.site\/index.php\/wp-json\/wp\/v2\/media\/26322"}],"wp:attachment":[{"href":"https:\/\/silikotek.sapartners.site\/index.php\/wp-json\/wp\/v2\/media?parent=26321"}],"wp:term":[{"taxonomy":"pwb-brand","embeddable":true,"href":"https:\/\/silikotek.sapartners.site\/index.php\/wp-json\/wp\/v2\/pwb-brand?post=26321"},{"taxonomy":"product_brand","embeddable":true,"href":"https:\/\/silikotek.sapartners.site\/index.php\/wp-json\/wp\/v2\/product_brand?post=26321"},{"taxonomy":"product_cat","embeddable":true,"href":"https:\/\/silikotek.sapartners.site\/index.php\/wp-json\/wp\/v2\/product_cat?post=26321"},{"taxonomy":"product_tag","embeddable":true,"href":"https:\/\/silikotek.sapartners.site\/index.php\/wp-json\/wp\/v2\/product_tag?post=26321"}],"curies":[{"name":"wp","href":"https:\/\/api.w.org\/{rel}","templated":true}]}}