{"id":26190,"date":"2021-11-16T13:13:25","date_gmt":"2021-11-16T11:13:25","guid":{"rendered":"https:\/\/www.silikotek.fi\/?post_type=product&#038;p=26190"},"modified":"2021-11-16T13:24:19","modified_gmt":"2021-11-16T11:24:19","slug":"hultafors-hbx-22-9-kasisaha","status":"publish","type":"product","link":"https:\/\/silikotek.sapartners.site\/index.php\/tuote\/hultafors-hbx-22-9-kasisaha\/","title":{"rendered":"Hultafors HBX-22-9 k\u00e4sisaha"},"content":{"rendered":"<section id=\"section_409\" class=\"section section_ProductDetail_Description section_409 \" data-lazysection-routevalues=\"{&quot;sectionid&quot;:409}\" data-lazyload=\"false\" data-action=\"ProductDetail\/DescriptionDetailSection\" data-sectionid=\"409\" data-view=\"ProductDetail\/_Description\">\n<div class=\"row\">\n<div class=\"col-xs-12\">\n<p>K\u00e4sisaha, joka on suunniteltu t\u00e4m\u00e4n p\u00e4iv\u00e4n ammattilaiselle yhteisty\u00f6ss\u00e4 k\u00e4ytt\u00e4jien kanssa. Hultafors 3-vaihehammastettu hionta yhdist\u00e4\u00e4 tehokkuuden ja hyv\u00e4n purennan, ja antaa siistin suoran sahausj\u00e4ljen. 1 mm paksuisessa ter\u00e4ksisess\u00e4 ter\u00e4ss\u00e4 on luontoyst\u00e4v\u00e4llinen vahapinnoite, joka v\u00e4hent\u00e4\u00e4 kitkaa ja voimia kuluttavaa t\u00e4rin\u00e4\u00e4. Kest\u00e4v\u00e4st\u00e4 kolmen komponentin kahvasta saa miellytt\u00e4v\u00e4n ergonomisen otteen ja siin\u00e4 on merkitsemist\u00e4 helpottavat 45\u00b0 ja 90\u00b0 kulmat. Kahva on kiinnitetty ter\u00e4\u00e4n ruuveilla, jotka mahdollistavat ter\u00e4n vaihtamisen helposti ja pit\u00e4v\u00e4t sen my\u00f6s tukevasti paikoillaan. Ter\u00e4n kapea k\u00e4rki helpottaa p\u00e4\u00e4sy\u00e4 ahtaisiin paikkoihin ja sahauksen aloittamista keskelt\u00e4 levy\u00e4.<\/p>\n<\/div>\n<\/div>\n<\/section>\n<section id=\"section_410\" class=\"section section_ProductDetail_Description section_410 pdp-description-section\" data-lazysection-routevalues=\"{&quot;sectionid&quot;:410}\" data-lazyload=\"false\" data-action=\"ProductDetail\/DescriptionDetailSection\" data-sectionid=\"410\" data-view=\"ProductDetail\/_Description\">\n<div class=\"row\">\n<div class=\"col-xs-12\">\n<p>Hultafors 3-vaihehammastettu hionta lis\u00e4\u00e4 tehokkuutta ja pident\u00e4\u00e4 k\u00e4ytt\u00f6ik\u00e4\u00e4.<\/p>\n<\/div>\n<\/div>\n<\/section>\n<section id=\"section_668\" class=\"section section_ProductDetail_Description section_668 pdp-description-section\" data-lazysection-routevalues=\"{&quot;sectionid&quot;:668}\" data-lazyload=\"false\" data-action=\"ProductDetail\/DescriptionDetailSection\" data-sectionid=\"668\" data-view=\"ProductDetail\/_Description\">\n<div class=\"row\">\n<div class=\"col-xs-12\">\n<p>Luontoyst\u00e4v\u00e4llinen vahapinnoite suojaa ruosteelta, v\u00e4hent\u00e4\u00e4 kitkaa ja voimia kuluttavaa t\u00e4rin\u00e4\u00e4.<\/p>\n<\/div>\n<\/div>\n<\/section>\n<section id=\"section_669\" class=\"section section_ProductDetail_Description section_669 pdp-description-section\" data-lazysection-routevalues=\"{&quot;sectionid&quot;:669}\" data-lazyload=\"false\" data-action=\"ProductDetail\/DescriptionDetailSection\" data-sectionid=\"669\" data-view=\"ProductDetail\/_Description\">\n<div class=\"row\">\n<div class=\"col-xs-12\">\n<p>Helppo ja turvallinen ter\u00e4nvaihto.<\/p>\n<\/div>\n<\/div>\n<\/section>\n<section id=\"section_670\" class=\"section section_ProductDetail_Description section_670 pdp-description-section\" data-lazysection-routevalues=\"{&quot;sectionid&quot;:670}\" data-lazyload=\"false\" data-action=\"ProductDetail\/DescriptionDetailSection\" data-sectionid=\"670\" data-view=\"ProductDetail\/_Description\">\n<div class=\"row\">\n<div class=\"col-xs-12\">\n<p>Ergonominen ja kest\u00e4v\u00e4 ABS-muovinen kahva.<\/p>\n<\/div>\n<\/div>\n<\/section>\n<section id=\"section_671\" class=\"section section_ProductDetail_Description section_671 pdp-description-section\" data-lazysection-routevalues=\"{&quot;sectionid&quot;:671}\" data-lazyload=\"false\" data-action=\"ProductDetail\/DescriptionDetailSection\" data-sectionid=\"671\" data-view=\"ProductDetail\/_Description\">\n<div class=\"row\">\n<div class=\"col-xs-12\">\n<p>Ainutlaatuinen kest\u00e4v\u00e4 ter\u00e4suojus pikalukitustoiminnolla.<\/p>\n<p>Ter\u00e4n paksuus 1 mm, Ter\u00e4n pituus 550 mm, 22 tuumaa, 9 hammasta tuumalla<\/p>\n<\/div>\n<\/div>\n<\/section>\n","protected":false},"excerpt":{"rendered":"<p>K\u00e4sisaha, joka on suunniteltu t\u00e4m\u00e4n p\u00e4iv\u00e4n ammattilaiselle yhteisty\u00f6ss\u00e4 k\u00e4ytt\u00e4jien kanssa. Hultafors 3-vaihehammastettu hionta yhdist\u00e4\u00e4 tehokkuuden ja hyv\u00e4n purennan, ja antaa siistin suoran sahausj\u00e4ljen. 1 mm paksuisessa ter\u00e4ksisess\u00e4 ter\u00e4ss\u00e4 on luontoyst\u00e4v\u00e4llinen vahapinnoite, joka v\u00e4hent\u00e4\u00e4 kitkaa ja voimia kuluttavaa t\u00e4rin\u00e4\u00e4. Kest\u00e4v\u00e4st\u00e4 kolmen komponentin kahvasta saa miellytt\u00e4v\u00e4n ergonomisen otteen ja siin\u00e4 on merkitsemist\u00e4 helpottavat 45\u00b0 ja 90\u00b0 kulmat. [&hellip;]<\/p>\n","protected":false},"featured_media":26189,"template":"","meta":{"_et_pb_use_builder":"","_et_pb_old_content":"","_et_gb_content_width":""},"pwb-brand":[],"product_brand":[],"product_cat":[1786,381],"product_tag":[],"class_list":{"0":"post-26190","1":"product","2":"type-product","3":"status-publish","4":"has-post-thumbnail","6":"product_cat-kasisahat","7":"product_cat-pistosahat","9":"first","10":"instock","11":"taxable","12":"shipping-taxable","13":"purchasable","14":"product-type-simple"},"brands":[],"_links":{"self":[{"href":"https:\/\/silikotek.sapartners.site\/index.php\/wp-json\/wp\/v2\/product\/26190","targetHints":{"allow":["GET"]}}],"collection":[{"href":"https:\/\/silikotek.sapartners.site\/index.php\/wp-json\/wp\/v2\/product"}],"about":[{"href":"https:\/\/silikotek.sapartners.site\/index.php\/wp-json\/wp\/v2\/types\/product"}],"wp:featuredmedia":[{"embeddable":true,"href":"https:\/\/silikotek.sapartners.site\/index.php\/wp-json\/wp\/v2\/media\/26189"}],"wp:attachment":[{"href":"https:\/\/silikotek.sapartners.site\/index.php\/wp-json\/wp\/v2\/media?parent=26190"}],"wp:term":[{"taxonomy":"pwb-brand","embeddable":true,"href":"https:\/\/silikotek.sapartners.site\/index.php\/wp-json\/wp\/v2\/pwb-brand?post=26190"},{"taxonomy":"product_brand","embeddable":true,"href":"https:\/\/silikotek.sapartners.site\/index.php\/wp-json\/wp\/v2\/product_brand?post=26190"},{"taxonomy":"product_cat","embeddable":true,"href":"https:\/\/silikotek.sapartners.site\/index.php\/wp-json\/wp\/v2\/product_cat?post=26190"},{"taxonomy":"product_tag","embeddable":true,"href":"https:\/\/silikotek.sapartners.site\/index.php\/wp-json\/wp\/v2\/product_tag?post=26190"}],"curies":[{"name":"wp","href":"https:\/\/api.w.org\/{rel}","templated":true}]}}