{"id":25795,"date":"2021-09-24T13:05:36","date_gmt":"2021-09-24T10:05:36","guid":{"rendered":"https:\/\/www.silikotek.fi\/?post_type=product&#038;p=25795"},"modified":"2025-08-28T02:42:30","modified_gmt":"2025-08-27T23:42:30","slug":"bgs-4207-tyokaluvaunu-7-vetolaatikko-263-tyokalua-heti-toimitukseen","status":"publish","type":"product","link":"https:\/\/silikotek.sapartners.site\/index.php\/tuote\/bgs-4207-tyokaluvaunu-7-vetolaatikko-263-tyokalua-heti-toimitukseen\/","title":{"rendered":"BGS Ty\u00f6kaluvaunu 7 vetolaatikkoa sis. 263 ty\u00f6kalua 4207"},"content":{"rendered":"<p><iframe loading=\"lazy\" title=\"Workshop Trolley | 7 Drawers | with 263 Tools (BGS 4062)\" width=\"1080\" height=\"608\" src=\"https:\/\/www.youtube.com\/embed\/rpLwTh3x0bw?feature=oembed\"  allow=\"accelerometer; autoplay; clipboard-write; encrypted-media; gyroscope; picture-in-picture\" allowfullscreen><\/iframe><\/p>\n","protected":false},"excerpt":{"rendered":"<p>Tukeva metallilevyist\u00e4 rakennettu ty\u00f6kaluvaunu. Vaunu on pulverimaalattu ja siten kest\u00e4\u00e4 hyvin my\u00f6s mekaanista kulutusta. Vaunussa on 3 kpl vaunun levyisi\u00e4 ty\u00f6kalumoduuleja t\u00e4ytettyn\u00e4 ty\u00f6kaluilla. Vaunussa on 7 lukittavaa vetolaatikkoa. Ty\u00f6kaluvaunussa on 4 kpl kuulalaakeroituja py\u00f6ri\u00e4 125 mm, joista 2 kpl k\u00e4\u00e4ntyv\u00e4\u00e4 ja lukittavaa. Vaunun korkeus 970 mm, leveys 680 mm, syvyys 458 mm.<\/p>\n<p>Rahtituote<\/p>\n","protected":false},"featured_media":25796,"template":"","meta":{"_et_pb_use_builder":"","_et_pb_old_content":"","_et_gb_content_width":""},"pwb-brand":[1451],"product_brand":[],"product_cat":[313],"product_tag":[1766,1765],"class_list":{"0":"post-25795","1":"product","2":"type-product","3":"status-publish","4":"has-post-thumbnail","6":"pwb-brand-bgs","7":"product_cat-tyokaluvaunut","8":"product_tag-tyokaluvaunu-ammattikayttoon","9":"product_tag-tyokaluvaunu-tyokaluilla","10":"product_shipping_class-rahtitoimitus","12":"first","13":"instock","14":"taxable","15":"shipping-taxable","16":"purchasable","17":"product-type-simple"},"brands":[{"id":1451,"name":"BGS","slug":"bgs"}],"_links":{"self":[{"href":"https:\/\/silikotek.sapartners.site\/index.php\/wp-json\/wp\/v2\/product\/25795","targetHints":{"allow":["GET"]}}],"collection":[{"href":"https:\/\/silikotek.sapartners.site\/index.php\/wp-json\/wp\/v2\/product"}],"about":[{"href":"https:\/\/silikotek.sapartners.site\/index.php\/wp-json\/wp\/v2\/types\/product"}],"wp:featuredmedia":[{"embeddable":true,"href":"https:\/\/silikotek.sapartners.site\/index.php\/wp-json\/wp\/v2\/media\/25796"}],"wp:attachment":[{"href":"https:\/\/silikotek.sapartners.site\/index.php\/wp-json\/wp\/v2\/media?parent=25795"}],"wp:term":[{"taxonomy":"pwb-brand","embeddable":true,"href":"https:\/\/silikotek.sapartners.site\/index.php\/wp-json\/wp\/v2\/pwb-brand?post=25795"},{"taxonomy":"product_brand","embeddable":true,"href":"https:\/\/silikotek.sapartners.site\/index.php\/wp-json\/wp\/v2\/product_brand?post=25795"},{"taxonomy":"product_cat","embeddable":true,"href":"https:\/\/silikotek.sapartners.site\/index.php\/wp-json\/wp\/v2\/product_cat?post=25795"},{"taxonomy":"product_tag","embeddable":true,"href":"https:\/\/silikotek.sapartners.site\/index.php\/wp-json\/wp\/v2\/product_tag?post=25795"}],"curies":[{"name":"wp","href":"https:\/\/api.w.org\/{rel}","templated":true}]}}