{"id":25217,"date":"2021-05-17T15:58:08","date_gmt":"2021-05-17T12:58:08","guid":{"rendered":"https:\/\/www.silikotek.fi\/?post_type=product&#038;p=25217"},"modified":"2021-05-17T15:58:09","modified_gmt":"2021-05-17T12:58:09","slug":"bgs-7785-ulosvedinsarja-sisa-ja-ulkopuolinen-60-180-mm-laakereille","status":"publish","type":"product","link":"https:\/\/silikotek.sapartners.site\/index.php\/tuote\/bgs-7785-ulosvedinsarja-sisa-ja-ulkopuolinen-60-180-mm-laakereille\/","title":{"rendered":"BGS 7785 ulosvedinsarja sis\u00e4 ja ulkopuolinen. 60-180 mm laakereille."},"content":{"rendered":"<h4>Vetojalkojen pituus: 120 &#8211; 230 &#8211; 280 mm.<\/h4>\n<h4 id=\"tw-target-text\" class=\"tw-data-text tw-text-large XcVN5d tw-ta\" dir=\"ltr\" data-placeholder=\"K\u00e4\u00e4nn\u00f6s\"><span class=\"Y2IQFc\" lang=\"fi\">Kokonaispaino 3800 g, vetojalan kynnen paksuus 2 mm, kynnen syvyys 4,5 mm, kynnen pituus 14,5 mm, avainkoko 17 mm, suurin vetosyvyys 160 mm, suurin vetoleveys 130 mm, pienin vetoleveys 35 mm, karan pituus 140 mm<\/span><\/h4>\n","protected":false},"excerpt":{"rendered":"<p>Vetojalkojen pituus: 120 &#8211; 230 &#8211; 280 mm. Kokonaispaino 3800 g, vetojalan kynnen paksuus 2 mm, kynnen syvyys 4,5 mm, kynnen pituus 14,5 mm, avainkoko 17 mm, suurin vetosyvyys 160 mm, suurin vetoleveys 130 mm, pienin vetoleveys 35 mm, karan pituus 140 mm<\/p>\n","protected":false},"featured_media":25218,"template":"","meta":{"_et_pb_use_builder":"","_et_pb_old_content":"","_et_gb_content_width":""},"pwb-brand":[1451],"product_brand":[],"product_cat":[478],"product_tag":[],"class_list":{"0":"post-25217","1":"product","2":"type-product","3":"status-publish","4":"has-post-thumbnail","6":"pwb-brand-bgs","7":"product_cat-ulosvetajat","9":"first","10":"instock","11":"taxable","12":"shipping-taxable","13":"purchasable","14":"product-type-simple"},"brands":[{"id":1451,"name":"BGS","slug":"bgs"}],"_links":{"self":[{"href":"https:\/\/silikotek.sapartners.site\/index.php\/wp-json\/wp\/v2\/product\/25217","targetHints":{"allow":["GET"]}}],"collection":[{"href":"https:\/\/silikotek.sapartners.site\/index.php\/wp-json\/wp\/v2\/product"}],"about":[{"href":"https:\/\/silikotek.sapartners.site\/index.php\/wp-json\/wp\/v2\/types\/product"}],"wp:featuredmedia":[{"embeddable":true,"href":"https:\/\/silikotek.sapartners.site\/index.php\/wp-json\/wp\/v2\/media\/25218"}],"wp:attachment":[{"href":"https:\/\/silikotek.sapartners.site\/index.php\/wp-json\/wp\/v2\/media?parent=25217"}],"wp:term":[{"taxonomy":"pwb-brand","embeddable":true,"href":"https:\/\/silikotek.sapartners.site\/index.php\/wp-json\/wp\/v2\/pwb-brand?post=25217"},{"taxonomy":"product_brand","embeddable":true,"href":"https:\/\/silikotek.sapartners.site\/index.php\/wp-json\/wp\/v2\/product_brand?post=25217"},{"taxonomy":"product_cat","embeddable":true,"href":"https:\/\/silikotek.sapartners.site\/index.php\/wp-json\/wp\/v2\/product_cat?post=25217"},{"taxonomy":"product_tag","embeddable":true,"href":"https:\/\/silikotek.sapartners.site\/index.php\/wp-json\/wp\/v2\/product_tag?post=25217"}],"curies":[{"name":"wp","href":"https:\/\/api.w.org\/{rel}","templated":true}]}}