{"id":25070,"date":"2021-04-13T16:16:32","date_gmt":"2021-04-13T13:16:32","guid":{"rendered":"https:\/\/www.silikotek.fi\/?post_type=product&#038;p=25070"},"modified":"2022-04-28T17:11:53","modified_gmt":"2022-04-28T14:11:53","slug":"milwaukee-akkuraikkaavain-m12-fir14-0","status":"publish","type":"product","link":"https:\/\/silikotek.sapartners.site\/index.php\/tuote\/milwaukee-akkuraikkaavain-m12-fir14-0\/","title":{"rendered":"MILWAUKEE AKKUR\u00c4IKK\u00c4AVAIN M12 FIR14-0"},"content":{"rendered":"<p>Kompakti M12 FUE 1\/4\u02dd r\u00e4ikk\u00e4avain. Jopa 54 Nm maksimiv\u00e4\u00e4nt\u00f6momentti ja 250 kierr.\/min., ty\u00f6kalu sopii erinomaisesti automekaanikoille sek\u00e4 huolto- ja korjausammattilaisille. P\u00e4\u00e4n muotoilu sallii ty\u00f6skentelyn ahtaissakin tiloissa. Hiiliharjaton POWERSTATE-moottori ja REDLINK PLUS&#x2122; -elektroniikka. Nopeudens\u00e4\u00e4t\u00f6kytkin, LED-ty\u00f6valo ja virtamittari. Pituus 291 mm. Paino akun kanssa 1,1 kg. Mukana toimitetaan 1\/4&#8243; -&gt; 3\/8&#8243; adapteri ja pahvilaatikko (ilman akkua ja laturia).<\/p>\n","protected":false},"excerpt":{"rendered":"<p>Milwaukee akkur\u00e4ikk\u00e4 helpottaa kovasti ruuvaamista.<\/p>\n","protected":false},"featured_media":25071,"template":"","meta":{"_et_pb_use_builder":"","_et_pb_old_content":"","_et_gb_content_width":""},"pwb-brand":[1452],"product_brand":[],"product_cat":[735],"product_tag":[],"class_list":{"0":"post-25070","1":"product","2":"type-product","3":"status-publish","4":"has-post-thumbnail","6":"pwb-brand-milwaukee","7":"product_cat-akkumutterinvaantimet","9":"first","10":"instock","11":"taxable","12":"shipping-taxable","13":"purchasable","14":"product-type-simple"},"brands":[{"id":1452,"name":"Milwaukee","slug":"milwaukee"}],"_links":{"self":[{"href":"https:\/\/silikotek.sapartners.site\/index.php\/wp-json\/wp\/v2\/product\/25070","targetHints":{"allow":["GET"]}}],"collection":[{"href":"https:\/\/silikotek.sapartners.site\/index.php\/wp-json\/wp\/v2\/product"}],"about":[{"href":"https:\/\/silikotek.sapartners.site\/index.php\/wp-json\/wp\/v2\/types\/product"}],"wp:featuredmedia":[{"embeddable":true,"href":"https:\/\/silikotek.sapartners.site\/index.php\/wp-json\/wp\/v2\/media\/25071"}],"wp:attachment":[{"href":"https:\/\/silikotek.sapartners.site\/index.php\/wp-json\/wp\/v2\/media?parent=25070"}],"wp:term":[{"taxonomy":"pwb-brand","embeddable":true,"href":"https:\/\/silikotek.sapartners.site\/index.php\/wp-json\/wp\/v2\/pwb-brand?post=25070"},{"taxonomy":"product_brand","embeddable":true,"href":"https:\/\/silikotek.sapartners.site\/index.php\/wp-json\/wp\/v2\/product_brand?post=25070"},{"taxonomy":"product_cat","embeddable":true,"href":"https:\/\/silikotek.sapartners.site\/index.php\/wp-json\/wp\/v2\/product_cat?post=25070"},{"taxonomy":"product_tag","embeddable":true,"href":"https:\/\/silikotek.sapartners.site\/index.php\/wp-json\/wp\/v2\/product_tag?post=25070"}],"curies":[{"name":"wp","href":"https:\/\/api.w.org\/{rel}","templated":true}]}}