{"id":24873,"date":"2021-03-19T10:19:23","date_gmt":"2021-03-19T08:19:23","guid":{"rendered":"https:\/\/www.silikotek.fi\/?post_type=product&#038;p=24873"},"modified":"2021-03-19T10:19:24","modified_gmt":"2021-03-19T08:19:24","slug":"bgs-8293-1-mb-laajennustyokalusarja-pallonivelen-ulosvedin-sarjalle-bgs-8293","status":"publish","type":"product","link":"https:\/\/silikotek.sapartners.site\/index.php\/tuote\/bgs-8293-1-mb-laajennustyokalusarja-pallonivelen-ulosvedin-sarjalle-bgs-8293\/","title":{"rendered":"BGS-8293-1 MB laajennusty\u00f6kalusarja pallonivelen ulosvedin sarjalle BGS-8293"},"content":{"rendered":"","protected":false},"excerpt":{"rendered":"<h4 id=\"tw-target-text\" class=\"tw-data-text tw-text-large XcVN5d tw-ta\" dir=\"ltr\" data-placeholder=\"K\u00e4\u00e4nn\u00f6s\"><span lang=\"fi\">t\u00e4m\u00e4 laajennusty\u00f6kalu mahdollistaa pallonivelten purkamisen ja kokoamisen, sopivat Mercedes Benz W211 (E-sarja) \/ W220 (S-sarja) \/ W230 (SL-sarja) -k\u00e4ytet\u00e4\u00e4n kuten alkuper\u00e4ist\u00e4 OEM 2113230068 ty\u00f6kalua materiaali: S45C ter\u00e4s k\u00e4ytett\u00e4v\u00e4ksi BGS 8293: n kanssa<\/span><\/h4>\n","protected":false},"featured_media":24874,"template":"","meta":{"_et_pb_use_builder":"","_et_pb_old_content":"","_et_gb_content_width":""},"pwb-brand":[1451],"product_brand":[],"product_cat":[1514,478],"product_tag":[],"class_list":{"0":"post-24873","1":"product","2":"type-product","3":"status-publish","4":"has-post-thumbnail","6":"pwb-brand-bgs","7":"product_cat-ulosvetajat-raskaan-kaluston-tyokalut","8":"product_cat-ulosvetajat","10":"first","11":"instock","12":"taxable","13":"shipping-taxable","14":"purchasable","15":"product-type-simple"},"brands":[{"id":1451,"name":"BGS","slug":"bgs"}],"_links":{"self":[{"href":"https:\/\/silikotek.sapartners.site\/index.php\/wp-json\/wp\/v2\/product\/24873","targetHints":{"allow":["GET"]}}],"collection":[{"href":"https:\/\/silikotek.sapartners.site\/index.php\/wp-json\/wp\/v2\/product"}],"about":[{"href":"https:\/\/silikotek.sapartners.site\/index.php\/wp-json\/wp\/v2\/types\/product"}],"wp:featuredmedia":[{"embeddable":true,"href":"https:\/\/silikotek.sapartners.site\/index.php\/wp-json\/wp\/v2\/media\/24874"}],"wp:attachment":[{"href":"https:\/\/silikotek.sapartners.site\/index.php\/wp-json\/wp\/v2\/media?parent=24873"}],"wp:term":[{"taxonomy":"pwb-brand","embeddable":true,"href":"https:\/\/silikotek.sapartners.site\/index.php\/wp-json\/wp\/v2\/pwb-brand?post=24873"},{"taxonomy":"product_brand","embeddable":true,"href":"https:\/\/silikotek.sapartners.site\/index.php\/wp-json\/wp\/v2\/product_brand?post=24873"},{"taxonomy":"product_cat","embeddable":true,"href":"https:\/\/silikotek.sapartners.site\/index.php\/wp-json\/wp\/v2\/product_cat?post=24873"},{"taxonomy":"product_tag","embeddable":true,"href":"https:\/\/silikotek.sapartners.site\/index.php\/wp-json\/wp\/v2\/product_tag?post=24873"}],"curies":[{"name":"wp","href":"https:\/\/api.w.org\/{rel}","templated":true}]}}