{"id":24662,"date":"2021-02-19T11:34:12","date_gmt":"2021-02-19T09:34:12","guid":{"rendered":"https:\/\/www.silikotek.fi\/?post_type=product&#038;p=24662"},"modified":"2021-03-10T09:48:35","modified_gmt":"2021-03-10T07:48:35","slug":"proglass-dsn-37-imukupit-kojelautasuojille-2-kpl","status":"publish","type":"product","link":"https:\/\/silikotek.sapartners.site\/index.php\/tuote\/proglass-dsn-37-imukupit-kojelautasuojille-2-kpl\/","title":{"rendered":"ProGlass Imukupit Kojelautasuojille (2 kpl) DSN-37"},"content":{"rendered":"","protected":false},"excerpt":{"rendered":"<p class=\"tw-data-text tw-text-large XcVN5d tw-ta\" dir=\"ltr\" data-placeholder=\"K\u00e4\u00e4nn\u00f6s\"><span lang=\"fi\">Kaksois imukupit kiinnitt\u00e4v\u00e4t ProGlass-kojelautasuojan mihin tahansa. Joten voit k\u00e4ytt\u00e4\u00e4 kojelautasuojaa my\u00f6s pylv\u00e4iss\u00e4 ja kattossa.<br \/>\n<\/span><\/p>\n<ul>\n<li>Koko: \u00d8 37 x 25 mm<\/li>\n<li>Materiaali: PVC<\/li>\n<li>Paino: 5 g<\/li>\n<li>V\u00e4ri. Transparent<\/li>\n<\/ul>\n","protected":false},"featured_media":24810,"template":"","meta":{"_et_pb_use_builder":"","_et_pb_old_content":"","_et_gb_content_width":""},"pwb-brand":[1503],"product_brand":[],"product_cat":[749],"product_tag":[],"class_list":{"0":"post-24662","1":"product","2":"type-product","3":"status-publish","4":"has-post-thumbnail","6":"pwb-brand-proglass","7":"product_cat-tuulilasi-tyokalut","9":"first","10":"instock","11":"taxable","12":"shipping-taxable","13":"purchasable","14":"product-type-simple"},"brands":[{"id":1503,"name":"ProGlass","slug":"proglass"}],"_links":{"self":[{"href":"https:\/\/silikotek.sapartners.site\/index.php\/wp-json\/wp\/v2\/product\/24662","targetHints":{"allow":["GET"]}}],"collection":[{"href":"https:\/\/silikotek.sapartners.site\/index.php\/wp-json\/wp\/v2\/product"}],"about":[{"href":"https:\/\/silikotek.sapartners.site\/index.php\/wp-json\/wp\/v2\/types\/product"}],"wp:featuredmedia":[{"embeddable":true,"href":"https:\/\/silikotek.sapartners.site\/index.php\/wp-json\/wp\/v2\/media\/24810"}],"wp:attachment":[{"href":"https:\/\/silikotek.sapartners.site\/index.php\/wp-json\/wp\/v2\/media?parent=24662"}],"wp:term":[{"taxonomy":"pwb-brand","embeddable":true,"href":"https:\/\/silikotek.sapartners.site\/index.php\/wp-json\/wp\/v2\/pwb-brand?post=24662"},{"taxonomy":"product_brand","embeddable":true,"href":"https:\/\/silikotek.sapartners.site\/index.php\/wp-json\/wp\/v2\/product_brand?post=24662"},{"taxonomy":"product_cat","embeddable":true,"href":"https:\/\/silikotek.sapartners.site\/index.php\/wp-json\/wp\/v2\/product_cat?post=24662"},{"taxonomy":"product_tag","embeddable":true,"href":"https:\/\/silikotek.sapartners.site\/index.php\/wp-json\/wp\/v2\/product_tag?post=24662"}],"curies":[{"name":"wp","href":"https:\/\/api.w.org\/{rel}","templated":true}]}}