{"id":2428,"date":"2014-03-31T10:48:09","date_gmt":"2014-03-31T10:48:09","guid":{"rendered":"http:\/\/192.168.100.222\/target_carts\/wordpress\/wordpress495\/wordpress\/?product=dgl-34-suora-hiomakone"},"modified":"2014-03-31T15:38:47","modified_gmt":"2014-03-31T15:38:47","slug":"dgl-34-suora-hiomakone","status":"publish","type":"product","link":"https:\/\/silikotek.sapartners.site\/index.php\/tuote\/dgl-34-suora-hiomakone\/","title":{"rendered":"DGL 34 Suora hiomakone"},"content":{"rendered":"<p>Nopeakierroksinen, yhden k\u00e4den suora hiomakone.<\/p>\n<p>\u2022 Pitk\u00e4 etuosa sallii p\u00e4\u00e4syn ahtaisiin paikkoihin<br \/>\u2022 Tarkkuusvaihteisto metallipes\u00e4ss\u00e4 ja karan kaksinkertainen laakerointi<\/p>\n<p>Tekniset tiedot: <br \/>Ottoteho: 500 W<br \/>Kiristysholkin halkaisija: 6 mm<br \/>Tyhj\u00e4k\u00e4yntikierrosluku: 34.000 r\/min<br \/>Hiomalaikan maks. halkaisija (80 m\/s): 40 mm<br \/>Karalaikan maks. halkaisija (45 m\/s): 25 mm<br \/>Paino: 1,8 kg<\/p>\n<p>Vakiovarusteet: 4 m:n kaapeli, avaimet AV17 ja AV15, <br \/>6 mm:n kiristysholkki.<\/p>\n<p>Hinta 329 \u20ac sis. alv<br \/>Tuotenumero: 4933 3851 10<br \/>EAN: 4002395 23002 0<\/p>\n","protected":false},"excerpt":{"rendered":"<p>Nopeakierroksinen, yhden k\u00e4den suora hiomakone. \u2022 Pitk\u00e4 etuosa sallii p\u00e4\u00e4syn ahtaisiin paikkoihin\u2022 Tarkkuusvaihteisto metallipes\u00e4ss\u00e4 ja karan kaksinkertainen laakerointi Tekniset tiedot: Ottoteho: 500 WKiristysholkin halkaisija: 6 mmTyhj\u00e4k\u00e4yntikierrosluku: 34.000 r\/minHiomalaikan maks. halkaisija (80 m\/s): 40 mmKaralaikan maks. halkaisija (45 m\/s): 25 mmPaino: 1,8 kg Vakiovarusteet: 4 m:n kaapeli, avaimet AV17 ja AV15, 6 mm:n kiristysholkki. Hinta 329 [&hellip;]<\/p>\n","protected":false},"featured_media":2427,"template":"","meta":{"_et_pb_use_builder":"","_et_pb_old_content":"","_et_gb_content_width":""},"pwb-brand":[],"product_brand":[],"product_cat":[363],"product_tag":[],"class_list":{"0":"post-2428","1":"product","2":"type-product","3":"status-publish","4":"has-post-thumbnail","6":"product_cat-karalaikkahiomakoneet","8":"first","9":"instock","10":"taxable","11":"shipping-taxable","12":"purchasable","13":"product-type-simple"},"brands":[],"_links":{"self":[{"href":"https:\/\/silikotek.sapartners.site\/index.php\/wp-json\/wp\/v2\/product\/2428","targetHints":{"allow":["GET"]}}],"collection":[{"href":"https:\/\/silikotek.sapartners.site\/index.php\/wp-json\/wp\/v2\/product"}],"about":[{"href":"https:\/\/silikotek.sapartners.site\/index.php\/wp-json\/wp\/v2\/types\/product"}],"wp:featuredmedia":[{"embeddable":true,"href":"https:\/\/silikotek.sapartners.site\/index.php\/wp-json\/wp\/v2\/media\/2427"}],"wp:attachment":[{"href":"https:\/\/silikotek.sapartners.site\/index.php\/wp-json\/wp\/v2\/media?parent=2428"}],"wp:term":[{"taxonomy":"pwb-brand","embeddable":true,"href":"https:\/\/silikotek.sapartners.site\/index.php\/wp-json\/wp\/v2\/pwb-brand?post=2428"},{"taxonomy":"product_brand","embeddable":true,"href":"https:\/\/silikotek.sapartners.site\/index.php\/wp-json\/wp\/v2\/product_brand?post=2428"},{"taxonomy":"product_cat","embeddable":true,"href":"https:\/\/silikotek.sapartners.site\/index.php\/wp-json\/wp\/v2\/product_cat?post=2428"},{"taxonomy":"product_tag","embeddable":true,"href":"https:\/\/silikotek.sapartners.site\/index.php\/wp-json\/wp\/v2\/product_tag?post=2428"}],"curies":[{"name":"wp","href":"https:\/\/api.w.org\/{rel}","templated":true}]}}