{"id":24202,"date":"2021-01-11T15:24:09","date_gmt":"2021-01-11T13:24:09","guid":{"rendered":"https:\/\/www.silikotek.fi\/?post_type=product&#038;p=24202"},"modified":"2021-01-13T15:11:51","modified_gmt":"2021-01-13T13:11:51","slug":"kstools-115-1094-polttoaineputkipihdit-160-mm","status":"publish","type":"product","link":"https:\/\/silikotek.sapartners.site\/index.php\/tuote\/kstools-115-1094-polttoaineputkipihdit-160-mm\/","title":{"rendered":"Kstools Polttoaineputkipihdit, 160 mm 115.1094"},"content":{"rendered":"<p>Muoto: Suora<br \/>\nKahva: Uppoeristetty kahva<br \/>\nK\u00e4ytt\u00f6alue, yleinen: Polttoaineputkien liitinten avaamiseen<br \/>\nPakkauksen sis\u00e4lt\u00f6: 1<br \/>\nOsapituus L2, mm: 50.0<br \/>\nKokonaispituus L1 (mm): 160.0<br \/>\nLeukojen koko A, mm: 0-30<br \/>\nPaino g: 220<br \/>\nMateriaali1: Erikoisty\u00f6kaluter\u00e4st\u00e4<\/p>\n<p>Unboxing-video:<br \/>\n<iframe loading=\"lazy\" src=\"http:\/\/view.vzaar.com\/17782934\/video\" width=\"680\" height=\"510\"><\/iframe><\/p>\n<p>K\u00e4ytt\u00f6video:<\/p>\n<p><iframe loading=\"lazy\" title=\"Anwendungsvideo Kraftstoffleitungszange KS Tools 115.1094\" width=\"1080\" height=\"608\" src=\"https:\/\/www.youtube.com\/embed\/GkJqzof8y0I?feature=oembed\" frameborder=\"0\" allow=\"accelerometer; autoplay; clipboard-write; encrypted-media; gyroscope; picture-in-picture\" allowfullscreen><\/iframe><\/p>\n","protected":false},"excerpt":{"rendered":"<div class=\"product--description\">\n<ul>\n<li class=\"liste\">polttoaineputkiliitosten asianmukaiseen vapautukseen<\/li>\n<li class=\"liste\">sopii erityisesti polttoaineputkiliitoksiin, joiden vapautusosat ovat k\u00e4sitelt\u00e4viss\u00e4 sivusta<\/li>\n<li class=\"liste\">ei vahingoita pistoliitoksia, polttoaineputkia tai -letkuja<\/li>\n<li class=\"liste\">polttoaineputkien nopea ja helppo irrotus<\/li>\n<li class=\"liste\">eristetyill\u00e4 kahvoilla<\/li>\n<li class=\"liste\">matta, kromattu<\/li>\n<li class=\"liste\">erikoisty\u00f6kaluter\u00e4st\u00e4<\/li>\n<\/ul>\n<\/div>\n","protected":false},"featured_media":24350,"template":"","meta":{"_et_pb_use_builder":"","_et_pb_old_content":"","_et_gb_content_width":""},"pwb-brand":[1454],"product_brand":[],"product_cat":[858,750],"product_tag":[],"class_list":{"0":"post-24202","1":"product","2":"type-product","3":"status-publish","4":"has-post-thumbnail","6":"pwb-brand-kstools","7":"product_cat-polttoainejarjestelman-testerit","8":"product_cat-oljyn-ja-nesteiden-huolto-tyokalut","10":"first","11":"instock","12":"taxable","13":"shipping-taxable","14":"purchasable","15":"product-type-simple"},"brands":[{"id":1454,"name":"Kstools","slug":"kstools"}],"_links":{"self":[{"href":"https:\/\/silikotek.sapartners.site\/index.php\/wp-json\/wp\/v2\/product\/24202","targetHints":{"allow":["GET"]}}],"collection":[{"href":"https:\/\/silikotek.sapartners.site\/index.php\/wp-json\/wp\/v2\/product"}],"about":[{"href":"https:\/\/silikotek.sapartners.site\/index.php\/wp-json\/wp\/v2\/types\/product"}],"wp:featuredmedia":[{"embeddable":true,"href":"https:\/\/silikotek.sapartners.site\/index.php\/wp-json\/wp\/v2\/media\/24350"}],"wp:attachment":[{"href":"https:\/\/silikotek.sapartners.site\/index.php\/wp-json\/wp\/v2\/media?parent=24202"}],"wp:term":[{"taxonomy":"pwb-brand","embeddable":true,"href":"https:\/\/silikotek.sapartners.site\/index.php\/wp-json\/wp\/v2\/pwb-brand?post=24202"},{"taxonomy":"product_brand","embeddable":true,"href":"https:\/\/silikotek.sapartners.site\/index.php\/wp-json\/wp\/v2\/product_brand?post=24202"},{"taxonomy":"product_cat","embeddable":true,"href":"https:\/\/silikotek.sapartners.site\/index.php\/wp-json\/wp\/v2\/product_cat?post=24202"},{"taxonomy":"product_tag","embeddable":true,"href":"https:\/\/silikotek.sapartners.site\/index.php\/wp-json\/wp\/v2\/product_tag?post=24202"}],"curies":[{"name":"wp","href":"https:\/\/api.w.org\/{rel}","templated":true}]}}