{"id":23350,"date":"2020-09-16T10:26:06","date_gmt":"2020-09-16T07:26:06","guid":{"rendered":"https:\/\/www.silikotek.fi\/?post_type=product&#038;p=23350"},"modified":"2022-04-28T15:22:59","modified_gmt":"2022-04-28T12:22:59","slug":"elektroninen-imu-ja-tayttopumppu-kstools-150-2800","status":"publish","type":"product","link":"https:\/\/silikotek.sapartners.site\/index.php\/tuote\/elektroninen-imu-ja-tayttopumppu-kstools-150-2800\/","title":{"rendered":"Kstools Elektroninen imu- ja t\u00e4ytt\u00f6pumppu 150.2800"},"content":{"rendered":"","protected":false},"excerpt":{"rendered":"<ul>\n<li class=\"liste\">sopii erinomisesti erilaisten nesteiden imemiseen, t\u00e4ytt\u00f6\u00f6n ja vaihtoon<\/li>\n<li class=\"liste\">sopii dieselille, moottori\u00f6ljylle ja poltto\u00f6ljylle<\/li>\n<li class=\"liste\">Imukapasiteetti: Moottori\u00f6ljy 0,2 l\/min, diesel ja poltto\u00f6ljy 1,2 l\/min<\/li>\n<li class=\"liste\">12V liit\u00e4nt\u00e4 tehd\u00e4\u00e4n krokotiilileuoilla ajoneuvosta tai ulkoisesta akusta<\/li>\n<li class=\"liste\">sis. 6 mm imusondi<\/li>\n<li class=\"liste\">ei sovellu vedelle, vaihteisto\u00f6ljylle ja helposti syttyville nesteille, kuten bensiini jne.<\/li>\n<\/ul>\n","protected":false},"featured_media":23366,"template":"","meta":{"_et_pb_use_builder":"","_et_pb_old_content":"","_et_gb_content_width":""},"pwb-brand":[1454],"product_brand":[],"product_cat":[750],"product_tag":[],"class_list":{"0":"post-23350","1":"product","2":"type-product","3":"status-publish","4":"has-post-thumbnail","6":"pwb-brand-kstools","7":"product_cat-oljyn-ja-nesteiden-huolto-tyokalut","9":"first","10":"instock","11":"sale","12":"taxable","13":"shipping-taxable","14":"purchasable","15":"product-type-simple"},"brands":[{"id":1454,"name":"Kstools","slug":"kstools"}],"_links":{"self":[{"href":"https:\/\/silikotek.sapartners.site\/index.php\/wp-json\/wp\/v2\/product\/23350","targetHints":{"allow":["GET"]}}],"collection":[{"href":"https:\/\/silikotek.sapartners.site\/index.php\/wp-json\/wp\/v2\/product"}],"about":[{"href":"https:\/\/silikotek.sapartners.site\/index.php\/wp-json\/wp\/v2\/types\/product"}],"wp:featuredmedia":[{"embeddable":true,"href":"https:\/\/silikotek.sapartners.site\/index.php\/wp-json\/wp\/v2\/media\/23366"}],"wp:attachment":[{"href":"https:\/\/silikotek.sapartners.site\/index.php\/wp-json\/wp\/v2\/media?parent=23350"}],"wp:term":[{"taxonomy":"pwb-brand","embeddable":true,"href":"https:\/\/silikotek.sapartners.site\/index.php\/wp-json\/wp\/v2\/pwb-brand?post=23350"},{"taxonomy":"product_brand","embeddable":true,"href":"https:\/\/silikotek.sapartners.site\/index.php\/wp-json\/wp\/v2\/product_brand?post=23350"},{"taxonomy":"product_cat","embeddable":true,"href":"https:\/\/silikotek.sapartners.site\/index.php\/wp-json\/wp\/v2\/product_cat?post=23350"},{"taxonomy":"product_tag","embeddable":true,"href":"https:\/\/silikotek.sapartners.site\/index.php\/wp-json\/wp\/v2\/product_tag?post=23350"}],"curies":[{"name":"wp","href":"https:\/\/api.w.org\/{rel}","templated":true}]}}