{"id":22712,"date":"2020-04-29T11:08:00","date_gmt":"2020-04-29T08:08:00","guid":{"rendered":"https:\/\/www.silikotek.fi\/?post_type=product&#038;p=22712"},"modified":"2021-09-22T00:00:33","modified_gmt":"2021-09-21T21:00:33","slug":"flex-akkuporakone-iskulla-pd-2g-180","status":"publish","type":"product","link":"https:\/\/silikotek.sapartners.site\/index.php\/tuote\/flex-akkuporakone-iskulla-pd-2g-180\/","title":{"rendered":"Flex Akkuporakone iskulla PD 2G 18,0"},"content":{"rendered":"<h5>S\u00e4hk\u00f6inen hallintaj\u00e4rjestelm\u00e4 suojelee konetta, pident\u00e4\u00e4 k\u00e4ytt\u00f6ik\u00e4\u00e4 ja lis\u00e4\u00e4 tehokkuutta<br \/>\nElektronien turvajarru<br \/>\nVankka painevalettu alumiinirunko<br \/>\nMetallinen pikaistukka jossa tukirengas ja automaattinen lukitustoiminto<br \/>\nPy\u00f6rimissuunnan vaihto turvakytkimell\u00e4<br \/>\nLuistamaton, soft grip k\u00e4densija, ergonomisesti muotoiltu.<br \/>\nIntegroitu LED lamppu j\u00e4lkihehkutoiminnolla<br \/>\nLED-ilmaisin osoittaa akun varaustilan<br \/>\nFLEX akkuj\u00e4rjestelm\u00e4 soveltuu kaikkiin uusiin 18,0 V FLEX-ty\u00f6kaluihin. Toimitus 1&#215;2,5 ja 1&#215;5,0 Ah akku + kantolaukku<\/h5>\n<h5><strong>Teknisi\u00e4 ominaisuuksia\u00a0<\/strong><\/h5>\n<h5>Akun j\u00e4nnite18 V<br \/>\nAkun kapasiteetti 2,5 \/ 5,0 Ah<br \/>\nV\u00e4\u00e4nt\u00f6momentti max. pehme\u00e4 \/ kova 52 \/ 65 Nm<br \/>\nMomentin porrastus 24+1<br \/>\nPy\u00f6rimisnopeus ilman kuormitusta, 1. vaihde 0-380 \/min<br \/>\nPy\u00f6rimisnopeus ilman kuormitusta, 2. vaihde 0-1650 \/min<br \/>\nKuormittamaton iskuluku, 1.vaihde 0-4940 \/min<br \/>\nKuormittamaton iskuluku, 2.vaihde 0-21450 \/min<br \/>\nIstukan kapasiteetti \u00d81,5 &#8211; 13 mm<br \/>\nMaks. poraus-\u00d8 metalliin13 mm<br \/>\nMaks. poraus \u00d8 tiilelle16 mm<br \/>\nMaks. poraus-\u00d8 puuhun30 mm<br \/>\nPaino ilman akkua1,4 kg<\/h5>\n<h5><\/h5>\n","protected":false},"excerpt":{"rendered":"<p>Nyt Flex akkuiskuporakone uskomattomaan tutustumistarjoukseen. Sopii raskaaseen ammattik\u00e4ytt\u00f6\u00f6n. Akuille ja koneelle 3-vuoden takuu rekister\u00f6im\u00e4ll\u00e4.<\/p>\n","protected":false},"featured_media":22716,"template":"","meta":{"_et_pb_use_builder":"","_et_pb_old_content":"","_et_gb_content_width":""},"pwb-brand":[1458],"product_brand":[],"product_cat":[733],"product_tag":[],"class_list":{"0":"post-22712","1":"product","2":"type-product","3":"status-publish","4":"has-post-thumbnail","6":"pwb-brand-flex","7":"product_cat-akkuporakoneet-18-v","9":"first","10":"instock","11":"taxable","12":"shipping-taxable","13":"purchasable","14":"product-type-simple"},"brands":[{"id":1458,"name":"Flex","slug":"flex"}],"_links":{"self":[{"href":"https:\/\/silikotek.sapartners.site\/index.php\/wp-json\/wp\/v2\/product\/22712","targetHints":{"allow":["GET"]}}],"collection":[{"href":"https:\/\/silikotek.sapartners.site\/index.php\/wp-json\/wp\/v2\/product"}],"about":[{"href":"https:\/\/silikotek.sapartners.site\/index.php\/wp-json\/wp\/v2\/types\/product"}],"wp:featuredmedia":[{"embeddable":true,"href":"https:\/\/silikotek.sapartners.site\/index.php\/wp-json\/wp\/v2\/media\/22716"}],"wp:attachment":[{"href":"https:\/\/silikotek.sapartners.site\/index.php\/wp-json\/wp\/v2\/media?parent=22712"}],"wp:term":[{"taxonomy":"pwb-brand","embeddable":true,"href":"https:\/\/silikotek.sapartners.site\/index.php\/wp-json\/wp\/v2\/pwb-brand?post=22712"},{"taxonomy":"product_brand","embeddable":true,"href":"https:\/\/silikotek.sapartners.site\/index.php\/wp-json\/wp\/v2\/product_brand?post=22712"},{"taxonomy":"product_cat","embeddable":true,"href":"https:\/\/silikotek.sapartners.site\/index.php\/wp-json\/wp\/v2\/product_cat?post=22712"},{"taxonomy":"product_tag","embeddable":true,"href":"https:\/\/silikotek.sapartners.site\/index.php\/wp-json\/wp\/v2\/product_tag?post=22712"}],"curies":[{"name":"wp","href":"https:\/\/api.w.org\/{rel}","templated":true}]}}