{"id":22345,"date":"2020-04-01T16:22:29","date_gmt":"2020-04-01T13:22:29","guid":{"rendered":"https:\/\/www.silikotek.fi\/?post_type=product&#038;p=22345"},"modified":"2023-09-01T14:49:29","modified_gmt":"2023-09-01T11:49:29","slug":"bgs-sahkokayttoinen-epakeskokiillotuskone-900-w-max-6000-rpm","status":"publish","type":"product","link":"https:\/\/silikotek.sapartners.site\/index.php\/tuote\/bgs-sahkokayttoinen-epakeskokiillotuskone-900-w-max-6000-rpm\/","title":{"rendered":"BGS S\u00e4hk\u00f6k\u00e4ytt\u00f6inen ep\u00e4keskokiillotuskone 900 W max 6000 rpm"},"content":{"rendered":"","protected":false},"excerpt":{"rendered":"<p>Sopii erityisesti suurten pintojen kiillotusta varten, ei hyydy heti kesken.<br \/>\nSis\u00e4lt\u00e4\u00e4:<\/p>\n<ul>\n<li>tarralautanen \u00d8 150 mm ja kiillotussieni \u00d8 150 mm<\/li>\n<li>isku: 21 mm<\/li>\n<li>j\u00e4nnite: 230 &#8211; 240 V \/ 50 Hz<\/li>\n<li>\u00e4\u00e4nenpainetaso LpA: 80,27 dB (A)<\/li>\n<li>\u00e4\u00e4nitehotaso LwA: 91,27 dB (A)<\/li>\n<li>v\u00e4r\u00e4htelytaso: ahd = 6,759 m \/ s\u00b2 \/ K = 1,5 m \/ s\u00b2<\/li>\n<li>suojaluokka: II<\/li>\n<\/ul>\n","protected":false},"featured_media":22346,"template":"","meta":{"_et_pb_use_builder":"","_et_pb_old_content":"","_et_gb_content_width":""},"pwb-brand":[1451],"product_brand":[],"product_cat":[892],"product_tag":[],"class_list":{"0":"post-22345","1":"product","2":"type-product","3":"status-publish","4":"has-post-thumbnail","6":"pwb-brand-bgs","7":"product_cat-epakeskohiomakoneet-sahko","9":"first","10":"instock","11":"taxable","12":"shipping-taxable","13":"purchasable","14":"product-type-simple"},"brands":[{"id":1451,"name":"BGS","slug":"bgs"}],"_links":{"self":[{"href":"https:\/\/silikotek.sapartners.site\/index.php\/wp-json\/wp\/v2\/product\/22345","targetHints":{"allow":["GET"]}}],"collection":[{"href":"https:\/\/silikotek.sapartners.site\/index.php\/wp-json\/wp\/v2\/product"}],"about":[{"href":"https:\/\/silikotek.sapartners.site\/index.php\/wp-json\/wp\/v2\/types\/product"}],"wp:featuredmedia":[{"embeddable":true,"href":"https:\/\/silikotek.sapartners.site\/index.php\/wp-json\/wp\/v2\/media\/22346"}],"wp:attachment":[{"href":"https:\/\/silikotek.sapartners.site\/index.php\/wp-json\/wp\/v2\/media?parent=22345"}],"wp:term":[{"taxonomy":"pwb-brand","embeddable":true,"href":"https:\/\/silikotek.sapartners.site\/index.php\/wp-json\/wp\/v2\/pwb-brand?post=22345"},{"taxonomy":"product_brand","embeddable":true,"href":"https:\/\/silikotek.sapartners.site\/index.php\/wp-json\/wp\/v2\/product_brand?post=22345"},{"taxonomy":"product_cat","embeddable":true,"href":"https:\/\/silikotek.sapartners.site\/index.php\/wp-json\/wp\/v2\/product_cat?post=22345"},{"taxonomy":"product_tag","embeddable":true,"href":"https:\/\/silikotek.sapartners.site\/index.php\/wp-json\/wp\/v2\/product_tag?post=22345"}],"curies":[{"name":"wp","href":"https:\/\/api.w.org\/{rel}","templated":true}]}}