{"id":21178,"date":"2019-10-25T13:49:22","date_gmt":"2019-10-25T10:49:22","guid":{"rendered":"https:\/\/www.silikotek.fi\/?post_type=product&#038;p=21178"},"modified":"2024-09-30T09:53:05","modified_gmt":"2024-09-30T06:53:05","slug":"supermonster-suuritehoinen-mutterinvaannin-1-3405-nm-kstools-515-3280","status":"publish","type":"product","link":"https:\/\/silikotek.sapartners.site\/index.php\/tuote\/supermonster-suuritehoinen-mutterinvaannin-1-3405-nm-kstools-515-3280\/","title":{"rendered":"Kstools SuperMONSTER suuritehoinen mutterinv\u00e4\u00e4nnin 1&#8243;, 3405 Nm, 515.3280"},"content":{"rendered":"<p>Unboxing-video:<br \/>\n<iframe loading=\"lazy\" src=\"http:\/\/view.vzaar.com\/13512960\/video\" width=\"600\" height=\"450\"><\/iframe><\/p>\n<div class=\"container\">\n<div class=\"detail-middle--properties\">\n<div class=\"product--properties panel\">\n<table class=\"product--properties-table\">\n<tbody>\n<tr class=\"product--properties-item\">\n<td class=\"product--properties-label\">Materiaali1:<\/td>\n<td><span class=\"product--properties-value\">Alumiini<\/span><\/td>\n<\/tr>\n<tr class=\"product--properties-item\">\n<td class=\"product--properties-label\">Tyhj\u00e4k\u00e4yntikierrosluku, r\/min:<\/td>\n<td><span class=\"product--properties-value\">6200<\/span><\/td>\n<\/tr>\n<tr class=\"product--properties-item\">\n<td class=\"product--properties-label\">\u00c4\u00e4nen tehotaso (dbA):<\/td>\n<td><span class=\"product--properties-value\">104.5<\/span><\/td>\n<\/tr>\n<tr class=\"product--properties-item\">\n<td class=\"product--properties-label\">\u00c4\u00e4nen painetaso (dbA):<\/td>\n<td><span class=\"product--properties-value\">115.5<\/span><\/td>\n<\/tr>\n<tr class=\"product--properties-item\">\n<td class=\"product--properties-label\">Unboxing-linkki:<\/td>\n<td><span class=\"product--properties-value\"><a href=\"http:\/\/view.vzaar.com\/13512960\/video\" target=\"_blank\" rel=\"nofollow noopener noreferrer\">Video<\/a><\/span><\/td>\n<\/tr>\n<tr class=\"product--properties-item\">\n<td class=\"product--properties-label\">Enimm\u00e4isavausmomentti:<\/td>\n<td><span class=\"product--properties-value\">3405 Nm<\/span><\/td>\n<\/tr>\n<tr class=\"product--properties-item\">\n<td class=\"product--properties-label\">Alasimen pituus (mm):<\/td>\n<td><span class=\"product--properties-value\">195.0<\/span><\/td>\n<\/tr>\n<tr class=\"product--properties-item\">\n<td class=\"product--properties-label\">Nelikantav\u00e4\u00e4nti\u00f6:<\/td>\n<td><span class=\"product--properties-value\">1<\/span><\/td>\n<\/tr>\n<tr class=\"product--properties-item\">\n<td class=\"product--properties-label\">T\u00e4rin\u00e4nnopeutus:<\/td>\n<td><span class=\"product--properties-value\">&lt; 12,88<\/span><\/td>\n<\/tr>\n<tr class=\"product--properties-item\">\n<td class=\"product--properties-label\">Mittausep\u00e4varmuus, t\u00e4rin\u00e4nnopeutus:<\/td>\n<td><span class=\"product--properties-value\">1.77<\/span><\/td>\n<\/tr>\n<tr class=\"product--properties-item\">\n<td class=\"product--properties-label\">Kokonaispituus L (mm):<\/td>\n<td><span class=\"product--properties-value\">504<\/span><\/td>\n<\/tr>\n<tr class=\"product--properties-item\">\n<td class=\"product--properties-label\">Ilmankulutus, l\/min:<\/td>\n<td><span class=\"product--properties-value\">283<\/span><\/td>\n<\/tr>\n<tr class=\"product--properties-item\">\n<td class=\"product--properties-label\">Leveys B:<\/td>\n<td><span class=\"product--properties-value\">230<\/span><\/td>\n<\/tr>\n<tr class=\"product--properties-item\">\n<td class=\"product--properties-label\">K\u00e4ytt\u00f6paine, bar:<\/td>\n<td><span class=\"product--properties-value\">max. 6,3 bar (90 psi)<\/span><\/td>\n<\/tr>\n<tr class=\"product--properties-item\">\n<td class=\"product--properties-label\">K\u00e4ytt\u00f6tapa:<\/td>\n<td><span class=\"product--properties-value\">Paineilmak\u00e4ytt\u00f6inen<\/span><\/td>\n<\/tr>\n<tr class=\"product--properties-item\">\n<td class=\"product--properties-label\">Kiinnitys (mitta) tuumina:<\/td>\n<td><span class=\"product--properties-value\">1<\/span><\/td>\n<\/tr>\n<tr class=\"product--properties-item\">\n<td class=\"product--properties-label\">Pakkauksen sis\u00e4lt\u00f6:<\/td>\n<td><span class=\"product--properties-value\">1<\/span><\/td>\n<\/tr>\n<tr class=\"product--properties-item\">\n<td class=\"product--properties-label\">Enimm\u00e4iskiristysmomentti oikealle 4:<\/td>\n<td><span class=\"product--properties-value\">4 = 3064 Nm<\/span><\/td>\n<\/tr>\n<tr class=\"product--properties-item\">\n<td class=\"product--properties-label\">Enimm\u00e4iskiristysmomentti oikealle 3:<\/td>\n<td><span class=\"product--properties-value\">3 = 2145 Nm<\/span><\/td>\n<\/tr>\n<tr class=\"product--properties-item\">\n<td class=\"product--properties-label\">Enimm\u00e4iskiristysmomentti oikealle 2:<\/td>\n<td><span class=\"product--properties-value\">2 = 1523 Nm<\/span><\/td>\n<\/tr>\n<tr class=\"product--properties-item\">\n<td class=\"product--properties-label\">Enimm\u00e4iskiristysmomentti oikealle:<\/td>\n<td><span class=\"product--properties-value\">1 = 919 Nm<\/span><\/td>\n<\/tr>\n<tr class=\"product--properties-item\">\n<td class=\"product--properties-label\">Letkun v\u00e4himm\u00e4isl\u00e4pimitta:<\/td>\n<td><span class=\"product--properties-value\">3\/4&#8243; &#8211; 19 mm<\/span><\/td>\n<\/tr>\n<tr class=\"product--properties-item\">\n<td class=\"product--properties-label\">Ruuvin enimm\u00e4iskokko:<\/td>\n<td><span class=\"product--properties-value\">M 38<\/span><\/td>\n<\/tr>\n<tr class=\"product--properties-item\">\n<td class=\"product--properties-label\">Liitoskierre:<\/td>\n<td><span class=\"product--properties-value\">1\/2&#8243;PT<\/span><\/td>\n<\/tr>\n<tr class=\"product--properties-item\">\n<td class=\"product--properties-label\">Kahva:<\/td>\n<td><span class=\"product--properties-value\">Liukumaton pehmytkahva<\/span><\/td>\n<\/tr>\n<tr class=\"product--properties-item\">\n<td class=\"product--properties-label\">Paino kg:<\/td>\n<td><span class=\"product--properties-value\">7,82<\/span><\/td>\n<\/tr>\n<\/tbody>\n<\/table>\n<\/div>\n<\/div>\n<\/div>\n<div class=\"toggle-overlay\">\n<div class=\"toggle-hint\"><\/div>\n<\/div>\n","protected":false},"excerpt":{"rendered":"<div class=\"product--description\">\n<ul>\n<li class=\"liste\">liukumaton, pehme\u00e4 kahva<\/li>\n<li class=\"liste\">ilmanpoisto alla olevan kahvan kautta<\/li>\n<li class=\"liste\">pitk\u00e4 kara<\/li>\n<li class=\"liste\">neliportainen kiristysmomentin s\u00e4\u00e4\u00e4t\u00f6<\/li>\n<li class=\"liste\">kevyt k\u00e4ytt\u00e4\u00e4<\/li>\n<li class=\"liste\">t\u00e4rin\u00e4t\u00f6n<\/li>\n<li class=\"liste\">integroitu liipaisin k\u00e4sikahvassa<\/li>\n<li class=\"liste\">v\u00e4h\u00e4inen melutaso<\/li>\n<li class=\"liste\">suurtehoinen kaksoisvasara-iskumekanismi<\/li>\n<li class=\"liste\">kolo tappikiinnitykselle<\/li>\n<li class=\"liste\">pitk\u00e4 k\u00e4ytt\u00f6ik\u00e4<\/li>\n<li class=\"liste\">kylm\u00e4eristetty kahva<\/li>\n<li class=\"liste\">sis. 1\/2 tuuman pistokkeen<\/li>\n<li class=\"liste\">ultrakevyt alumiinikotelo<\/li>\n<\/ul>\n<\/div>\n<p>&nbsp;<\/p>\n","protected":false},"featured_media":21552,"template":"","meta":{"_et_pb_use_builder":"","_et_pb_old_content":"","_et_gb_content_width":""},"pwb-brand":[1454],"product_brand":[],"product_cat":[878],"product_tag":[],"class_list":{"0":"post-21178","1":"product","2":"type-product","3":"status-publish","4":"has-post-thumbnail","6":"pwb-brand-kstools","7":"product_cat-mutterinvaannin","9":"first","10":"instock","11":"taxable","12":"shipping-taxable","13":"purchasable","14":"product-type-simple"},"brands":[{"id":1454,"name":"Kstools","slug":"kstools"}],"_links":{"self":[{"href":"https:\/\/silikotek.sapartners.site\/index.php\/wp-json\/wp\/v2\/product\/21178","targetHints":{"allow":["GET"]}}],"collection":[{"href":"https:\/\/silikotek.sapartners.site\/index.php\/wp-json\/wp\/v2\/product"}],"about":[{"href":"https:\/\/silikotek.sapartners.site\/index.php\/wp-json\/wp\/v2\/types\/product"}],"wp:featuredmedia":[{"embeddable":true,"href":"https:\/\/silikotek.sapartners.site\/index.php\/wp-json\/wp\/v2\/media\/21552"}],"wp:attachment":[{"href":"https:\/\/silikotek.sapartners.site\/index.php\/wp-json\/wp\/v2\/media?parent=21178"}],"wp:term":[{"taxonomy":"pwb-brand","embeddable":true,"href":"https:\/\/silikotek.sapartners.site\/index.php\/wp-json\/wp\/v2\/pwb-brand?post=21178"},{"taxonomy":"product_brand","embeddable":true,"href":"https:\/\/silikotek.sapartners.site\/index.php\/wp-json\/wp\/v2\/product_brand?post=21178"},{"taxonomy":"product_cat","embeddable":true,"href":"https:\/\/silikotek.sapartners.site\/index.php\/wp-json\/wp\/v2\/product_cat?post=21178"},{"taxonomy":"product_tag","embeddable":true,"href":"https:\/\/silikotek.sapartners.site\/index.php\/wp-json\/wp\/v2\/product_tag?post=21178"}],"curies":[{"name":"wp","href":"https:\/\/api.w.org\/{rel}","templated":true}]}}