{"id":20341,"date":"2019-05-21T10:10:35","date_gmt":"2019-05-21T07:10:35","guid":{"rendered":"https:\/\/www.silikotek.fi\/?post_type=product&#038;p=20341"},"modified":"2019-10-30T13:13:15","modified_gmt":"2019-10-30T11:13:15","slug":"kraftmann-7-osainen-tyokalusetti-vyopidikkeellisessa-laukussa","status":"publish","type":"product","link":"https:\/\/silikotek.sapartners.site\/index.php\/tuote\/kraftmann-7-osainen-tyokalusetti-vyopidikkeellisessa-laukussa\/","title":{"rendered":"Kraftmann 7-osainen Ty\u00f6kalusetti Vy\u00f6pidikkeellisess\u00e4 Laukussa"},"content":{"rendered":"","protected":false},"excerpt":{"rendered":"<p>K\u00e4tev\u00e4 ty\u00f6kalulaukku, jonka voi ripustaa vy\u00f6h\u00f6n tms. Setti sis\u00e4lt\u00e4\u00e4 my\u00f6s perusty\u00f6kalut: pajavasara 200 g, taittomitta 2000 mm, pihdit 165 mm, yleisveitsi ter\u00e4 18 mm, j\u00e4nnitetestauslaite 230 V, ruuvimeisseli vaihdettavalla k\u00e4rjell\u00e4.<\/p>\n","protected":false},"featured_media":20343,"template":"","meta":{"_et_pb_use_builder":"","_et_pb_old_content":"","_et_gb_content_width":""},"pwb-brand":[1456],"product_brand":[],"product_cat":[836,1618],"product_tag":[],"class_list":{"0":"post-20341","1":"product","2":"type-product","3":"status-publish","4":"has-post-thumbnail","6":"pwb-brand-kraftmann","7":"product_cat-tyokalulaukut","8":"product_cat-tyokalusarjat","10":"first","11":"instock","12":"taxable","13":"shipping-taxable","14":"purchasable","15":"product-type-simple"},"brands":[{"id":1456,"name":"Kraftmann","slug":"kraftmann"}],"_links":{"self":[{"href":"https:\/\/silikotek.sapartners.site\/index.php\/wp-json\/wp\/v2\/product\/20341","targetHints":{"allow":["GET"]}}],"collection":[{"href":"https:\/\/silikotek.sapartners.site\/index.php\/wp-json\/wp\/v2\/product"}],"about":[{"href":"https:\/\/silikotek.sapartners.site\/index.php\/wp-json\/wp\/v2\/types\/product"}],"wp:featuredmedia":[{"embeddable":true,"href":"https:\/\/silikotek.sapartners.site\/index.php\/wp-json\/wp\/v2\/media\/20343"}],"wp:attachment":[{"href":"https:\/\/silikotek.sapartners.site\/index.php\/wp-json\/wp\/v2\/media?parent=20341"}],"wp:term":[{"taxonomy":"pwb-brand","embeddable":true,"href":"https:\/\/silikotek.sapartners.site\/index.php\/wp-json\/wp\/v2\/pwb-brand?post=20341"},{"taxonomy":"product_brand","embeddable":true,"href":"https:\/\/silikotek.sapartners.site\/index.php\/wp-json\/wp\/v2\/product_brand?post=20341"},{"taxonomy":"product_cat","embeddable":true,"href":"https:\/\/silikotek.sapartners.site\/index.php\/wp-json\/wp\/v2\/product_cat?post=20341"},{"taxonomy":"product_tag","embeddable":true,"href":"https:\/\/silikotek.sapartners.site\/index.php\/wp-json\/wp\/v2\/product_tag?post=20341"}],"curies":[{"name":"wp","href":"https:\/\/api.w.org\/{rel}","templated":true}]}}