{"id":19986,"date":"2019-03-06T10:11:03","date_gmt":"2019-03-06T08:11:03","guid":{"rendered":"https:\/\/silikotek.fi\/?post_type=product&#038;p=19986"},"modified":"2020-03-12T08:15:19","modified_gmt":"2020-03-12T06:15:19","slug":"milwaukee-m18-cblpp4b-502b-powerpack","status":"publish","type":"product","link":"https:\/\/silikotek.sapartners.site\/index.php\/tuote\/milwaukee-m18-cblpp4b-502b-powerpack\/","title":{"rendered":"Milwaukee M18 CBLPP4B-502B PowerPack"},"content":{"rendered":"<table class=\"table product__detail-table js-responsive-table\">\n<tbody>\n<tr>\n<th class=\"product__detail-table--no-border table-area-heading\">Tekniset tiedot<\/th>\n<th class=\"product__detail-table--no-border product__detail-table--centered\">M18 CBLPP4B-502B<\/th>\n<\/tr>\n<tr>\n<th>Akkutyyppi<\/th>\n<td data-th=\"Akkutyyppi\">Li-ion<\/td>\n<\/tr>\n<tr>\n<th>Akun kapasiteetti (Ah)<\/th>\n<td data-th=\"Akun kapasiteetti (Ah)\">5.0<\/td>\n<\/tr>\n<tr>\n<th>Mukana tulevien akkujen m\u00e4\u00e4r\u00e4<\/th>\n<td data-th=\"Mukana tulevien akkujen m\u00e4\u00e4r\u00e4\">2<\/td>\n<\/tr>\n<tr>\n<th>Toimitetaan<\/th>\n<td data-th=\"Toimitetaan\">Ty\u00f6maalaukku<\/td>\n<\/tr>\n<tr>\n<th>Tuotenumero<\/th>\n<td data-th=\"Tuotenumero\">4933464814<\/td>\n<\/tr>\n<tr>\n<th>Ty\u00f6kalu 1<\/th>\n<td data-th=\"Ty\u00f6kalu 1\">M18 CBLDD &#8211; M18 porakone<\/td>\n<\/tr>\n<tr>\n<th>Ty\u00f6kalu 2<\/th>\n<td data-th=\"Ty\u00f6kalu 2\">HD18 AG-125 &#8211; M18 kulmahiomakone<\/td>\n<\/tr>\n<tr>\n<th>Ty\u00f6kalu 3<\/th>\n<td data-th=\"Ty\u00f6kalu 3\">M18 BIW12 &#8211; M18 iskev\u00e4 mutterinv\u00e4\u00e4nnin<\/td>\n<\/tr>\n<tr>\n<th>Ty\u00f6kalu 4<\/th>\n<td data-th=\"Ty\u00f6kalu 4\">M18 BSX &#8211; M18 Sawzall<\/td>\n<\/tr>\n<tr>\n<th>Voltit (V)<\/th>\n<td data-th=\"Voltit (V)\">18<\/td>\n<\/tr>\n<\/tbody>\n<\/table>\n<p>&nbsp;<\/p>\n","protected":false},"excerpt":{"rendered":"<p>Milwaukee M18 Power Pack sis\u00e4lt\u00e4\u00e4 seuraavat tuotteet:<\/p>\n<div id=\"p_lt_ctl01_pageplaceholder_p_lt_ctl01_MilwaukeeProductFeatures_pnlFeatues\" class=\"product__description js-description-mask is-active\">\n<div class=\"product__description-content js-product-content\">\n<ul>\n<li>M18 CBLDD &#8211; M18 porakone<\/li>\n<li>HD18 AG-125 &#8211; M18 kulmahiomakone<\/li>\n<li>M18 BIW12 &#8211; M18 iskev\u00e4 mutterinv\u00e4\u00e4nnin<\/li>\n<li>M18 BSX &#8211; M18 Sawzall<\/li>\n<\/ul>\n<\/div>\n<\/div>\n","protected":false},"featured_media":19987,"template":"","meta":{"_et_pb_use_builder":"","_et_pb_old_content":"","_et_gb_content_width":""},"pwb-brand":[1452],"product_brand":[],"product_cat":[810],"product_tag":[],"class_list":{"0":"post-19986","1":"product","2":"type-product","3":"status-publish","4":"has-post-thumbnail","6":"pwb-brand-milwaukee","7":"product_cat-powerpack","9":"first","10":"instock","11":"taxable","12":"shipping-taxable","13":"purchasable","14":"product-type-simple"},"brands":[{"id":1452,"name":"Milwaukee","slug":"milwaukee"}],"_links":{"self":[{"href":"https:\/\/silikotek.sapartners.site\/index.php\/wp-json\/wp\/v2\/product\/19986","targetHints":{"allow":["GET"]}}],"collection":[{"href":"https:\/\/silikotek.sapartners.site\/index.php\/wp-json\/wp\/v2\/product"}],"about":[{"href":"https:\/\/silikotek.sapartners.site\/index.php\/wp-json\/wp\/v2\/types\/product"}],"wp:featuredmedia":[{"embeddable":true,"href":"https:\/\/silikotek.sapartners.site\/index.php\/wp-json\/wp\/v2\/media\/19987"}],"wp:attachment":[{"href":"https:\/\/silikotek.sapartners.site\/index.php\/wp-json\/wp\/v2\/media?parent=19986"}],"wp:term":[{"taxonomy":"pwb-brand","embeddable":true,"href":"https:\/\/silikotek.sapartners.site\/index.php\/wp-json\/wp\/v2\/pwb-brand?post=19986"},{"taxonomy":"product_brand","embeddable":true,"href":"https:\/\/silikotek.sapartners.site\/index.php\/wp-json\/wp\/v2\/product_brand?post=19986"},{"taxonomy":"product_cat","embeddable":true,"href":"https:\/\/silikotek.sapartners.site\/index.php\/wp-json\/wp\/v2\/product_cat?post=19986"},{"taxonomy":"product_tag","embeddable":true,"href":"https:\/\/silikotek.sapartners.site\/index.php\/wp-json\/wp\/v2\/product_tag?post=19986"}],"curies":[{"name":"wp","href":"https:\/\/api.w.org\/{rel}","templated":true}]}}