{"id":16929,"date":"2018-08-29T13:44:39","date_gmt":"2018-08-29T10:44:39","guid":{"rendered":"http:\/\/jistad.fi\/wc\/?post_type=product&#038;p=16929"},"modified":"2024-09-30T09:53:11","modified_gmt":"2024-09-30T06:53:11","slug":"kstools-racingline-musta-punainen-tyokaluvaunu-7-vetolaatikolla-826-0007","status":"publish","type":"product","link":"https:\/\/silikotek.sapartners.site\/index.php\/tuote\/kstools-racingline-musta-punainen-tyokaluvaunu-7-vetolaatikolla-826-0007\/","title":{"rendered":"Kstools RACINGline MUSTA\/PUNAINEN ty\u00f6kaluvaunu 7 vetolaatikolla  826.0007"},"content":{"rendered":"<div class=\"product--description\">\n<ul>\n<li class=\"liste\">eritt\u00e4in vakaa ter\u00e4srakenne, ter\u00e4slevyn paksuus 0,9 mm \u2013 v\u00e4\u00e4nt\u00f6varma<\/li>\n<li class=\"liste\">eritt\u00e4in turvallinen<\/li>\n<li class=\"liste\">sivuseiniss\u00e4 rei\u00e4t ty\u00f6kalujen ripustamista varten<\/li>\n<li class=\"liste\">lukko est\u00e4\u00e4 aukeamisen vahingossa<\/li>\n<li class=\"liste\">kaikkien vetolaatikoiden lukitus sylinterilukolla<\/li>\n<li class=\"liste\">kuulalaakeroitu vetolaatikon liikuttaminen<\/li>\n<li class=\"liste\">polyuretaaninen kulma-reunasuoja<\/li>\n<li class=\"liste\">vetolaatikoissa 90% ulosveto<\/li>\n<li class=\"liste\">ABS-ty\u00f6taso, kotelot pienosille<\/li>\n<li class=\"liste\">sivussa oleva metallikahva<\/li>\n<li class=\"liste\">kaksi rengasta \u00e0 \u00d8 125 mm<\/li>\n<li class=\"liste\">kaksi rullapy\u00f6r\u00e4\u00e4 \u00e0 \u00d8 125 mm, jarrulla<\/li>\n<li class=\"liste\">kahva koko sivustan pituinen<\/li>\n<li class=\"liste\">s\u00e4hk\u00f6staattisesti jauhepinnoitettu<\/li>\n<\/ul>\n<table class=\"product--properties-table\">\n<tbody>\n<tr class=\"product--properties-item\">\n<td class=\"product--properties-label\">V\u00e4ri:<\/td>\n<td><span class=\"product--properties-value\">Mustanpunainen<\/span><\/td>\n<\/tr>\n<tr class=\"product--properties-item\">\n<td class=\"product--properties-label\">Pakkauksen sis\u00e4lt\u00f6:<\/td>\n<td><span class=\"product--properties-value\">1<\/span><\/td>\n<\/tr>\n<tr class=\"product--properties-item\">\n<td class=\"product--properties-label\">Kokonaiskantavuus kg:<\/td>\n<td><span class=\"product--properties-value\">350,0<\/span><\/td>\n<\/tr>\n<tr class=\"product--properties-item\">\n<td class=\"product--properties-label\">Paino g:<\/td>\n<td><span class=\"product--properties-value\">52400<\/span><\/td>\n<\/tr>\n<tr class=\"product--properties-item\">\n<td class=\"product--properties-label\">Py\u00f6r\u00e4n l\u00e4pimitta (mm):<\/td>\n<td><span class=\"product--properties-value\">125.0<\/span><\/td>\n<\/tr>\n<tr class=\"product--properties-item\">\n<td class=\"product--properties-label\">Korkeus H:<\/td>\n<td><span class=\"product--properties-value\">945.0<\/span><\/td>\n<\/tr>\n<tr class=\"product--properties-item\">\n<td class=\"product--properties-label\">Leveys B:<\/td>\n<td><span class=\"product--properties-value\">678.0<\/span><\/td>\n<\/tr>\n<tr class=\"product--properties-item\">\n<td class=\"product--properties-label\">Kuormitettavuus lokeroa kohti:<\/td>\n<td><span class=\"product--properties-value\">30,0<\/span><\/td>\n<\/tr>\n<tr class=\"product--properties-item\">\n<td class=\"product--properties-label\">Mitta yhteens\u00e4:<\/td>\n<td><span class=\"product--properties-value\">L 678 x K 945 x S 459 mm<\/span><\/td>\n<\/tr>\n<tr class=\"product--properties-item\">\n<td class=\"product--properties-label\">Materiaali1:<\/td>\n<td><span class=\"product--properties-value\">Ter\u00e4slevy<\/span><\/td>\n<\/tr>\n<tr class=\"product--properties-item\">\n<td class=\"product--properties-label\">Vetolaatikon sis\u00e4mitta:<\/td>\n<td><span class=\"product--properties-value\">565 x 395 mm<\/span><\/td>\n<\/tr>\n<tr class=\"product--properties-item\">\n<td class=\"product--properties-label\">Vetolaatikoiden m\u00e4\u00e4r\u00e4 yhteens\u00e4:<\/td>\n<td><span class=\"product--properties-value\">7<\/span><\/td>\n<\/tr>\n<tr class=\"product--properties-item\">\n<td class=\"product--properties-label\">Vetolaatikoiden m\u00e4\u00e4r\u00e4, 75mm:<\/td>\n<td><span class=\"product--properties-value\">5<\/span><\/td>\n<\/tr>\n<tr class=\"product--properties-item\">\n<td class=\"product--properties-label\">Vetolaatikoiden m\u00e4\u00e4r\u00e4, 150mm:<\/td>\n<td><span class=\"product--properties-value\">2<\/span><\/td>\n<\/tr>\n<tr class=\"product--properties-item\">\n<td class=\"product--properties-label\">Rengastustyyppi:<\/td>\n<td><span class=\"product--properties-value\">Muovi<\/span><\/td>\n<\/tr>\n<tr class=\"product--properties-item\">\n<td class=\"product--properties-label\">Rullapy\u00f6rien m\u00e4\u00e4r\u00e4:<\/td>\n<td><span class=\"product--properties-value\">2<\/span><\/td>\n<\/tr>\n<tr class=\"product--properties-item\">\n<td class=\"product--properties-label\">Py\u00f6r\u00e4n pys\u00e4ytin:<\/td>\n<td><span class=\"product--properties-value\">Kyll\u00e4<\/span><\/td>\n<\/tr>\n<tr class=\"product--properties-item\">\n<td class=\"product--properties-label\">Toimintoattribuutti 1:<\/td>\n<td><span class=\"product--properties-value\">Suljettava<\/span><\/td>\n<\/tr>\n<\/tbody>\n<\/table>\n<\/div>\n<p>Rahtituote<\/p>\n","protected":false},"excerpt":{"rendered":"<p>eritt\u00e4in vakaa ter\u00e4srakenne, ter\u00e4slevyn paksuus 0,9 mm \u2013 v\u00e4\u00e4nt\u00f6varma eritt\u00e4in turvallinen sivuseiniss\u00e4 rei\u00e4t ty\u00f6kalujen ripustamista varten lukko est\u00e4\u00e4 aukeamisen vahingossa kaikkien vetolaatikoiden lukitus sylinterilukolla kuulalaakeroitu vetolaatikon liikuttaminen polyuretaaninen kulma-reunasuoja vetolaatikoissa 90% ulosveto ABS-ty\u00f6taso, kotelot pienosille sivussa oleva metallikahva kaksi rengasta \u00e0 \u00d8 125 mm kaksi rullapy\u00f6r\u00e4\u00e4 \u00e0 \u00d8 125 mm, jarrulla kahva koko sivustan pituinen [&hellip;]<\/p>\n","protected":false},"featured_media":18064,"template":"","meta":{"_et_pb_use_builder":"","_et_pb_old_content":"","_et_gb_content_width":""},"pwb-brand":[1454],"product_brand":[],"product_cat":[313],"product_tag":[1465],"class_list":{"0":"post-16929","1":"product","2":"type-product","3":"status-publish","4":"has-post-thumbnail","6":"pwb-brand-kstools","7":"product_cat-tyokaluvaunut","8":"product_tag-tyokaluvaunu","9":"product_shipping_class-rahtitoimitus","11":"first","12":"instock","13":"taxable","14":"shipping-taxable","15":"purchasable","16":"product-type-simple"},"brands":[{"id":1454,"name":"Kstools","slug":"kstools"}],"_links":{"self":[{"href":"https:\/\/silikotek.sapartners.site\/index.php\/wp-json\/wp\/v2\/product\/16929","targetHints":{"allow":["GET"]}}],"collection":[{"href":"https:\/\/silikotek.sapartners.site\/index.php\/wp-json\/wp\/v2\/product"}],"about":[{"href":"https:\/\/silikotek.sapartners.site\/index.php\/wp-json\/wp\/v2\/types\/product"}],"wp:featuredmedia":[{"embeddable":true,"href":"https:\/\/silikotek.sapartners.site\/index.php\/wp-json\/wp\/v2\/media\/18064"}],"wp:attachment":[{"href":"https:\/\/silikotek.sapartners.site\/index.php\/wp-json\/wp\/v2\/media?parent=16929"}],"wp:term":[{"taxonomy":"pwb-brand","embeddable":true,"href":"https:\/\/silikotek.sapartners.site\/index.php\/wp-json\/wp\/v2\/pwb-brand?post=16929"},{"taxonomy":"product_brand","embeddable":true,"href":"https:\/\/silikotek.sapartners.site\/index.php\/wp-json\/wp\/v2\/product_brand?post=16929"},{"taxonomy":"product_cat","embeddable":true,"href":"https:\/\/silikotek.sapartners.site\/index.php\/wp-json\/wp\/v2\/product_cat?post=16929"},{"taxonomy":"product_tag","embeddable":true,"href":"https:\/\/silikotek.sapartners.site\/index.php\/wp-json\/wp\/v2\/product_tag?post=16929"}],"curies":[{"name":"wp","href":"https:\/\/api.w.org\/{rel}","templated":true}]}}