{"id":15330,"date":"2017-09-06T10:53:34","date_gmt":"2017-09-06T10:53:34","guid":{"rendered":"http:\/\/192.168.100.222\/target_carts\/wordpress\/wordpress495\/wordpress\/?product=porasarja-1-13-mm-ristiinhiotut-porat-26-os"},"modified":"2025-08-28T02:42:24","modified_gmt":"2025-08-27T23:42:24","slug":"porasarja-1-13-mm-ristiinhiotut-porat-26-os","status":"publish","type":"product","link":"https:\/\/silikotek.sapartners.site\/index.php\/tuote\/porasarja-1-13-mm-ristiinhiotut-porat-26-os\/","title":{"rendered":"Porasarja 1-13 mm ristiinhiotut porat. 26-os"},"content":{"rendered":"<p>Sis\u00e4lt\u00e4\u00e4 porat:<\/p>\n<p>1 &#8211; 1.5 &#8211; 2 &#8211; 2.5 &#8211; 3 &#8211; 3.5 &#8211; 4 &#8211; 4.5 &#8211; 5 &#8211; 5.5 &#8211; 6 &#8211; 6.5 &#8211; 7 &#8211; 7.5 &#8211; 8 &#8211; 8.5 &#8211; 9 &#8211; 9.5 &#8211; 10 &#8211; 10.5 &#8211; 11 &#8211; 11.5 &#8211; 12 &#8211; 12.5 &#8211; 13 mm<\/p>\n","protected":false},"excerpt":{"rendered":"<p>Porasarja 1-13 mm ristiinhiotut porat 0,5 v\u00e4lein rasiassa ammattik\u00e4ytt\u00f6\u00f6n.<\/p>\n","protected":false},"featured_media":15329,"template":"","meta":{"_et_pb_use_builder":"","_et_pb_old_content":"","_et_gb_content_width":""},"pwb-brand":[],"product_brand":[],"product_cat":[421],"product_tag":[],"class_list":{"0":"post-15330","1":"product","2":"type-product","3":"status-publish","4":"has-post-thumbnail","6":"product_cat-lierioporat-hss-din-338","8":"first","9":"instock","10":"taxable","11":"shipping-taxable","12":"purchasable","13":"product-type-simple"},"brands":[],"_links":{"self":[{"href":"https:\/\/silikotek.sapartners.site\/index.php\/wp-json\/wp\/v2\/product\/15330","targetHints":{"allow":["GET"]}}],"collection":[{"href":"https:\/\/silikotek.sapartners.site\/index.php\/wp-json\/wp\/v2\/product"}],"about":[{"href":"https:\/\/silikotek.sapartners.site\/index.php\/wp-json\/wp\/v2\/types\/product"}],"wp:featuredmedia":[{"embeddable":true,"href":"https:\/\/silikotek.sapartners.site\/index.php\/wp-json\/wp\/v2\/media\/15329"}],"wp:attachment":[{"href":"https:\/\/silikotek.sapartners.site\/index.php\/wp-json\/wp\/v2\/media?parent=15330"}],"wp:term":[{"taxonomy":"pwb-brand","embeddable":true,"href":"https:\/\/silikotek.sapartners.site\/index.php\/wp-json\/wp\/v2\/pwb-brand?post=15330"},{"taxonomy":"product_brand","embeddable":true,"href":"https:\/\/silikotek.sapartners.site\/index.php\/wp-json\/wp\/v2\/product_brand?post=15330"},{"taxonomy":"product_cat","embeddable":true,"href":"https:\/\/silikotek.sapartners.site\/index.php\/wp-json\/wp\/v2\/product_cat?post=15330"},{"taxonomy":"product_tag","embeddable":true,"href":"https:\/\/silikotek.sapartners.site\/index.php\/wp-json\/wp\/v2\/product_tag?post=15330"}],"curies":[{"name":"wp","href":"https:\/\/api.w.org\/{rel}","templated":true}]}}