{"id":15085,"date":"2017-02-13T15:13:45","date_gmt":"2017-02-13T15:13:45","guid":{"rendered":"http:\/\/192.168.100.222\/target_carts\/wordpress\/wordpress495\/wordpress\/?product=facom-hylsysarja-1-2-sl-dbox1"},"modified":"2021-09-03T16:03:35","modified_gmt":"2021-09-03T13:03:35","slug":"facom-hylsysarja-1-2-sl-dbox1","status":"publish","type":"product","link":"https:\/\/silikotek.sapartners.site\/index.php\/tuote\/facom-hylsysarja-1-2-sl-dbox1\/","title":{"rendered":"Facom hylsysarja 1\/2&#8243; SL.DBOX1"},"content":{"rendered":"<p>SL.DOX1 sis\u00e4lt\u00e4\u00e4:<\/p>\n<ul id=\"galerie\">\n<li class=\"act\">\n<div><img decoding=\"async\" src=\"http:\/\/catalogue.facom.com\/thumb\/produits\/52x52\/SL.DBOX1_PH13.png\" alt=\"\" data-medium=\"\/thumb\/produits\/298x200\/SL.DBOX1_PH13.png\" data-large=\"\/thumb\/produits\/567x567\/SL.DBOX1_PH13.png\" \/><\/div>\n<\/li>\n<\/ul>\n<div class=\"droite\">\n<h3>\u00a0R\u00e4ikk\u00e4(s) 1\/2&#8243;:<br \/>\n&#8211; 1\/2&#8243; High Performance r\u00e4ikk\u00e4 &#8211; SL.161<\/h3>\n<p>1\/2&#8243; hylsyt(s):<br \/>\n&#8211; S.H &#8211; 1\/2&#8243; 6-kulmainen hylsy &#8211; 08 mm<br \/>\n&#8211; S.H &#8211; 1\/2&#8243; 6-kulmainen hylsy &#8211; 10 mm<br \/>\n&#8211; S.H &#8211; 1\/2&#8243; 6-kulmainen hylsy &#8211; 11 mm<br \/>\n&#8211; S.H &#8211; 1\/2&#8243; 6-kulmainen hylsy &#8211; 12 mm<br \/>\n&#8211; S.H &#8211; 1\/2&#8243; 6-kulmainen hylsy &#8211; 13 mm<br \/>\n&#8211; S.H &#8211; 1\/2&#8243; 6-kulmainen hylsy &#8211; 14 mm<br \/>\n&#8211; S.H &#8211; 1\/2&#8243; 6-kulmainen hylsy &#8211; 15 mm<br \/>\n&#8211; S.H &#8211; 1\/2&#8243; 6-kulmainen hylsy &#8211; 16 mm<br \/>\n&#8211; S.H &#8211; 1\/2&#8243; 6-kulmainen hylsy &#8211; 17 mm<br \/>\n&#8211; S.H &#8211; 1\/2&#8243; 6-kulmainen hylsy &#8211; 18 mm<br \/>\n&#8211; S.H &#8211; 1\/2&#8243; 6-kulmainen hylsy &#8211; 19 mm<br \/>\n&#8211; S.H &#8211; 1\/2&#8243; 6-kulmainen hylsy &#8211; 22 mm<br \/>\n&#8211; S.H &#8211; 1\/2&#8243; 6-kulmainen hylsy &#8211; 24 mm<br \/>\n&#8211; S.H &#8211; 1\/2&#8243; 6-kulmainen hylsy &#8211; 27 mm<br \/>\n&#8211; S.H &#8211; 1\/2&#8243; 6-kulmainen hylsy &#8211; 27 mm<br \/>\n&#8211; S.H &#8211; 1\/2&#8243; 6-kulmainen hylsy &#8211; 30 mm<br \/>\n&#8211; S.H &#8211; 1\/2&#8243; 6-kulmainen hylsy &#8211; 32 mm<\/p>\n<p>1\/2&#8243; tarvikkeet:<br \/>\n&#8211; 1\/2&#8243; Nivel &#8211; S.240A<br \/>\n&#8211; S &#8211; 1\/2&#8243; jatko- L 130 mm<br \/>\n&#8211; S &#8211; 1\/2&#8243; jatko- L 250 mm<\/p>\n<p><iframe loading=\"lazy\" title=\"SL.DBOX | DETECTION BOX\" width=\"1080\" height=\"608\" src=\"https:\/\/www.youtube.com\/embed\/LuL1WipZnT4?feature=oembed\"  allow=\"accelerometer; autoplay; clipboard-write; encrypted-media; gyroscope; picture-in-picture\" allowfullscreen><\/iframe><\/p>\n<\/div>\n","protected":false},"excerpt":{"rendered":"<p>Facomin huippulaadukas hylsysarja 1\/2&#8243; SL.DBOX1.<\/p>\n<p>&nbsp;<\/p>\n","protected":false},"featured_media":15084,"template":"","meta":{"_et_pb_use_builder":"","_et_pb_old_content":"","_et_gb_content_width":""},"pwb-brand":[1455],"product_brand":[],"product_cat":[1614],"product_tag":[],"class_list":{"0":"post-15085","1":"product","2":"type-product","3":"status-publish","4":"has-post-thumbnail","6":"pwb-brand-facom","7":"product_cat-1-2-hylsysarjat","9":"first","10":"instock","11":"taxable","12":"shipping-taxable","13":"purchasable","14":"product-type-simple"},"brands":[{"id":1455,"name":"Facom","slug":"facom"}],"_links":{"self":[{"href":"https:\/\/silikotek.sapartners.site\/index.php\/wp-json\/wp\/v2\/product\/15085","targetHints":{"allow":["GET"]}}],"collection":[{"href":"https:\/\/silikotek.sapartners.site\/index.php\/wp-json\/wp\/v2\/product"}],"about":[{"href":"https:\/\/silikotek.sapartners.site\/index.php\/wp-json\/wp\/v2\/types\/product"}],"wp:featuredmedia":[{"embeddable":true,"href":"https:\/\/silikotek.sapartners.site\/index.php\/wp-json\/wp\/v2\/media\/15084"}],"wp:attachment":[{"href":"https:\/\/silikotek.sapartners.site\/index.php\/wp-json\/wp\/v2\/media?parent=15085"}],"wp:term":[{"taxonomy":"pwb-brand","embeddable":true,"href":"https:\/\/silikotek.sapartners.site\/index.php\/wp-json\/wp\/v2\/pwb-brand?post=15085"},{"taxonomy":"product_brand","embeddable":true,"href":"https:\/\/silikotek.sapartners.site\/index.php\/wp-json\/wp\/v2\/product_brand?post=15085"},{"taxonomy":"product_cat","embeddable":true,"href":"https:\/\/silikotek.sapartners.site\/index.php\/wp-json\/wp\/v2\/product_cat?post=15085"},{"taxonomy":"product_tag","embeddable":true,"href":"https:\/\/silikotek.sapartners.site\/index.php\/wp-json\/wp\/v2\/product_tag?post=15085"}],"curies":[{"name":"wp","href":"https:\/\/api.w.org\/{rel}","templated":true}]}}