{"id":14872,"date":"2016-11-28T16:03:56","date_gmt":"2016-11-28T16:03:56","guid":{"rendered":"http:\/\/192.168.100.222\/target_carts\/wordpress\/wordpress495\/wordpress\/?product=bosch-syotto-ja-ruiskupumpun-hylsysarja-152-1380"},"modified":"2022-05-02T11:45:50","modified_gmt":"2022-05-02T08:45:50","slug":"bosch-syotto-ja-ruiskupumpun-hylsysarja-152-1380","status":"publish","type":"product","link":"https:\/\/silikotek.sapartners.site\/index.php\/tuote\/bosch-syotto-ja-ruiskupumpun-hylsysarja-152-1380\/","title":{"rendered":"Kstools Bosch sy\u00f6tt\u00f6- ja ruiskupumpun hylsysarja 152.1380"},"content":{"rendered":"","protected":false},"excerpt":{"rendered":"<div class=\"product--description\">\n<ul>\n<li class=\"liste\">sopii hyvin Boschin suurpainepumppuihin (VP37) ja jakajapumppuihin<\/li>\n<li class=\"liste\">kannen ruuvien irrottamiseen<\/li>\n<li class=\"liste\">v\u00e4ltt\u00e4m\u00e4t\u00f6n moottoria purettaessa ja tiivistett\u00e4ess\u00e4<\/li>\n<li class=\"liste\">erikoisty\u00f6kaluter\u00e4st\u00e4<\/li>\n<\/ul>\n<div class=\"zeile1\"><b>K\u00e4ytt\u00f6kohteet:<\/b> Bosch VP37, Bosch VE-pumput<\/div>\n<\/div>\n","protected":false},"featured_media":22045,"template":"","meta":{"_et_pb_use_builder":"","_et_pb_old_content":"","_et_gb_content_width":""},"pwb-brand":[1454],"product_brand":[],"product_cat":[858,750],"product_tag":[],"class_list":{"0":"post-14872","1":"product","2":"type-product","3":"status-publish","4":"has-post-thumbnail","6":"pwb-brand-kstools","7":"product_cat-polttoainejarjestelman-testerit","8":"product_cat-oljyn-ja-nesteiden-huolto-tyokalut","10":"first","11":"instock","12":"taxable","13":"shipping-taxable","14":"purchasable","15":"product-type-simple"},"brands":[{"id":1454,"name":"Kstools","slug":"kstools"}],"_links":{"self":[{"href":"https:\/\/silikotek.sapartners.site\/index.php\/wp-json\/wp\/v2\/product\/14872","targetHints":{"allow":["GET"]}}],"collection":[{"href":"https:\/\/silikotek.sapartners.site\/index.php\/wp-json\/wp\/v2\/product"}],"about":[{"href":"https:\/\/silikotek.sapartners.site\/index.php\/wp-json\/wp\/v2\/types\/product"}],"wp:featuredmedia":[{"embeddable":true,"href":"https:\/\/silikotek.sapartners.site\/index.php\/wp-json\/wp\/v2\/media\/22045"}],"wp:attachment":[{"href":"https:\/\/silikotek.sapartners.site\/index.php\/wp-json\/wp\/v2\/media?parent=14872"}],"wp:term":[{"taxonomy":"pwb-brand","embeddable":true,"href":"https:\/\/silikotek.sapartners.site\/index.php\/wp-json\/wp\/v2\/pwb-brand?post=14872"},{"taxonomy":"product_brand","embeddable":true,"href":"https:\/\/silikotek.sapartners.site\/index.php\/wp-json\/wp\/v2\/product_brand?post=14872"},{"taxonomy":"product_cat","embeddable":true,"href":"https:\/\/silikotek.sapartners.site\/index.php\/wp-json\/wp\/v2\/product_cat?post=14872"},{"taxonomy":"product_tag","embeddable":true,"href":"https:\/\/silikotek.sapartners.site\/index.php\/wp-json\/wp\/v2\/product_tag?post=14872"}],"curies":[{"name":"wp","href":"https:\/\/api.w.org\/{rel}","templated":true}]}}