{"id":14760,"date":"2016-08-24T10:46:43","date_gmt":"2016-08-24T10:46:43","guid":{"rendered":"http:\/\/192.168.100.222\/target_carts\/wordpress\/wordpress495\/wordpress\/?product=hydraulinen-jalkapumppu-facom-wv-m401"},"modified":"2022-01-07T16:15:38","modified_gmt":"2022-01-07T14:15:38","slug":"hydraulinen-jalkapumppu-facom-wv-m401","status":"publish","type":"product","link":"https:\/\/silikotek.sapartners.site\/index.php\/tuote\/hydraulinen-jalkapumppu-facom-wv-m401\/","title":{"rendered":"Hydraulinen jalkapumppu Facom WV.M401"},"content":{"rendered":"<p>Hydraulinen jalkapumppu Facom WV.M401.Sis\u00e4lt\u00e4\u00e4 1,2 m letku ja pikaliitin WA 1165A.<\/p>\n","protected":false},"excerpt":{"rendered":"<p>Hydraulinen jalkapumppu Facom WV.M401.<br \/>\n400 bar hydraulinen pumppu, jota ohjataan mekaanisesti polkimen avulla. (paine ja tyhjennys)<br \/>\nPoljinohjauksen ansiosta j\u00e4\u00e4 k\u00e4det vapaaksi pit\u00e4m\u00e4\u00e4n ty\u00f6nt\u00f6sylinteri\u00e4 paikallaan. Sopii erilaisille 4T sylintereille, ulosvetimille jne.<br \/>\nS\u00e4ili\u00f6n tilavuus 300 cm2.<\/p>\n","protected":false},"featured_media":14759,"template":"","meta":{"_et_pb_use_builder":"","_et_pb_old_content":"","_et_gb_content_width":""},"pwb-brand":[1455],"product_brand":[],"product_cat":[773],"product_tag":[],"class_list":{"0":"post-14760","1":"product","2":"type-product","3":"status-publish","4":"has-post-thumbnail","6":"pwb-brand-facom","7":"product_cat-hydrauliset-puristimet","9":"first","10":"instock","11":"taxable","12":"shipping-taxable","13":"purchasable","14":"product-type-simple"},"brands":[{"id":1455,"name":"Facom","slug":"facom"}],"_links":{"self":[{"href":"https:\/\/silikotek.sapartners.site\/index.php\/wp-json\/wp\/v2\/product\/14760","targetHints":{"allow":["GET"]}}],"collection":[{"href":"https:\/\/silikotek.sapartners.site\/index.php\/wp-json\/wp\/v2\/product"}],"about":[{"href":"https:\/\/silikotek.sapartners.site\/index.php\/wp-json\/wp\/v2\/types\/product"}],"wp:featuredmedia":[{"embeddable":true,"href":"https:\/\/silikotek.sapartners.site\/index.php\/wp-json\/wp\/v2\/media\/14759"}],"wp:attachment":[{"href":"https:\/\/silikotek.sapartners.site\/index.php\/wp-json\/wp\/v2\/media?parent=14760"}],"wp:term":[{"taxonomy":"pwb-brand","embeddable":true,"href":"https:\/\/silikotek.sapartners.site\/index.php\/wp-json\/wp\/v2\/pwb-brand?post=14760"},{"taxonomy":"product_brand","embeddable":true,"href":"https:\/\/silikotek.sapartners.site\/index.php\/wp-json\/wp\/v2\/product_brand?post=14760"},{"taxonomy":"product_cat","embeddable":true,"href":"https:\/\/silikotek.sapartners.site\/index.php\/wp-json\/wp\/v2\/product_cat?post=14760"},{"taxonomy":"product_tag","embeddable":true,"href":"https:\/\/silikotek.sapartners.site\/index.php\/wp-json\/wp\/v2\/product_tag?post=14760"}],"curies":[{"name":"wp","href":"https:\/\/api.w.org\/{rel}","templated":true}]}}